--
-- Host: localhost    Database: krasevka_trgovina
-- ------------------------------------------------------


--
-- Table structure for table `address_book`
--

CREATE TABLE `address_book` (
  `address_book_id` int(11) NOT NULL AUTO_INCREMENT,
  `customers_id` int(11) NOT NULL,
  `entry_gender` char(1) NOT NULL,
  `entry_company` varchar(32) DEFAULT NULL,
  `entry_firstname` varchar(32) NOT NULL,
  `entry_lastname` varchar(32) NOT NULL,
  `entry_street_address` varchar(64) NOT NULL,
  `entry_suburb` varchar(32) DEFAULT NULL,
  `entry_postcode` varchar(10) NOT NULL,
  `entry_city` varchar(32) NOT NULL,
  `entry_state` varchar(32) DEFAULT NULL,
  `entry_country_id` int(11) NOT NULL DEFAULT '0',
  `entry_zone_id` int(11) NOT NULL DEFAULT '0',
  PRIMARY KEY (`address_book_id`),
  KEY `idx_address_book_customers_id` (`customers_id`)
) ENGINE=MyISAM AUTO_INCREMENT=557 DEFAULT CHARSET=utf8;

--
-- Dumping data for table `address_book`
--

INSERT INTO `address_book` VALUES (1,1,'m','','Izidor','Sosič','Rojčeva ulica 16',NULL,'1000','Ljubljana',NULL,190,0),(2,2,'m','Agila','Janez','Hrovat','Plešičeva 17',NULL,'1000','Ljubljana',NULL,190,0),(3,3,'f','','Martina','Gobec','Lackova 9',NULL,'2000','Maribor',NULL,190,0),(4,4,'m','','Marko','Kovačič','Stara Fužina 186',NULL,'4265','Bohinjsko jezero',NULL,190,0),(5,5,'m','','Andrej','Sosič','Jakčeva 2',NULL,'1000','Ljubljana',NULL,190,0),(6,6,'m','','Smiljan','Sosič','Rojčeva 16',NULL,'1000','Ljubljana',NULL,190,0),(7,7,'f','','taja','gyergyek','jarnikova 3',NULL,'1000','ljubljana',NULL,190,0),(8,8,'m','','Viktor','Črnigoj','Studeno 7',NULL,'6230','Postojna',NULL,190,0),(9,9,'f','','SELMA','BIZJAK','GORIŠKA CESTA 25/A',NULL,'5270','AJDOVŠČINA',NULL,190,0),(10,10,'m','','SAMO','ČERVEK','VELJKA VLAHOVČA 37',NULL,'2000','MARIBOR',NULL,190,0),(11,11,'f','JEZIKOVNA POMOČ','IRENA','ŠINKOVEC','ŽUPANČIČEVA 8',NULL,'5270','AJDOVŠČINA',NULL,190,0),(12,12,'f','','IVICA','MERHAR','MATENA 44',NULL,'1292','IG PRI LJUBLJANI',NULL,190,0),(13,13,'f','','Biserka','Smolič','Sajenice 11',NULL,'8233','Mirna',NULL,190,0),(14,14,'f','','NINA','BRATOŽ','PŠEVSKA 24',NULL,'4000','KRANJ',NULL,190,0),(15,15,'m','','Janez','Luštrek','Kranjska pot 4',NULL,'1218','Komenda',NULL,190,0),(16,16,'f','','marina','bramc','rateče 49',NULL,'4283','rateče-planica',NULL,190,0),(17,17,'f','','janja','jug','na griču 2',NULL,'3202','ljubečna',NULL,190,0),(18,18,'m','PARKETARSTVO FLORJANČIČ MIRKO s.','MIRKO','FLORJANČIČ','GORIČE 33B',NULL,'4204','GOLNIK',NULL,190,0),(19,19,'f','','Zdenka','Golob','Gubčeva ulica 6',NULL,'2380','Slovenj Gradec',NULL,190,0),(20,20,'f','','marjana','kravogel','Dom in vrt 45',NULL,'1420','trbovlje',NULL,190,0),(21,21,'f','','Alenka','Kosi','Heroja Tomšiča 9',NULL,'2000','Maribor',NULL,190,0),(22,22,'f','','Klavdija','Bodlaj','Smlednik 4c',NULL,'1216','Smlednik',NULL,190,0),(23,23,'f','','Klavdija','Began','Pohorska ulica 30',NULL,'2115','Maribor',NULL,190,0),(24,24,'m','','bojan','preiner','ul.zlatke karer 8',NULL,'2204','miklavž',NULL,190,0),(25,25,'f','','Marjetka','Kožuh','Padlih borcev 16',NULL,'5290','Šempeter',NULL,190,0),(26,26,'f','','Nina','Mauhler','Prežihova 9',NULL,'2392','Mežica',NULL,190,0),(27,27,'f','','FRANJA','GARTNAR','SELCA 26',NULL,'4227','SELCA',NULL,190,0),(28,28,'m','','Miran','Brumec','Zduša 21',NULL,'1241','Kamnik',NULL,190,0),(29,29,'m','','toni','šepec','ul.bračičeve brigade 2',NULL,'1386','stari trg pri ložu',NULL,190,0),(32,32,'m','','Alen','Tokmadžić','Vransko 122b',NULL,'3305','Vransko',NULL,190,0),(31,31,'m','','Uroš','Kovač','Cesta zmage 22',NULL,'1410','Zagorje',NULL,190,0),(33,33,'m','','Miran','Mezgec','Za lekarno 16',NULL,'2212','Šentilj v Slov. goricah',NULL,190,0),(34,34,'f','','Karmen','Fon','Zg. Radovna 8',NULL,'4281','Mojstrana',NULL,190,0),(35,35,'m','','Aleš','Kramolc','Šentanel 21',NULL,'2391','prevalje',NULL,190,0),(36,36,'m','','mladen','knez','strunjan',NULL,'6320','portorž',NULL,190,0),(37,37,'m','','Andrej','Kasaš','Dolina, Glavna ulica 17',NULL,'9220','Lendava',NULL,190,0),(38,38,'f','','Meri','Janša','Koritno 22',NULL,'4260','Bled',NULL,190,0),(39,39,'f','','VERONIKA','PALČIČ','STARETOV TRG 24',NULL,'1275','ŠMARTNO',NULL,190,0),(40,40,'f','','Ljubinka','Jerič','Lokovica 13',NULL,'3325','Šoštanj',NULL,190,0),(41,41,'m','Kompas-Brnik','slavko','Šajn','Kompas Brnik',NULL,'64210','Brnik -Aerodrom',NULL,190,0),(42,42,'m','','Aljoša','Železnik','Vreskovo 58',NULL,'1420','Trbovlje',NULL,190,0),(43,43,'f','','Dragica','Cibic','Kuzmičeva 5',NULL,'1000','Ljubljana',NULL,190,0),(44,44,'m','','jože','goljat','vrhe 13',NULL,'2380','slovenj gradec',NULL,190,0),(45,45,'f','','Špela','Smodiš','Primšarjeva ul. 17',NULL,'1380','Cerknica',NULL,190,0),(46,46,'m','','Benjamin','Črešnik','Meža 118',NULL,'2370','Dravograd',NULL,190,0),(47,47,'m','//','sašo','bedič','mačkovci',NULL,'9202','otovci',NULL,190,0),(48,48,'f','','TJAŠA','GRUDEN','Trg Brolo 12',NULL,'6000','Koper',NULL,190,0),(49,49,'f','','Andreja','Kanovnik','Celjska cesta 116',NULL,'2380','Slovenj Gradec',NULL,190,0),(50,50,'f','','Darja','Ris','Ul.5.prekomorske 16',NULL,'2250','Ptuj',NULL,190,0),(51,51,'f','','Mateja','Košir','Zlato polje 2d',NULL,'4000','Kranj',NULL,190,0),(52,52,'f','','JANJA','ČOPIČ','PREDMEJA 148A',NULL,'5270','AJDOVŠČINA',NULL,190,0),(53,53,'f','','Nina','Ošlak','Na zelenici 8',NULL,'3000','Celje',NULL,190,0),(54,54,'m','','primož','perovec','podgrad 15b',NULL,'3230','šentjur',NULL,190,0),(55,55,'f','','Nina','Renar','Spodnje Škofije 125a',NULL,'6281','Škofije',NULL,190,0),(56,56,'m','','Pavel','Leskovec','Mostaniška 2',NULL,'5282','Cerkno',NULL,190,0),(57,57,'f','','NATAŠA','PROSEN','PREŽIHOVA 10',NULL,'2392','MEŽICA',NULL,190,0),(58,58,'f','','BRIGITA','BAŠIĆ','ŠOLSKA ULICA 40',NULL,'3311','ŠEMPETER',NULL,190,0),(59,59,'m','','marjan','kokalj','krožna c.8',NULL,'6000','koper',NULL,190,0),(60,60,'f','','Brigita','Markovič','Toma Brejca 5a',NULL,'1240','Kamnik',NULL,190,0),(61,61,'f','','Vanda','rupnik','Kajuhova 12A',NULL,'5280','Idrija',NULL,190,0),(62,62,'f','','Dominika','Knežar','Pameče 205b',NULL,'2373','Šentjanž',NULL,190,0),(63,63,'f','','Alja','Žorž','Krakovska ul. 8',NULL,'1000','Ljubljana',NULL,190,0),(64,64,'f','','jasna','grčar','trnoveljska c.80',NULL,'3000','celje',NULL,190,0),(65,65,'f','','Mojca','Jelen','Zg.Bitnje 50',NULL,'4209','Žabnica',NULL,190,0),(66,66,'f','','sandra','mole','cesta dolomitskega odreda 37',NULL,'1358','log pri brezovici',NULL,190,0),(67,67,'f','','ANITA','LAMPIČ','NJIVERCE VAS 15',NULL,'2325','KIDRIČEVO',NULL,190,0),(68,68,'f','','Vesna','Pivk','Scopolijeva ulica 24',NULL,'1000','Ljubljana',NULL,190,0),(69,69,'f','','neza','kozak','rozna',NULL,'1000','ljubljana',NULL,190,0),(70,70,'f','','dominika','fras','paričjak 19',NULL,'9252','radenci',NULL,190,0),(71,71,'m','','Janez','Ciperle','Šutna 116',NULL,'4209','Žabnica',NULL,190,0),(72,72,'m','','Drago','Križaj','Viška cesta 9',NULL,'1000','Ljubljana',NULL,190,0),(73,73,'m','','Jože','Mekis','Cesta talcev 43',NULL,'4220','škofja loka',NULL,190,0),(74,74,'f','','Barbara','Kač','Pod smrekami 11',NULL,'3311','Šempeter v Sav. d.',NULL,190,0),(75,75,'f','','Lidija','Žuran','Levčeva ul. 13 b',NULL,'1234','Mengeš',NULL,190,0),(76,76,'f','','HOZJAN DE GREGORI','BERNARDA','19 rue jorel',NULL,'27190','la bonneville sur iton',NULL,73,0),(77,77,'m','','Marko','Aškerc','Kotnikova ulica 18',NULL,'1000','Ljubljana',NULL,190,0),(78,78,'m','','sebastijan','šega','poh.bataljona 12',NULL,'2314','zg.polskava',NULL,190,0),(79,79,'f','','Karidija','Protman','Dupleška cesta 234',NULL,'2000','Maribor',NULL,190,0),(80,80,'f','','manca','jakše','slavka gruma 110',NULL,'8000','nov mesto',NULL,190,0),(81,81,'f','','TATJANA','LOBOREC','ZBILJSKA CESTA 29',NULL,'1215','MEDVODE',NULL,190,0),(82,82,'f','TRATNJEK D.O.O.','BOJANA','TRATNJEK','PREŽIHOVA ULICA 4',NULL,'9000','MURSKA SOBOTA',NULL,190,0),(83,83,'f','','Alenka','Furlan','kajuhova 11',NULL,'3000','Celje',NULL,190,0),(84,84,'m','','Miloš','Medančič','Pivola 19',NULL,'2311','Hoče',NULL,190,0),(85,85,'m','','Marjan','Brezočnik','Gornji trg 22',NULL,'2344','Lovrenc na Pohorju',NULL,190,0),(86,86,'m','','Ernest','Gungl','Sp. Gasteraj 55',NULL,'2223','Jurovski Dol',NULL,190,0),(87,87,'f','','Valerija','Lešnik','Ljubljanska 88 C',NULL,'2000','Maribor',NULL,190,0),(88,88,'f','fizična oseba','Zdenka','Ferlež','Cigaletova ul.4',NULL,'3000','CELJE',NULL,194,0),(89,89,'f','','Vesnaa','kadunc','Linhartova cesta 104',NULL,'1000','Ljubljana',NULL,190,0),(90,89,'f','','vesna','kadunc','Linhartova cesta 104',NULL,'1000','Ljubljana',NULL,190,0),(91,90,'f','','Mojca','Dvorak','Gorazdova 17',NULL,'1000','Ljubljana',NULL,190,0),(92,91,'f','','Katja','Geršak','Koroška cesta 13e',NULL,'3320','Velenje',NULL,190,0),(93,92,'f','','Mateja','šalamun','nova vas pri ptuju 96a',NULL,'2250','PTUJ',NULL,190,0),(94,93,'m','','Mirko','Brinšek','Hrib 87',NULL,'1318','loški potok',NULL,190,0),(95,94,'m','','rok','podlipec','jesihov',NULL,'stradon','ljubljana',NULL,190,0),(96,95,'f','','Jelkica','Franičević','Jelkica Franičević',NULL,'20236 Moko','Od izvora 59',NULL,53,0),(97,95,'f','','Jera','Jeruc','Grablovičeva 26',NULL,'1000','Ljubljana',NULL,190,0),(98,96,'m','','milan','humer','selo nad polhovim gradcem 28',NULL,'1355','polhov gradec',NULL,190,0),(99,97,'m','','Igor','Beršnak','Ob gozdu 27',NULL,'8290','Sevnica',NULL,190,0),(100,98,'m','','Dušan','Habjan','Kunaverjeva 12',NULL,'1000','Ljubljana',NULL,190,0),(101,99,'f','','MOJCA','FRANK DOBLEKAR','KUNAVERJEVA ULICA 9',NULL,'1117','LJUBLJANA',NULL,190,0),(102,100,'f','','VESNA','DJUKANOVIC','CESTA NA BOKALCE 17',NULL,'1000','LJUBLJANA',NULL,190,0),(103,101,'f','','Nataša','Češko','Petelinkarjeva 1',NULL,'1412','Kisovec',NULL,190,0),(104,102,'m','','miran','satler','zbiljska cesta 83a',NULL,'1215','medvode',NULL,190,0),(105,103,'m','Hotel Marko d.o.o., ID za DDV: S','Marko','Juriševič','Obala 28',NULL,'6322','Portorož',NULL,190,0),(106,103,'m','Hotel Marko d.o.o.','Marko','Juriševič','Obala 28',NULL,'6322','Portorož',NULL,190,0),(107,104,'m','','anton','kolar','zbelovo 50',NULL,'3215','Loče',NULL,190,0),(108,105,'f','','darja','jamnik','sp.senica 10/a',NULL,'1215','medvode',NULL,190,0),(109,106,'f','','MARTA','CERAR','PRESERJE, VII. UL. ŠT. 3',NULL,'1235','RADOMLJE',NULL,190,0),(110,107,'m','','Tadej','Puntar','Puhova 16',NULL,'1000','Ljubljana',NULL,190,0),(111,108,'f','','simona','volaj rakušček','Andričeva 1',NULL,'1000','LJUBLJANA',NULL,190,0),(112,109,'m','','marko','kadunc','kunaverjeva 2',NULL,'1000 ljubl','ljubljana',NULL,190,0),(113,110,'f','','PETRA','MERC','HRASTJE 35J',NULL,'2341','LIMBUŠ',NULL,190,0),(114,111,'f','','Janja','Vrečko','Jemčeva 16a',NULL,'1236','Trzin',NULL,190,0),(115,112,'m','','Ivan','Podpečan','Gotovlje 168 b',NULL,'3310','Žalec',NULL,190,0),(116,113,'f','','Sasha','Jarh','99 Dovercort Rd.',NULL,'M6J3C2','Toronto',NULL,38,0),(117,113,'f','','Erna','Predan','Vosnjakova 8',NULL,'1000','Ljubljana',NULL,190,0),(118,114,'f','','ROBERT','catherine','la clairière 27B rue de montribloud',NULL,'69009','LYON',NULL,73,0),(119,114,'f','','ROBERT','catherine','27B rue de montribloud',NULL,'69009','LYON',NULL,73,0),(120,115,'f','','Erika','Žlogar','Rožna dolina c.VIII/8',NULL,'1000','Ljubljana',NULL,190,0),(121,116,'m','','igor','sevšek','kersnikova 15',NULL,'3320','velenje',NULL,190,0),(122,117,'m','','Stanislav','Segalla','Trg Svobode 24',NULL,'5213','Kanal',NULL,190,0),(123,118,'f','','Alissa','Lents','601 S. Washington 27',NULL,'62901','Carbondale',NULL,223,0),(124,118,'f','Galerija Olja','Olivera','Sisirak','CBE 48',NULL,'8330','Metlika',NULL,190,0),(125,119,'m','','Nikola','Nemet','Dolgovaške Gorice 96',NULL,'9220','Lendava',NULL,190,0),(126,120,'f','','irena','keblič','polzela 119',NULL,'3313','polzela',NULL,190,0),(127,120,'f','','irena','keblič','polzela 119',NULL,'3313','polzela',NULL,190,0),(128,121,'m','','Jure','Brložnik','Koroška cesta 75',NULL,'2000','Maribor',NULL,190,0),(129,122,'m','EKORIST d.o.o.','Jože Andrej','ČIBEJ','Dom in vrt 44',NULL,'1420','Trbovlje',NULL,190,0),(130,123,'m','','JANEZ','ČIZMAZIJA','Žitna ulica 6',NULL,'9224','Turnišče',NULL,190,0),(131,124,'m','','Boštjan','Gaber','Murska ulica 55',NULL,'9000 Mursk','Krog',NULL,190,0),(132,125,'m','','jože','turk','prušnikova 16',NULL,'2000','maribor',NULL,190,0),(133,126,'f','','Nika','Gregorič','Bratuževa ulica 32',NULL,'5290','Šempeter',NULL,190,0),(134,127,'f','KIN.SI D.O.O.','MILENA','KROŠELJ','naselje heroja maroka 17',NULL,'8290','SEVNICA',NULL,190,0),(135,128,'f','','Urša','Opara','Dolenjska cesta 84',NULL,'1000','Ljubljana',NULL,190,0),(136,129,'m','','janez','kert','Čirče 24a',NULL,'4000','kranj',NULL,190,0),(137,130,'f','','martina','červ','šavlijeva 4',NULL,'5220','tolmin',NULL,190,0),(138,131,'f','','Vlasta','čibej','Pod vinogradi 61',NULL,'5250','Solkan',NULL,190,0),(139,132,'m','privatnik','bogdan','ipavec','tartinjeva13',NULL,'6310','izola',NULL,190,0),(140,133,'f','','Karmen','Malečkar','Rozmanova 26',NULL,'6250','Ilirska Bistrica',NULL,190,0),(141,134,'f','','BARBARA','LOZEJ','BUDANJE123A',NULL,'5271','VIPAVA',NULL,190,0),(142,135,'m','','igor','ivanšek','starihov vrh 1',NULL,'8333','semič',NULL,190,0),(143,136,'m','','MILAN','RAMŠAK','Pod Lipami 26',NULL,'3000','Celje',NULL,190,0),(144,137,'m','','Marko','Drnovšek','Radvanjska cesta 54',NULL,'2000','Maribor',NULL,190,0),(145,138,'m','','Aleš','Korenčan','Neubergerjeva 23',NULL,'1000','Ljubljana',NULL,190,0),(146,139,'m','','Davo','Gunzer','Celjska cesta 36',NULL,'2380','Slovenj Gradec',NULL,190,0),(147,140,'f','','Mateja','Prešern','Moste 74a',NULL,'4274','Žirovnica',NULL,190,0),(148,141,'m','','srečlo','dušič','arto 13',NULL,'8290','sevnica',NULL,190,0),(149,142,'f','','marjetka','podgoršek horžen','cerklje ob krki 72',NULL,'8263','cerklje ob krki',NULL,190,0),(150,143,'f','','Tanja','Golli','Dunajska 396',NULL,'1231','Ljubljana - Črnuče',NULL,190,0),(151,144,'f','','Ivica','Vončina','Gorska pot 14',NULL,'5280','Idrija',NULL,190,0),(152,145,'f','','Nina','Mauhler','Prezihova 9',NULL,'2392','Mezica',NULL,190,0),(153,146,'m','','Alojz','Mestek','Udarna 7',NULL,'4270','Jesenice',NULL,190,0),(154,147,'f','','teja','jug','Pod gradom 2',NULL,'5220','Tolmin',NULL,190,0),(155,148,'f','VIVERE D.O.O.','ERIKA','KRAPEŽ','TOVARNIŠKA 2B',NULL,'5270','AJDOVŠČINA',NULL,190,0),(156,149,'m','','matej','mester','cesta maršala tita 17',NULL,'4270','jesenice',NULL,190,0),(157,150,'m','','Uroš','Petronijević','Vodnikova 20',NULL,'5280','Idrija',NULL,190,0),(158,151,'f','','Sandra','Slapar','Obrežna ulica 103',NULL,'2000','Maribor',NULL,190,0),(159,152,'m','','marko','matkovič','zgornje škofije 72c',NULL,'6281','škofije',NULL,190,0),(160,153,'m','','Damjan','Pahor de Maiti','Kuratova 19',NULL,'4000','Kranj',NULL,190,0),(161,154,'m','Nebesa d.o.o. , Hotel Jožef','Aleš','Makuc','Vojkova 9a',NULL,'5280 Idrij','Idrija',NULL,190,0),(162,155,'f','','JOŽICA','BREGAR LESKOVŠEK','Cesta zmage 22',NULL,'1410','Zagorje ob Savi',NULL,190,0),(163,156,'f','','anja','zbašnik','knafljev trg 1',NULL,'1310','ribnica',NULL,190,0),(164,157,'m','','Milenko','Vesel','Krajna pot 1',NULL,'6310','Izola',NULL,190,0),(165,158,'f','','Jana','Triglav','Spodnji kraj 19',NULL,'2391','Prevalje',NULL,190,0),(166,159,'m','','Boštjan','Tertinek','Brezni Vrh 43',NULL,'2363','Podvelka',NULL,190,0),(167,160,'f','','DIANA','JENKO','C.NA MARKOVEC 9',NULL,'6000','KOPER',NULL,190,0),(168,161,'m','','Igor','Justinek','Bevkova 1',NULL,'1240','kamnik',NULL,190,0),(169,162,'f','','Zlatko','Hraš','Bazoviška ul. 12',NULL,'2000','Maribor',NULL,190,0),(170,163,'m','','venčeslav','černe','tesovnikova 64a',NULL,'1000','ljubljana',NULL,190,0),(171,164,'f','','Irena','Cergol','Lepa cesta 37b',NULL,'6320','Portorož',NULL,190,0),(172,165,'m','','Matjaž','Anžič','Pešnica 30',NULL,'4201','Zg. Besnica',NULL,190,0),(173,166,'m','','Benjamin','Jagodic','Vopovlje 19',NULL,'4207','Cerklje na Gorenjskem',NULL,190,0),(174,166,'m','','Benjamin','Jagodic','Baum str. 35',NULL,'Wien','Wien',NULL,14,0),(175,167,'f','','Tina','Tiršek Šindič','GLINŠKOVA PLOŠČAD 12',NULL,'1000','Ljubljana',NULL,190,0),(176,168,'f','','alenka','Kodila','pečarovci 48',NULL,'9202','mačkovci',NULL,190,0),(177,169,'f','','nina','mehanović','herberstinova 14',NULL,'1000','ljubljana',NULL,190,0),(178,170,'f','','Barbara','Tavčar','Partizanska cesta 17',NULL,'4220','Škofja Loka',NULL,190,0),(179,171,'m','','kristjan','klemencic','poljane 52',NULL,'4223','poljane nad skofjo loko',NULL,190,0),(182,174,'f','oš Dekani','nadja','Jakomin','kubed 6b',NULL,'6272 grači','gračišče',NULL,190,0),(181,173,'f','','tanja','princes','goriška cesta 10',NULL,'5271','vipava',NULL,190,0),(183,175,'f','','Vesna','Panić','Podgorska ul. 52',NULL,'1330','Kočevje',NULL,190,0),(184,176,'m','','Geno','Tinev','Jakobovo naselje 79',NULL,'9000','Murska Sobota',NULL,190,0),(185,177,'f','','mira','mikec','rudnik II/1',NULL,'1000','ljubljana',NULL,190,0),(186,178,'m','','Andrej','Pečnik','Gregorčičeva 7',NULL,'2000','Maribor',NULL,190,0),(187,179,'m','','Denis','Stojčič','Čečovje 41c',NULL,'2390','Ravne na Koroškem',NULL,190,0),(188,180,'m','','Aleš','Krošelj','Dolenjska c. 253',NULL,'1291','Škofljica',NULL,190,0),(189,181,'m','','Anton','Kolar','Gubčeva 5',NULL,'4000','Kranj',NULL,190,0),(190,182,'f','','IRENA','BIJOL','MLINSKA ULICA 7',NULL,'2367','VUZENICA',NULL,190,0),(191,183,'f','','Livija','Dolanc','Medijske toplice 33',NULL,'1411','Izlake',NULL,190,0),(192,184,'f','','Tina','Vadas','Brezno 30',NULL,'2363','Podvelka',NULL,190,0),(193,185,'f','','ana','mlakar','Dergomaška ul.40',NULL,'1000','ljubljana',NULL,190,0),(194,186,'f','','Mateja','Delakorda','Sončni log 6',NULL,'1370','Logatec',NULL,190,0),(195,187,'m','','mitja','mitnjek','meškova ulica 14a',NULL,'2380','slovenj gradec',NULL,190,0),(196,188,'f','','Biserka','Matelič','Kogojeva ulica 4',NULL,'1000','Ljubljana',NULL,190,0),(197,189,'m','','Domen','Kalajzic','Zirovnica 114b',NULL,'4274','Zirovnica',NULL,190,0),(198,190,'f','','Mojca','Dovžan','Breg 2',NULL,'4274','Žirovnica',NULL,190,0),(199,191,'f','Design& Andreja Martinc s.p.','Andreja','Martinc','Ivana Regenta 9',NULL,'5000','Nova Gorica',NULL,190,0),(200,192,'f','','Konstantina','Dolenc','Ankaranska cesta 7b',NULL,'6000','Koper',NULL,190,0),(201,193,'f','','NATAŠA','ROGELJ','KURIRSKA POT 29',NULL,'4000','KRANJ',NULL,190,0),(202,194,'m','','Lasse','Bertheussen','Paradisveien 2',NULL,'8072','Bodø',NULL,160,0),(203,195,'m','','Davorin','Poljanec','Ledine 34',NULL,'5000','Nova Gorica',NULL,190,0),(204,196,'m','','Mišel','Sztyc','Vinka Vodopivca 115',NULL,'5000','NOVA GORICA',NULL,190,0),(205,197,'f','','Darja','Mirt','Kremen 3',NULL,'8270','Krško',NULL,190,0),(206,198,'f','','Karmen','Režek','Cerov log 5a',NULL,'8310','Šentjernej',NULL,190,0),(207,199,'m','','Primož','Inkret','Moše 29D',NULL,'1216','Smlednik',NULL,190,0),(208,200,'f','','mojca','strehar','Vipolže 4',NULL,'5212','Dobrovo v Brdih',NULL,190,0),(209,201,'f','','Gea','Gombač','Matavun 3a',NULL,'6215','Divača',NULL,190,0),(210,202,'f','','Tadeja','Gornik','Laze 11',NULL,'1351','Brezovica pri Ljubljani',NULL,190,0),(211,203,'m','','EMIL','SENČAR','GORIŠNICA 81B',NULL,'2272','Gorišnica',NULL,190,0),(212,204,'f','','Suzana','Ribaric','Videm 18c',NULL,'1262','Dol pri Ljubljani',NULL,190,0),(213,205,'f','','Katarina','Peric','Veliko Trebeljevo 46',NULL,'1000','Ljubljana',NULL,190,0),(214,206,'m','','jure','bukovec','vinarska 37',NULL,'2310','slovenska bistrica',NULL,190,0),(215,207,'m','Bojan Senjur s.p. (DŠ: SI8482964','Bojan','Senjur','Mrakova 14',NULL,'1360','Vrhnika',NULL,190,0),(216,208,'f','','KUKOVIČ','DANICA','KAMNIKARJEVA ULICA 13',NULL,'1291','ŠKOFLJICA',NULL,190,0),(217,209,'f','OKREPČEVALNICA MAJOLKA ROMANA ST','ROMANA','STREŽEK','ŠULIGOJEVA 2',NULL,'1293','ŠMARJE SAP',NULL,190,0),(218,210,'f','','Majda','Sernec','Rakovčeva 2',NULL,'6330','Piran',NULL,190,0),(219,211,'f','','Staša','Bradaševič','Brstovnica 7č',NULL,'3272','Rimske Toplice',NULL,190,0),(220,212,'f','','TINA','GALIČ','MEDENSKA 22P',NULL,'1133','LJUBLJANA',NULL,190,0),(221,213,'m','ISC inštitut za znanost in konzu','Milan','Trbižan','Prešernova 1A',NULL,'1235','RADOMLJE',NULL,190,0),(222,214,'f','','Jana','Kaše','Čeče 101a',NULL,'1430','Hrastnik',NULL,190,0),(223,215,'f','','Alenka','Zorc','Spodnje Gorje 136',NULL,'4247','Zgornje Gorje',NULL,190,0),(224,216,'m','','Samo','Košmrlj','Hrib 3',NULL,'1318','Loški Potok',NULL,190,0),(225,217,'m','','Damjan','Delač','Črni Potok pri Kočevju 5',NULL,'1330','Kočevje',NULL,190,0),(226,218,'m','','Matej','Miklavcic','Petkovec 63',NULL,'1373','Rovte',NULL,190,0),(227,219,'m','','Tomaž','Selak','Levstikova ulica 6',NULL,'4000','Kranj',NULL,190,0),(228,220,'f','TrgoABC d.o.o.','Branka','Petelin','istrska 12',NULL,'6000','Koper',NULL,190,0),(229,221,'m','','Marko','Rondic','Goriška cesta 6a',NULL,'5271','Vipava',NULL,190,0),(230,222,'f','','Irena','Uranjek','Stara cesta 47',NULL,'2311','Hoče',NULL,190,0),(233,225,'m','','Danilo','Jezernik','Podvrh 29',NULL,'3330','Mozirje',NULL,190,0),(232,224,'m','Kneipp Hof','Roberto','Kneipp','Via Colle, 36',NULL,'38053','Castello Tesino',NULL,105,0),(234,226,'m','TO BI d.o.o.','Peter','Osterveršnik','Industrijska ulica 33',NULL,'2345','Bistrica ob Dravi',NULL,190,0),(236,228,'m','','Primož','Zalaznik','Drenov Grič 127',NULL,'1360','Vrhnika',NULL,190,0),(237,229,'f','','klementina','križnik','griže 70',NULL,'3302','griže',NULL,190,0),(238,230,'f','','Polona','Strlič','Tavčarjeva 22',NULL,'4000','Kranj',NULL,190,0),(239,231,'f','KIM D.O.O.','SLAVKA','TURK','ulica 11.november',NULL,'8273','LESKOVEC PRI KRŠKEM',NULL,190,0),(240,232,'f','','kaja','bučar','gobnik 14c',NULL,'1247','gabrovka',NULL,190,0),(241,233,'m','','oliver','jovič','vrstna ulica 15',NULL,'1357','Notranje Gorice',NULL,190,0),(242,234,'f','','Janja','Tekavc','Vreskovo 14',NULL,'1420','Trbovlje',NULL,190,0),(243,235,'f','','Laura','Ajster','Nova vas pri Mokricah 24',NULL,'8261','Jesenice na Dolenjskem',NULL,190,0),(244,236,'m','','JAKOB','ŠTEMBERGER','NA ŽAGO 1',NULL,'8310','ŠENTJERNEJ',NULL,190,0),(245,237,'f','','Tanja','Dreo','Praprotnikova ulica 18',NULL,'3330','Mozirje',NULL,190,0),(246,237,'f','','Tanja','Dreo','Nanoška ulica 3',NULL,'1000','Ljubljana',NULL,190,0),(247,238,'f','breko d.o.o.','polona','breški','toledova 9',NULL,'2342','ruše',NULL,190,0),(248,239,'f','','Ana','Cekuta','Kocbekova ulica 5',NULL,'3000','Celje',NULL,190,0),(249,240,'m','GOSTILNA SPARK DAVID KOBAL S.P.','MATJAŽ','KENDA','PARTIZANSKA CESTA 82',NULL,'6210','SEŽANA',NULL,190,0),(250,241,'f','','Ana','Pincolic','Skorkaervej 8',NULL,'6990','Ulfborg',NULL,57,0),(251,241,'f','','Maša','Skušek','Resljeva c. 6',NULL,'8311','Kostanjevica na Krki',NULL,190,0),(252,242,'f','','Fanika','Golub','Draženci 58',NULL,'2288','Hajdina',NULL,190,0),(253,243,'f','','Monika','Humar','Pod gradom 7',NULL,'5220','Tolmin',NULL,190,0),(254,244,'f','','Zvonimira','Noč','C. Toneta Tomšiča 58',NULL,'4270','Jesenice',NULL,190,0),(255,245,'m','','Borut','Skvarča','Smrečje 25',NULL,'1354','horjul',NULL,190,0),(256,246,'m','','Veri','Nanut','Ulica terza armata, 144',NULL,'34170','Gorizia',NULL,105,0),(257,247,'f','','Ana','Petelin Grubišić','Cesta na Lenivec 18',NULL,'6210','Sežana',NULL,190,0),(258,248,'f','','Sonja','Capasso','Terceva ul. 25',NULL,'2000','Maribor',NULL,190,0),(259,248,'m','LPP','Tomaz','Vidmar','Celovska cesta 160',NULL,'1000','Ljubljana',NULL,190,0),(260,249,'m','','ZORAN','STARY','Finžgarjeva cesta 2',NULL,'4260','Bled',NULL,190,0),(261,250,'f','','Zdenka','Mori','Kot pri Prevaljah 24',NULL,'2391','Prevalje',NULL,190,0),(262,251,'f','','JASNA','ŠOBAR','TOMŠIČEVA 9',NULL,'4000','KRANJ',NULL,190,0),(263,199,'m','PM, poslovni mediji d.o.o.','Primož','Inkret','Dunajska 9',NULL,'1000','Ljubljana',NULL,190,0),(264,252,'m','','Rok','Pečar','Studeno 90',NULL,'6230','Postojna',NULL,190,0),(265,253,'m','','Marko','Tominec','Idrijski Log3',NULL,'5274','Črni Vrh',NULL,190,0),(266,253,'m','','Milan','Leskovec','Idrijski Log 3',NULL,'5274','Črni Vrh',NULL,190,0),(267,254,'m','','janez','sternad','zgornje gorče 4',NULL,'3314','braslovče',NULL,190,0),(268,255,'f','','SUZANA','KOTNIK','KOVAŠKA 1',NULL,'2366','MUTA',NULL,190,0),(269,256,'m','','Ivo','Kvapil','Krakovská 19',NULL,'11000','Praha',NULL,56,0),(270,235,'f','','Laura','Ajster','Slovenska vas 44',NULL,'8261','Jesenice na Dolenjskem',NULL,190,0),(271,257,'m','','Marijo','Mlakar','Most na Soči 52',NULL,'5216','Most na Soči',NULL,190,0),(272,258,'m','','Jernej','Kac','ogljensak 34b',NULL,'2314','zgornja polskava',NULL,190,0),(273,259,'f','','biserka','rabrenovič','šuštarjeva kol.26a',NULL,'1420','trbovlje',NULL,190,0),(274,260,'m','','ALEKSANDER','JENKO','Matije Tomca 2',NULL,'1230','Domžale',NULL,190,0),(275,261,'f','','Tina','Lončar','Kropa 17',NULL,'3342','Gornji Grad',NULL,190,0),(276,262,'f','','Teja','Krasovev','Rusjanov trg 4',NULL,'1000','Ljubljana',NULL,190,0),(277,263,'m','','Matjaž','Bergant','Zg.Luša 21',NULL,'4227','Selca',NULL,190,0),(278,264,'m','','Denis','Jurič','Gorkega 45',NULL,'2000','Maribor',NULL,190,0),(279,265,'f','','monika','vrabec','Sipkova ulica 8',NULL,'1241','kamnik',NULL,190,0),(280,266,'f','','Katja','Petruša','Kvedrova cesta 7',NULL,'1000','Ljubljana',NULL,190,0),(281,267,'m','','Peter','Berlec','Podhruška 6',NULL,'1241','Kamnik',NULL,190,0),(282,268,'f','','Mateja','Mavrič','Savska cesta 18a',NULL,'4000','Kraj',NULL,190,0),(283,269,'f','','Katarina','Košmelj','jensenova 4',NULL,'1000','ljubljana',NULL,190,0),(284,270,'f','','Tadeja','Šteharnik','Černigojeva 12',NULL,'1000','Ljubljana',NULL,190,0),(285,271,'m','','Marko','Vajdič','Tezenska 49',NULL,'2204','Miklavž na Dravskem polju',NULL,190,0),(286,272,'m','','Igor','Jurančič','Rašica 5d',NULL,'1211','Ljubljana Šmartno',NULL,190,0),(287,273,'m','','uroš','semenič','rožnik 1',NULL,'6280','ankaran',NULL,190,0),(288,274,'m','','Igor','Železen','Gorička ulica 30 Černelavci',NULL,'9000','Murska Sobota',NULL,190,0),(289,275,'f','','Tjaša','Meden','Notranjska cesta 40',NULL,'1380','Cerknica',NULL,190,0),(290,276,'m','','Mitja','Štrukelj','Kajuhova 3',NULL,'1235','Radomlje',NULL,190,0),(291,277,'f','','Nina','Drašler','Litostrojska 10',NULL,'1000','Ljubljana',NULL,190,0),(292,278,'f','','Zdravka','Jelar','Zadraga 4',NULL,'4203','DUPLJE',NULL,190,0),(293,279,'f','','Tanja','Selan','Dobrunjska cesta 40',NULL,'1261','Ljubljana',NULL,190,0),(294,280,'m','','andrej','potočnik','polzela 86',NULL,'3313','polzela',NULL,190,0),(295,281,'f','','ANA LAURA','Rednak','FLORJAN 37',NULL,'3325','ŠOŠTANJ',NULL,190,0),(296,282,'f','','Marija','Gromova','ul. Znamenskie sadki, d.7 k.2 kv.298',NULL,'117628','Moskva',NULL,176,0),(297,283,'f','','BARBARA','KOGEJ','Ulica Sv. Barbare 3',NULL,'5280','IDRIJA',NULL,190,0),(298,284,'f','TE Brestanica','Romana','Jeršič','CPB 18',NULL,'8280','Brestanica',NULL,190,0),(299,285,'f','','valentina','slanšek','Pintarjeva cesta 28',NULL,'1410','Zagorje ob Savi',NULL,190,0),(300,286,'f','','Zdravka','Plantan','Prijateljeva ul.19',NULL,'1291','Škofljica',NULL,190,0),(301,287,'f','','Valentina','Kočevar','Kidričeva 9',NULL,'6210','Sežana',NULL,190,0),(302,288,'f','','mojca','noc','celovska 336',NULL,'1210','ljubljana',NULL,190,0),(303,288,'f','','Zvonimira','Noč','Tomšičeva 58',NULL,'4270','Jesenice',NULL,190,0),(304,289,'m','','david','krebel','ul. molino a vento 111/1',NULL,'34137','trst',NULL,105,0),(305,289,'m','','David','Krebel','Via Molino a Vento 111/1',NULL,'34137','Trieste',NULL,105,0),(306,290,'m','','MIRAN','KAJTNA','KAJUHOVA ULICA 36',NULL,'6310','IZOLA',NULL,190,0),(307,291,'f','','SILVA','GOLOB','TOMŠIČEVA 27',NULL,'2310','Slovenska Bistrica',NULL,190,0),(308,292,'f','','Klavdija','Krznaric','Delavska ulica 19',NULL,'4281','Mojstrana',NULL,190,0),(309,293,'f','','Tatjana','Iglič','Mahovnik 60a',NULL,'1330','Kočevje',NULL,190,0),(310,294,'m','','Andrej','Opara','Homec II. ulica 8',NULL,'1235','Radomlje',NULL,190,0),(311,295,'f','','Sonja','Kačar','Mlinska pot 21',NULL,'1231','LJ. Črnuče',NULL,190,0),(312,296,'m','','bojan','horvat','hlebce 39',NULL,'4248','lesce',NULL,190,0),(313,297,'m','','slavko','marcen','kovk 21',NULL,'1431','dol pri hrastniku',NULL,190,0),(314,298,'m','','Lojze','Rejc','Vojskarska 23/b',NULL,'5280','Idrija',NULL,190,0),(315,299,'m','pvt','Gorazd','Kozmus','Ulica Milana Platovska 4',NULL,'2000','Maribor',NULL,190,0),(316,300,'f','KPL d.d.','Zvonka','Ptičar','Tbilisijska 61',NULL,'1000','Ljubljana',NULL,190,0),(317,301,'m','','blaž','babnik','pavšičeva 41',NULL,'1000','ljubljana',NULL,190,0),(318,302,'f','','Dora','Rudof','Kamniška c. 12,Sr.Jarše',NULL,'1230','Domžale',NULL,190,0),(319,303,'m','','Milovan','Jelčić','Milovan Jelčić',NULL,'21000','Novi Sad',NULL,236,0),(320,303,'m','','Milovan','Jelčić','jelcic.milovan',NULL,'21000','Novi Sad',NULL,236,0),(321,303,'m','','Milovan','Jelčić','Pavla Simića 3',NULL,'21000','Novi Sad',NULL,236,0),(322,304,'m','Miha Ban d.o.o.','Miha','Ban','Pod Trsko goro 10',NULL,'8000','Novo mesto',NULL,190,0),(323,305,'f','','PETRA','PREBIL BAŠIN','PRESERJE 42 B',NULL,'1352','PRESERJE',NULL,190,0),(324,306,'f','','Mateja','Fošnarič','Trg revolucije 9',NULL,'2000','Maribor',NULL,190,0),(325,307,'f','','Maja','Bohte','Smrečnikova 8',NULL,'8000','Novo mesto',NULL,190,0),(326,308,'f','ALFA SIG d.o.o.','Nadine','Lesjak','Štihova ulica 1, p.p. 5702',NULL,'1001','Ljubljana',NULL,190,0),(327,309,'f','','Sonja','Kaluža','Rožna 13',NULL,'6230','Postojna',NULL,190,0),(328,310,'m','Kostra d.o.o.','JANEZ','SLOKAN','AŠKERČEVA 15',NULL,'3000','CELJE',NULL,190,0),(329,311,'m','','Jernej','Hiti','Hrašče 13',NULL,'6230','Postojna',NULL,190,0),(330,312,'f','','Romana','Vojska','cerkljanski vrh 4',NULL,'5282','cerkno',NULL,190,0),(331,313,'f','','Barbara','Trošt','Vilharjeva ulica 25.b',NULL,'5270','Ajdovščina',NULL,190,0),(332,314,'m','','ROBERT','ROBIČ','ZG RUTE 96',NULL,'4282','GOZD MARTULJEK',NULL,190,0),(333,315,'f','','Tina','Palma','Kebetova 14',NULL,'1241','Kamnik',NULL,190,0),(334,316,'f','','karolina kornelija','logar','gornja ulica 25, kapca',NULL,'9220','lendava',NULL,190,0),(335,317,'m','','dime','rangelov','jerihova 28',NULL,'3320','velenje',NULL,190,0),(336,318,'m','bb','Boris','Srndovic','dumherrevägen 12B',NULL,'76161','Norrtälje',NULL,203,0),(337,318,'m','','Boris','Srndovic','Dumherrevägen 12B',NULL,'76161','Norrtälje',NULL,203,0),(338,319,'f','','LEA','PERŠIČ','ROŽNIK 8A',NULL,'6280','ANKARAN',NULL,190,0),(339,320,'f','','Polona','Žganjar','Malo Trebeljevo 7',NULL,'1129','Lj-Zalog',NULL,190,0),(340,321,'m','','Bostjan','Hazabent','Heroja Bracica 12',NULL,'2000','Maribor',NULL,190,0),(341,322,'m','-','Vlado','Zabkar','Goriska 16',NULL,'2000','Maribor',NULL,190,0),(342,323,'f','Inštitut za transmedijski dizajn','Sabahat','Krasniči','Borovnjakova ulica 6',NULL,'9000','Murska Sobota',NULL,190,0),(343,323,'f','Inštitut za transmedijski dizajn','Sabahat','Krasniči','Hradeckega cesta 49',NULL,'1000','Ljubljana',NULL,190,0),(344,324,'f','','zlatka','cerkvenik','merče 10',NULL,'6210','Sežana',NULL,190,0),(345,325,'m','','rok','kolaric','dolenjska cesta 204',NULL,'1000','ljubljana',NULL,190,0),(346,321,'f','','Marija','Straus','Gunceljska 25',NULL,'1000','Ljubljana',NULL,190,0),(347,326,'m','','Otmar','Potrč','Košenice 96a',NULL,'8000','Novo mesto',NULL,190,0),(348,327,'f','','irena','črep','Badovinčeva 4',NULL,'3270','Laško',NULL,190,0),(349,328,'f','','sandra','nučič','predole 10',NULL,'1290','grosuplje',NULL,190,0),(350,329,'f','','Jožica','Pestotnik','Golice 17',NULL,'1219','Laze v Tuhinju',NULL,190,0),(351,330,'f','','Saša','Aljaž','Zapoge 34',NULL,'1217','Vodice',NULL,190,0),(352,331,'f','','alenka','tanko','jurčkova cesta',NULL,'1000','ljubljana',NULL,190,0),(353,332,'m','','Primož','Puhar','Golnik 46A',NULL,'4204','Golnik',NULL,190,0),(354,333,'m','','Simon','Kranjc','Stara Fužina 202',NULL,'4265','Bohinjsko jezero',NULL,190,0),(355,334,'m','','Urban','Polajnar','Tavčarjeva ulica 12a',NULL,'4220','Škofja Loka',NULL,190,0),(356,335,'f','','Ana','Peternel','Voljčeva cesta 5',NULL,'1360','Vrhnika',NULL,190,0),(357,336,'f','','Suzana','Kostanjšek','Elektrarniška 16',NULL,'8280','Brestanica',NULL,190,0),(358,337,'f','','Ksenija','Rojht','pečarovci 35a',NULL,'9202','pečarovci',NULL,190,0),(359,337,'f','','Ksenija','Rojht','pečarovci 35a',NULL,'9202','mačkovcu',NULL,190,0),(360,338,'f','','anita','pavlin','hrastje 6',NULL,'8310','Šentjernej',NULL,190,0),(361,339,'m','','ziga','kosmac','mengeska c 34b',NULL,'1236','trzin',NULL,190,0),(362,340,'m','','Klemen','Vinazza','Morsko 51',NULL,'5213','Kanal',NULL,190,0),(363,341,'m','','Ernest','Golob','Malenska vas 12',NULL,'8216','Mirna Peč',NULL,190,0),(364,342,'m','','borut','zavrtanik','pavšičevo naselje 13, kromberk',NULL,'5000','nova gorica',NULL,190,0),(365,343,'f','','Jožica','Bojanec','Dol. Sušice 3',NULL,'8350','Dolenjske Toplice',NULL,190,0),(366,344,'f','','Marjana','Novak','Kolk 10a',NULL,'1410','Zagorje ob Savi',NULL,190,0),(367,345,'f','','Damijana','Hrabar','Rozmanova 4c',NULL,'6250','Ilirska Bistrica',NULL,190,0),(368,346,'f','','suzana','Zorko','Log 56',NULL,'8294','Boštanj',NULL,190,0),(369,347,'f','','PETRA','BERTALANIČ','ULICA ANE GALETOVE 2B',NULL,'1290','GROSUPLJE',NULL,190,0),(370,347,'f','PIRNAR D.O.O.','PETRA','BERTALANIČ','Spodnje Gameljne 36',NULL,'1211','Ljubljana-Šmartno',NULL,190,0),(371,348,'m','','Nikola','Pijerov','II.prekomorske brigade 22a',NULL,'6000','Koper',NULL,190,0),(372,349,'f','','Petra','Mrhar','Pod lipami 18',NULL,'1000','Ljubljana',NULL,190,0),(373,350,'f','','Nina','Jerič','Sinja gorica 34',NULL,'1380','Cerknica',NULL,190,0),(374,351,'m','','URBAN','BOŽIČ','KLANEC 19',NULL,'5250','SOLKAN',NULL,190,0),(375,352,'m','','Izidor','Sosič','Jakčeva 2',NULL,'1000','Ljubljana',NULL,190,0),(376,353,'m','///////////////////////////////','srecko','sajnovic','dornava 136',NULL,'2252','dornava',NULL,190,0),(377,354,'f','','Polona','Dornik','Kocljeva ulica 21',NULL,'9250','Gornja Radgona',NULL,190,0),(378,355,'f','','VESNA','COLJA','ŠEMPAS 40A',NULL,'5261','ŠEMPAS',NULL,190,0),(379,356,'f','','ALENKA','OBLAKOVIČ','STARA LOKA 31',NULL,'4220','ŠKOFJA LOKA',NULL,190,0),(380,357,'f','','Sonja','Berdon','Ul.Oktobrske rev.10A',NULL,'6310','Izola',NULL,190,0),(381,358,'f','','marija','marčeta','RETEČE 46',NULL,'4220','ŠKOFJA LOKA',NULL,190,0),(382,359,'m','ara zalozba','joze','vetrovec','trubarjeva 53',NULL,'1000','ljubljana',NULL,190,0),(383,359,'m','','trubar','joze vetrovec','trubarjeva 53',NULL,'1000','ljubljana',NULL,190,0),(384,359,'m','ara zalozba','joze','vetrovec','cigaletova 5',NULL,'1000','ljubljana',NULL,190,0),(385,360,'f','','Sara','Martinjak','Polička vas 11a',NULL,'2221','Jarenina',NULL,190,0),(386,361,'f','','Špela','Kastelic','Mali Lipoglav 2',NULL,'1293','Šmarje - Sap',NULL,190,0),(387,362,'f','','Polona','Pakiž','Partizanska cesta 12b',NULL,'1381','Rakek',NULL,190,0),(388,362,'f','TTN NADGRADNJE d.o.o.','Polona','Pakiž','Podskrajnik 17',NULL,'1380','Cerknica',NULL,190,0),(389,363,'f','','Jana','Preglav','Spodnji trg 48',NULL,'2367','Vuzenica',NULL,190,0),(390,364,'f','','Urška','Ulčar','Nova vas 90',NULL,'1385','Nova vas',NULL,190,0),(391,365,'f','','Marija','Ranzinger','Gladež 24',NULL,'1411','Izlake',NULL,190,0),(392,366,'f','','Mateja','Nograšek','Pot na Poljane 6a',NULL,'1241','Kamnik',NULL,190,0),(393,367,'f','','Andreja','Rednak','Agrokombinatska 4',NULL,'1000','Ljubljana',NULL,190,0),(394,368,'f','','zdravka','godunc','celovška 145 a',NULL,'1000','ljubljana',NULL,190,0),(395,369,'m','','Miran','Fink','Podhosta 28',NULL,'8350','Dolenjske Toplice',NULL,190,0),(396,370,'m','','bojan','preiner','ul.zlatke karer 8',NULL,'2204','miklavz',NULL,190,0),(397,371,'m','','Borut','Tepina','Breg 102',NULL,'4274','Žirovnica',NULL,190,0),(398,372,'m','','Denis','Žganec','Sernčeva 11',NULL,'2000','Maribor',NULL,190,0),(399,373,'f','Intermatic d.o.o.','Urška','Slatenšek','Glonarjeva 1',NULL,'1000','Ljubljana',NULL,190,0),(400,373,'f','','Nada','Šubic','Brodarska 10',NULL,'1270','Litija',NULL,190,0),(401,268,'f','','Brigita','Končan','Podvin 120',NULL,'3310','Žalec',NULL,190,0),(402,374,'f','','Diana','Jezernik','Legen 37',NULL,'2383','Šmratno pri Slovenj Gradcu',NULL,190,0),(403,375,'m','','miha','ferlan','rožanska 3',NULL,'1000','ljubljana',NULL,190,0),(404,376,'m','','Blaž','Čelešnik','Brodarjev trg 10',NULL,'1000','Ljubljana',NULL,190,0),(405,377,'m','','SEJDINOVIČ','ALEN','KOROŠKA CESTA 4',NULL,'3325','šoštanj',NULL,190,0),(406,378,'f','','Marjeta','Oven','Ulica Željka Tonija 3',NULL,'1211','Ljubljana-Šmartno',NULL,190,0),(407,379,'m','','Miha','Mazzini','Fabianijeva 45',NULL,'1000','Ljubljana',NULL,190,0),(408,380,'f','','simona','martinjak','predoslje 2c',NULL,'4000','kranj',NULL,190,0),(409,381,'m','','simon','gaber','vojkova 12',NULL,'3000','celje',NULL,190,0),(410,382,'f','','VANJA','NUNAR','REPNJE 14 G',NULL,'1217','VODICE',NULL,190,0),(411,383,'f','','Nada','Arh','Francarija 33',NULL,'4205','Preddvor',NULL,190,0),(412,384,'f','','Katarina','Žagar','Srednjevaška ulica 43b',NULL,'1291','Škofljica',NULL,190,0),(413,385,'f','','Katja','Pangršič','Cesta 13. julija 8f',NULL,'1000','Ljubljana',NULL,190,0),(414,386,'m','','Miran','Žagar','spodnji slemen 68a',NULL,'2352','selnica ob dravi',NULL,190,0),(415,387,'f','','polona','gungl','zg. velka 82h',NULL,'2213','zg. velka',NULL,190,0),(416,388,'m','','Rok','Jurjec','Trska cesta 69',NULL,'3254','Podcetrtek',NULL,190,0),(417,389,'m','','Janez','Skoporec','Razbor 13A',NULL,'1434','Loka pri Zidanem Mostu',NULL,190,0),(418,390,'f','','Barbara','Marusic','VIPAVSKA CESTA 89',NULL,'5000','NOVA GORICA',NULL,190,0),(419,391,'f','','nina','krajnc','lenartova pot 66',NULL,'8250','brežice',NULL,190,0),(420,392,'f','','Zvezdana','Mirkovic','Pri vodnjaku 3',NULL,'6000','Koper',NULL,190,0),(421,393,'f','','Marta','Mrzlikar','Brezje pri grosupljem 70',NULL,'1290','Grosuplje',NULL,190,0),(422,394,'m','','Tomaz','Bolka','Srednje Gameljne 62',NULL,'1211','Ljubljana Smartno',NULL,190,0),(423,395,'f','/','Anja','Boštjančič','Harije 8',NULL,'6250','Ilirska Bistrica',NULL,190,0),(424,396,'f','','barbara','jerman','veliki slatnik 11a',NULL,'8000','novo mesto',NULL,190,0),(425,397,'m','','boris','bjelica','dantejeva 35',NULL,'6310','izola',NULL,190,0),(426,398,'f','','Helena','Kacijan','Cesta ob Barju 56f',NULL,'1291','ŠKOFLJICA',NULL,190,0),(427,399,'f','','Danica','Tavčar','Godnje 20',NULL,'6221','Dutovlje',NULL,190,0),(428,400,'m','','Uroš','Džolić','Podgorje 131',NULL,'1241','Kamnik',NULL,190,0),(429,401,'f','','Maja','Peterkovic','Mala colnarska 3',NULL,'1000','LJUBLJANA',NULL,190,0),(430,402,'m','','BOŠTJAN','PEROŠA','MEDVOŠKA CESTA 16',NULL,'1215','MEDVODE',NULL,190,0),(431,403,'m','','David','Golić','Gasilska pot 21',NULL,'8323','Uršna sela',NULL,190,0),(432,404,'f','','Ana','Gligorijević','Trg Presernove brigade 7',NULL,'4000','Kranj',NULL,190,0),(433,405,'f','','Sarka','Wurmova','Sezemicka 531',NULL,'50011','Hradec Kralove',NULL,56,0),(434,406,'f','','sara','berginc','trg golobarskih žrtev 27',NULL,'5230','berginc',NULL,190,0),(435,407,'f','','Andreja','Čušin Gostiša','Kalce 25 C',NULL,'1371','Logatec',NULL,190,0),(436,408,'f','','saša','gorše','prešernova ulica 32',NULL,'1330','kočevje',NULL,190,0),(437,409,'f','Tim International d.o.o.','Manja','Fišter','Obala 101',NULL,'6320','Lucija',NULL,190,0),(438,409,'f','Tim International d.o.o.','Cappuccino','Bar','Obala 101',NULL,'6320','Portorož',NULL,190,0),(439,410,'f','','LIDIJA','KOVAČ','IRJE 1A',NULL,'3250','ROGAŠKA SLATINA',NULL,190,0),(440,411,'f','','Svetlana','Bušen','Med ogradami 9',NULL,'5250','Solkan',NULL,190,0),(441,412,'f','','Lara','Jelen','šentrupert 93f',NULL,'3271','šentrupert',NULL,190,0),(442,413,'f','','Mojca','Fric','Dramlje 79',NULL,'3222','Dramlje',NULL,190,0),(443,414,'m','','Matic','Vrabic','Vodnikov trg 5',NULL,'1000','Ljubljana',NULL,190,0),(444,415,'f','','Petra','Žirovnik Grudnik','Rožičeva 3',NULL,'1230','Domžale',NULL,190,0),(445,416,'m','Gold Club d.o.o.','dejan','gasparini','Lipica 21',NULL,'6210','Sežana',NULL,190,0),(446,417,'m','','Urban','Grubar','Maistrova ulica 24',NULL,'2000','Maribor',NULL,190,0),(447,418,'m','','Aleš','Berdon','Oktobrske revolucije 10a',NULL,'6310','Izola',NULL,190,0),(448,419,'m','','VLADO','VENUTI','BEZENŠKOVA 63',NULL,'2000','MARIBOR',NULL,190,0),(449,420,'f','','Marija','Gorenc Novak','Hleviše 18',NULL,'1371','Rovte',NULL,190,0),(450,421,'m','','Goran','Stumergar','Ulica 25 Maja 7',NULL,'2250','Ptuj',NULL,190,0),(451,422,'m','','Primož','Jelinčič','Soča 50',NULL,'5232','soča',NULL,190,0),(452,423,'m','Ales Surina s.p.','Aleš','Surina','Nova Vas pri Jelsanah 7',NULL,'6254','Jelsane',NULL,190,0),(453,424,'f','','tatjana','dežman markič','primožičeva ul. 35',NULL,'1231','ljubljana',NULL,190,0),(454,425,'m','','Andrej','Korošec','Miševa ulica 11',NULL,'1230','Domžale',NULL,190,0),(455,426,'m','HP-HIŠA PROJEKTOV d.o.o.','Ivo','Hafner','Preloge 15',NULL,'1211','Ljubljana-Šmartno',NULL,190,0),(456,427,'m','PB Janez Jerina s.p.','Janez','Jerina','Stara cesta 73',NULL,'1370','LOGATEC',NULL,190,0),(457,428,'f','','Maja','Ogrič','MLADINSKA 4',NULL,'5281','SPODNJA IDRIJA',NULL,190,0),(458,429,'f','','Tjaša','Logaj','Log pri Mlinšah 5',NULL,'1411','Izlake',NULL,190,0),(459,430,'f','','Katja','Klemenšek','Robanov Kot 8',NULL,'3335','Solčava',NULL,190,0),(460,431,'m','','Miha','Vergelj','Sončni log 3b',NULL,'1370','Logatec',NULL,190,0),(461,432,'m','','Sandi','Voršič','Pavlovci 15a',NULL,'2270','ORMOŽ',NULL,190,0),(462,433,'f','','valentina','pocic','zbelovo 10',NULL,'3215','loce',NULL,190,0),(463,434,'f','','TINA','KOŠENINA','CANKARJEVA 23',NULL,'1241','KAMNIK',NULL,190,0),(464,435,'m','','Žiga','Smiljanič','Krivec 6',NULL,'1000','Ljubljana',NULL,190,0),(465,436,'f','','Mija','Cerjak','Žiče 97',NULL,'3215','Loče',NULL,190,0),(466,437,'f','','Samantha','Malok','Stara ulica 10',NULL,'9000','Murska Sobota',NULL,190,0),(467,437,'m','','Roman','Pungartnik','Gabrsko 41/a',NULL,'1420','Trbovlje',NULL,190,0),(468,438,'m','','Jaka','Slavinec','Mackovci 58',NULL,'1230','Domzale',NULL,190,0),(469,439,'m','','Danilo','Špitalar','Trg revolucije 17E',NULL,'1420','Trbovlje',NULL,190,0),(470,440,'f','','Natasa','Škrlj','Planina 76/B',NULL,'5270','Ajdovščina',NULL,190,0),(471,441,'m','Hoby','Josip','Gregorčič','Kratka ulica 5',NULL,'1351','Brezovica',NULL,190,0),(472,442,'f','','Urška','Kavalar','Moste 77',NULL,'4274','Žirovnica',NULL,190,0),(473,443,'f','','Janja','Reberšak','Sedlarjevo 11',NULL,'3255','Buče',NULL,190,0),(474,387,'f','','POLONA','GUNGL','VRATJI VRH 2',NULL,'9253 APAČE','APAČE',NULL,190,0),(475,444,'f','','Lucija','Norčič','Marinovševa 3a',NULL,'1000','Ljubljana',NULL,190,0),(476,445,'f','Sensum d.o.o.','Sabina','Alihodžić','Tehnološki park 21',NULL,'1000','Ljubljana',NULL,190,0),(477,446,'m','','Roman','Stropnik','Ravne 21',NULL,'3325','Šoštanj',NULL,190,0),(478,447,'m','','Rok','Spanring','Ul. Milke Volk 47',NULL,'2312','Orehova Vas',NULL,190,0),(479,448,'f','','Marta','Prezelj','čopičeva 14a',NULL,'5280','Idrija',NULL,190,0),(480,449,'m','','dušan','kočevar','lož, smelijevo naselje 35',NULL,'1386','stari trg',NULL,190,0),(481,450,'f','','Nataša','Kokar Zakrajšek','Bratovševa pl. 26',NULL,'1000','Ljubljana',NULL,190,0),(482,451,'m','','Urban','Čizmarevič','Ulica Pohorskega bataljona 36',NULL,'2310','Slovenska Bistrica',NULL,190,0),(483,452,'f','zptm brežice','mateja','gerjevič','gubčeva 10a',NULL,'8250','brežice',NULL,190,0),(484,453,'f','','Melita','Meglič','Podvrh 12',NULL,'8292','Zabukovje',NULL,190,0),(485,454,'m','','Primož','Trček','Tržaška cesta 107a',NULL,'1370','Logatec',NULL,190,0),(486,455,'f','','Denisa','Lavrencic','Trnovec 4 a',NULL,'1215','Medvode',NULL,190,0),(487,456,'f','','Katja','Babič Kaligarič','Cetore 16',NULL,'6310','Izola',NULL,190,0),(488,457,'m','','YAO WEI','CHAO','No.660, Sec. 2, Liming Rd.,',NULL,'40449','Taichung City',NULL,206,0),(489,458,'m','','danijel','mithans','istrska 50',NULL,'2000','maribor',NULL,190,0),(490,459,'m','','Roberto','Ramundo','Martiri della Libertà 13',NULL,'80046','San Giorgio a Cremano - NAPOLI',NULL,105,0),(491,460,'f','','Katarina','Fajfar','Pokopaliska pot 5',NULL,'4202','Naklo',NULL,190,0),(492,461,'f','','Verena','Sommerauer-Dani','Johann-Fichte-Str. 11',NULL,'80850','München',NULL,81,0),(493,461,'f','Österreichisches Generalkonsulat','Verena','Sommerauer-Dani','Ismaninger Str. 136',NULL,'81675','München',NULL,81,0),(494,462,'m','Bevog d.o.o.','Janko','Šantavec','Grajska Cesta 27',NULL,'9250','Gornja Radgona',NULL,190,0),(495,463,'m','','Rok','Živkovič','trg prešernove brigade 7',NULL,'4000','kranj',NULL,190,0),(496,464,'f','','Klavdija','Pfeifer','Zgornji brnik 67',NULL,'4207','Cerklje',NULL,190,0),(497,465,'m','','PRIMOŽ','KRAMER','PROŽINSKA VAS 22/D',NULL,'3220','Store',NULL,190,0),(498,466,'f','','Barbara','Urek','Frankovo naselje 70',NULL,'4220','Škofja Loka',NULL,190,0),(499,466,'m','','Roman','Pušavec','Tenetiše 16A',NULL,'4204','Golnik',NULL,190,0),(500,467,'f','','maja','sirca','kolodvorska 3a',NULL,'6215','divača',NULL,190,0),(501,468,'f','','Nina','Skitek','V Boršt 1',NULL,'1235','Radomlje',NULL,190,0),(502,469,'f','','helena','gajšek','bodrisna vas 8',NULL,'3231','grobelno',NULL,190,0),(503,470,'f','','sandra','nučič','predole 10',NULL,'1290','grosuplje',NULL,190,0),(504,471,'f','','Petra','Komac','Postaja 14',NULL,'5216','Most na Soči',NULL,190,0),(505,472,'m','','Mirko','Blažič','Cesta treh talcev 28',NULL,'1240','kamnik',NULL,190,0),(506,473,'f','','Karmen','Bencik','BREZNIKOVA CESTA 61A, IHAN',NULL,'1230','Domžale',NULL,190,0),(507,474,'f','','TADEJA','OBRADOVIČ','ŠKRJANČEVO 102',NULL,'1235','RADOMLJE',NULL,190,0),(512,479,'f','','Nusa','Hocevar','Selo 18',NULL,'4274','Žirovnica',NULL,190,0),(509,476,'f','','Tanja','Lužnik','Selo 28',NULL,'4274','Žirovnica',NULL,190,0),(510,477,'f','','Maja','Lazar Jančič','Hermana Potočnika 9',NULL,'1000','Ljubljana',NULL,190,0),(511,478,'m','JAC, Jasko Kambur s.p.','jasko','kambur','kotlje 195',NULL,'2394','kotlje',NULL,190,0),(513,480,'m','','Luka','Mohar','Kuclerjeva ulica 1',NULL,'1360','Vrhnika',NULL,190,0),(514,481,'f','','RUDI','KLARIČ','PODGOZD 5',NULL,'1292','IG',NULL,190,0),(515,482,'f','','Sonja','Cvjetinovic','Slovenska cesta 82',NULL,'1234','Menges',NULL,190,0),(516,482,'f','','Jozi','Cvjetinovic','Slovenska cesta 82',NULL,'1234','Menges',NULL,190,0),(517,483,'f','','Sara','Zalezina','Zabukovje nad Sevnico 69',NULL,'8292','Zabukovje',NULL,190,0),(518,483,'m','','Dejan','Romih','Mrzla planina 45',NULL,'8292','Zabukovje',NULL,190,0),(519,484,'f','','Jasmina','Strnad','Podpeč 17',NULL,'1312','Videm-Dobrepolje',NULL,190,0),(520,484,'f','Onkološki inštitut Ljubjana','Jasmina','Strnad','Zaloška 2',NULL,'1000','Ljubljana',NULL,190,0),(521,485,'f','1988','Nataša','Kranjčič','Mestne njive 3',NULL,'8000','Novo mesto',NULL,190,0),(522,486,'f','','Nea','Hladnik Štucin','Visoče 16',NULL,'4290','Tržič',NULL,190,0),(523,487,'f','','Tinkara Roza','Kosi','Goriška 22',NULL,'2000','Maribor',NULL,190,0),(524,488,'m','','MARKO','FERK','glavni trg 24',NULL,'2000','Maribor',NULL,190,0),(525,489,'m','','Anton','Kresal','Frajhajm 32',NULL,'2315','Šmartno na Pohorju',NULL,190,0),(526,490,'f','','Ksenija','Stopar','Slap 75',NULL,'5271','Vipava',NULL,190,0),(527,491,'m','','Marcel','Kukovec','Zgornja Kungota 13g',NULL,'2201','Zgornja Kungota',NULL,190,0),(528,492,'m','Miha Podbevšek s.p.','Miha','Podbevšek','Špruha 4',NULL,'1236','Trzin',NULL,190,0),(529,493,'f','','Tina','Tajner','Litijska cesta 300g',NULL,'1261','Ljubljana Dobrunje',NULL,190,0),(530,494,'f','','PETRA','CERAR','LJUBLLJANSKA 24',NULL,'1230','DOMŽALE',NULL,190,0),(531,495,'f','','Janja','Kranjc','Maistrova 6',NULL,'8250','Brežice',NULL,190,0),(532,496,'m','','Vinko','Kavčič','Vojsko 12',NULL,'8282','Koprivnica',NULL,190,0),(533,497,'f','','Elizabeta','Praprotnik','Ročevnica 10',NULL,'4290','Tržič',NULL,190,0),(534,498,'m','','Joze','Kosmrl','Trata IX/9, Slovenija',NULL,'1330','Kocevje',NULL,190,0),(535,499,'m','','jaša','kramaršič','Zgornja javoršica 56',NULL,'1251','moravče',NULL,190,0),(537,501,'m','','Alen','Plut','Prisojna pot 22',NULL,'8000','Novo mesto',NULL,190,0),(538,502,'f','','Herta','Oresic','Gosposvetska 3',NULL,'2000','Maribor',NULL,190,0),(539,503,'f','','Nina','Lokovšek','Bajtova ulica 3',NULL,'1000','Ljubljana',NULL,190,0),(540,504,'f','','Katja','Širca','Vena Pilona 2',NULL,'6000','Koper',NULL,190,0),(541,505,'f','','Milena','Škrabl','Goriška 6',NULL,'2000','Maribor',NULL,190,0),(542,505,'m','','Albin','Škrabl','Goriška 6',NULL,'2000','Maribor',NULL,190,0),(543,506,'f','','Petra','Rozman','Besnica 56',NULL,'1000','Ljubljana',NULL,190,0),(544,507,'f','','Katarina','Hafner','Dražgoška ulica 14',NULL,'1000','Ljubljana',NULL,190,0),(545,508,'f','','Nataša','Tomić Daničić','Preglov trg 2',NULL,'1000','Ljubljana',NULL,190,0),(546,509,'f','Alumatik d.o.o.','Tjasa','Fidler Jasnic','Mokrska, 51f',NULL,'1000','Ljubljana',NULL,190,0),(547,510,'f','--','Mia','Dintinjana','Rusjanov trg 6',NULL,'1120','Ljubljana',NULL,190,0),(548,511,'m','Natura Classica','Vojo','Lukic','Monte Rosa 30',NULL,'1186 BZ','Amstelveen',NULL,150,0),(549,512,'f','Outfit7 Limited','Tina','Podgornik','Agiou Georgiou',NULL,'4607','Pissouri',NULL,55,0),(550,513,'m','','SLAVICA','GREGOR','VELIKI KAMEN 49',NULL,'8282','8282 KOPRIVNICA',NULL,190,0),(551,514,'f','','Alenka','Kljun','ul. Oktobrske revolucije 19b',NULL,'6310','Izola',NULL,190,0),(552,515,'f','','Maja','Kuralt','Dezmanova 1',NULL,'4248','Lesce',NULL,190,0),(553,516,'m','LGM d.o.o.','Gregor','Gregorc','Gorenjska cesta 20',NULL,'1234','Mengeš',NULL,190,0),(554,516,'m','','Gregor','Gregorc','Utik 53',NULL,'1217','Vodice',NULL,190,0),(555,517,'f','','Nataša','Sax','Trnovski pristan 4a',NULL,'1000','Ljubljana',NULL,190,0),(556,518,'f','','Barbara','Kvac','Sončni log 3',NULL,'1370','Logatec',NULL,190,0);

--
-- Table structure for table `address_format`
--

CREATE TABLE `address_format` (
  `address_format_id` int(11) NOT NULL AUTO_INCREMENT,
  `address_format` varchar(128) NOT NULL,
  `address_summary` varchar(48) NOT NULL,
  PRIMARY KEY (`address_format_id`)
) ENGINE=MyISAM AUTO_INCREMENT=7 DEFAULT CHARSET=utf8;

--
-- Dumping data for table `address_format`
--

INSERT INTO `address_format` VALUES (1,'$firstname $lastname$cr$streets$cr$city, $postcode$cr$statecomma$country','$city / $country'),(2,'$firstname $lastname$cr$streets$cr$city, $state    $postcode$cr$country','$city, $state / $country'),(3,'$firstname $lastname$cr$streets$cr$city$cr$postcode - $statecomma$country','$state / $country'),(4,'$firstname $lastname$cr$streets$cr$city ($postcode)$cr$country','$postcode / $country'),(5,'$firstname $lastname$cr$streets$cr$postcode $city$cr$country','$city / $country'),(6,'$firstname $lastname$cr$streets$cr SI-$postcode $city$cr$country','$city/$country');

--
-- Table structure for table `banners`
--

CREATE TABLE `banners` (
  `banners_id` int(11) NOT NULL AUTO_INCREMENT,
  `banners_title` varchar(64) NOT NULL,
  `banners_url` varchar(255) NOT NULL,
  `banners_image` varchar(64) NOT NULL,
  `banners_group` varchar(10) NOT NULL,
  `banners_html_text` text,
  `expires_impressions` int(7) DEFAULT '0',
  `expires_date` datetime DEFAULT NULL,
  `date_scheduled` datetime DEFAULT NULL,
  `date_added` datetime NOT NULL,
  `date_status_change` datetime DEFAULT NULL,
  `status` int(1) NOT NULL DEFAULT '1',
  PRIMARY KEY (`banners_id`),
  KEY `idx_banners_group` (`banners_group`)
) ENGINE=MyISAM DEFAULT CHARSET=utf8;

--
-- Dumping data for table `banners`
--


--
-- Table structure for table `banners_history`
--

CREATE TABLE `banners_history` (
  `banners_history_id` int(11) NOT NULL AUTO_INCREMENT,
  `banners_id` int(11) NOT NULL,
  `banners_shown` int(5) NOT NULL DEFAULT '0',
  `banners_clicked` int(5) NOT NULL DEFAULT '0',
  `banners_history_date` datetime NOT NULL,
  PRIMARY KEY (`banners_history_id`),
  KEY `idx_banners_history_banners_id` (`banners_id`)
) ENGINE=MyISAM DEFAULT CHARSET=utf8;

--
-- Dumping data for table `banners_history`
--


--
-- Table structure for table `categories`
--

CREATE TABLE `categories` (
  `categories_id` int(11) NOT NULL AUTO_INCREMENT,
  `categories_image` varchar(64) DEFAULT NULL,
  `parent_id` int(11) NOT NULL DEFAULT '0',
  `sort_order` int(3) DEFAULT NULL,
  `date_added` datetime DEFAULT NULL,
  `last_modified` datetime DEFAULT NULL,
  PRIMARY KEY (`categories_id`),
  KEY `idx_categories_parent_id` (`parent_id`)
) ENGINE=MyISAM AUTO_INCREMENT=62 DEFAULT CHARSET=utf8;

--
-- Dumping data for table `categories`
--

INSERT INTO `categories` VALUES (1,'pixel_trans.gif',0,50,'2009-01-09 10:00:00','2009-01-23 17:44:55'),(2,'pixel_trans.gif',1,1,'2009-01-09 10:00:01',NULL),(3,'pixel_trans.gif',1,2,'2009-01-09 10:00:02',NULL),(4,'pixel_trans.gif',1,3,'2009-01-09 10:00:03',NULL),(5,'pixel_trans.gif',0,51,'2009-01-09 10:00:04','2009-01-23 17:45:10'),(7,'pixel_trans.gif',0,3,'2009-01-09 10:00:06',NULL),(8,'pixel_trans.gif',7,1,'2009-01-09 10:00:07',NULL),(9,'pixel_trans.gif',7,2,'2009-01-09 10:00:08',NULL),(10,'pixel_trans.gif',0,4,'2009-01-09 10:00:09','2011-12-08 23:17:27'),(11,'pixel_trans.gif',10,1,'2009-01-09 10:00:10',NULL),(12,'pixel_trans.gif',10,2,'2009-01-09 10:00:11',NULL),(13,'pixel_trans.gif',10,3,'2009-01-09 10:00:12',NULL),(14,'pixel_trans.gif',10,4,'2009-01-09 10:00:13','2016-03-09 23:01:11'),(15,'pixel_trans.gif',10,5,'2009-01-09 10:00:14',NULL),(16,'pixel_trans.gif',0,5,'2009-01-09 10:00:15','2010-11-08 23:57:37'),(17,'pixel_trans.gif',16,1,'2009-01-09 10:00:16',NULL),(18,'pixel_trans.gif',16,2,'2009-01-09 10:00:17',NULL),(20,'pixel_trans.gif',0,6,'2009-01-09 10:00:19',NULL),(21,'pixel_trans.gif',0,7,'2009-01-09 10:00:20',NULL),(22,'pixel_trans.gif',21,1,'2009-01-09 10:00:21',NULL),(23,'pixel_trans.gif',21,2,'2009-01-09 10:00:22',NULL),(24,'pixel_trans.gif',21,3,'2009-01-09 10:00:23',NULL),(25,'pixel_trans.gif',0,8,'2009-01-09 10:00:24','2020-05-05 22:00:20'),(26,'pixel_trans.gif',25,1,'2009-01-09 10:00:25',NULL),(27,'pixel_trans.gif',25,2,'2009-01-09 10:00:26','2020-04-30 10:18:00'),(28,'pixel_trans.gif',25,3,'2009-01-09 10:00:27',NULL),(29,'pixel_trans.gif',0,9,'2009-01-09 10:00:28',NULL),(48,NULL,16,0,'2009-12-07 18:12:10','2009-12-07 18:12:18'),(31,'pixel_trans.gif',0,11,'2009-01-09 10:00:30','2020-04-23 21:12:12'),(32,'pixel_trans.gif',31,1,'2009-01-09 10:00:31',NULL),(33,'pixel_trans.gif',31,2,'2009-01-09 10:00:32',NULL),(35,'pixel_trans.gif',0,12,'2009-01-09 10:00:34',NULL),(36,'pixel_trans.gif',0,13,'2009-01-09 10:00:35',NULL),(37,'pixel_trans.gif',36,1,'2009-01-09 10:00:36',NULL),(38,'pixel_trans.gif',36,2,'2009-01-09 10:00:37',NULL),(39,'pixel_trans.gif',36,3,'2009-01-09 10:00:38',NULL),(40,'pixel_trans.gif',0,14,'2009-01-09 10:00:39',NULL),(41,'pixel_trans.gif',0,15,'2009-01-09 10:00:40','2012-10-30 23:53:41'),(43,'pladenj_za_prsut.jpg',47,1,'2009-01-09 10:00:42','2014-10-07 09:17:20'),(61,NULL,47,0,'2016-02-16 09:33:48',NULL),(45,'Kras_kamen_zivljenje.jpg',47,3,'2009-01-09 10:00:44','2009-03-06 20:21:01'),(47,'Knjiga Vremska dolina.JPG',0,16,'2009-03-06 20:03:36','2009-03-06 20:21:45'),(52,NULL,25,4,'2010-01-31 23:46:18','2010-01-31 23:47:50'),(53,NULL,0,11,'2011-04-14 21:38:01','2012-05-07 19:03:28'),(54,NULL,36,0,'2011-09-06 20:35:40',NULL),(55,NULL,36,0,'2011-10-19 22:52:28',NULL),(56,NULL,0,11,'2012-05-07 19:02:45','2012-05-07 19:03:17'),(57,NULL,47,0,'2012-10-15 20:59:08','2012-10-15 21:00:25'),(58,NULL,36,0,'2013-08-29 23:28:25',NULL),(59,NULL,16,0,'2014-02-27 22:24:39',NULL),(60,NULL,47,0,'2014-02-27 22:29:22',NULL);

--
-- Table structure for table `categories1`
--

CREATE TABLE `categories1` (
  `categories_id` int(11) NOT NULL AUTO_INCREMENT,
  `categories_image` varchar(64) DEFAULT NULL,
  `parent_id` int(11) NOT NULL DEFAULT '0',
  `sort_order` int(3) DEFAULT NULL,
  `date_added` datetime DEFAULT NULL,
  `last_modified` datetime DEFAULT NULL,
  PRIMARY KEY (`categories_id`),
  KEY `idx_categories_parent_id` (`parent_id`)
) ENGINE=MyISAM AUTO_INCREMENT=16 DEFAULT CHARSET=utf8;

--
-- Dumping data for table `categories1`
--

INSERT INTO `categories1` VALUES (1,'pixel_trans.gif',0,1,'2008-06-28 21:10:19',NULL),(2,'pixel_trans.gif',0,2,'2008-06-28 21:10:20',NULL),(3,'pixel_trans.gif',0,3,'2008-06-28 21:10:21',NULL),(4,'pixel_trans.gif',0,4,'2008-06-28 21:10:22',NULL),(5,'pixel_trans.gif',0,5,'2008-06-28 21:10:24',NULL),(6,'pixel_trans.gif',0,6,'2008-06-28 21:10:25',NULL),(7,'pixel_trans.gif',0,7,'2008-06-28 21:10:25',NULL),(8,'pixel_trans.gif',0,8,'2008-06-28 21:10:27',NULL),(9,'pixel_trans.gif',0,9,'2008-06-28 21:10:28',NULL),(10,'pixel_trans.gif',0,10,'2008-06-28 21:10:29',NULL),(11,'pixel_trans.gif',0,11,'2008-06-28 21:10:30',NULL),(12,'pixel_trans.gif',0,12,'2008-06-28 21:10:32',NULL),(13,'pixel_trans.gif',0,13,'2008-06-28 21:10:34',NULL),(14,'pixel_trans.gif',0,1,'2008-06-28 21:10:41','2008-10-29 16:14:19'),(15,'štaj-prem0,5l.JPG',0,0,'2008-10-17 17:55:24','2008-10-25 11:35:30');

--
-- Table structure for table `categories_description`
--

CREATE TABLE `categories_description` (
  `categories_id` int(11) NOT NULL DEFAULT '0',
  `language_id` int(11) NOT NULL DEFAULT '1',
  `categories_name` varchar(60) NOT NULL,
  PRIMARY KEY (`categories_id`,`language_id`),
  KEY `idx_categories_name` (`categories_name`)
) ENGINE=MyISAM DEFAULT CHARSET=utf8;

--
-- Dumping data for table `categories_description`
--

INSERT INTO `categories_description` VALUES (1,1,'Siri'),(2,1,'kravji siri'),(3,1,'ovčji siri'),(4,1,'kozji siri'),(5,1,'Mesnine'),(7,1,'Marmelade in sokovi'),(8,1,'marmelade'),(9,1,'sokovi'),(10,1,'Sladki program'),(11,1,'čokolade'),(12,1,'čokoladni bonboni in praline'),(13,1,'slano pecivo'),(14,1,'piškoti'),(15,1,'namazi'),(16,1,'Med in medica'),(17,1,'kraški med'),(18,1,'med izpod Snežnika'),(20,1,'Sušeno sadje'),(21,1,'Kisi'),(22,1,'sadni kisi'),(23,1,'balzamični kisi'),(24,1,'vinski kis'),(25,1,'Oljčna olja, pesto, namazi, vložene oljke'),(26,1,'oljčna olja'),(27,1,'pesto in namazi'),(28,1,'izdelki v oljčnem olju'),(29,1,'Bučna olja'),(48,1,'kočevski med'),(31,1,'Zelišča, čaji'),(32,1,'zelišča'),(33,1,'čaji'),(35,1,'Likerji'),(36,1,'Vina'),(37,1,'kraški vinorodni okoliš'),(38,1,'vina Slovenske Istre'),(39,1,'penine'),(40,1,'Žganja'),(41,1,'Darilne košare, ročke in kompleti'),(43,1,'izdelki iz kraškega kamna in lesa'),(61,1,'Naravna kozmetika'),(45,1,'knjige in vodniki'),(47,1,'Neživila'),(52,1,'zelenjava'),(53,1,'Orehova olja'),(54,1,'vipavski vinorodni okoliš'),(55,1,'štajerski vinorodni okoliš'),(56,1,'Sončnična olja'),(57,1,'voščilnice'),(58,1,'koprski vinorodni okoliš'),(59,1,'Plečnikov med'),(60,1,'Plečnikova skodelica');

--
-- Table structure for table `categories_description1`
--

CREATE TABLE `categories_description1` (
  `categories_id` int(11) NOT NULL DEFAULT '0',
  `language_id` int(11) NOT NULL DEFAULT '1',
  `categories_name` varchar(60) NOT NULL,
  PRIMARY KEY (`categories_id`,`language_id`),
  KEY `idx_categories_name` (`categories_name`)
) ENGINE=MyISAM DEFAULT CHARSET=utf8;

--
-- Dumping data for table `categories_description1`
--

INSERT INTO `categories_description1` VALUES (15,1,'Bučno olje'),(10,1,'Čokolade, slaščice, krekerji'),(14,1,'Darilni seti in košare'),(13,1,'Izdelki iz kamna, knjige'),(1,1,'Kraška in brkinska žganja'),(4,1,'Kraški med'),(8,1,'Likerji'),(7,1,'Marmelade in namazi'),(6,1,'Med izpod Snežnika'),(5,1,'Med z dodanimi eteričnimi olji'),(12,1,'Oljčno olje,vložene olive,pesto'),(2,1,'Sadni kisi in sokovi'),(3,1,'Suho sadje in moka'),(9,1,'Vina'),(11,1,'Zelišča in čaji, jurčki');

--
-- Table structure for table `configuration`
--

CREATE TABLE `configuration` (
  `configuration_id` int(11) NOT NULL AUTO_INCREMENT,
  `configuration_title` varchar(255) NOT NULL,
  `configuration_key` varchar(255) NOT NULL,
  `configuration_value` varchar(255) NOT NULL,
  `configuration_description` varchar(255) NOT NULL,
  `configuration_group_id` int(11) NOT NULL,
  `sort_order` int(5) DEFAULT NULL,
  `last_modified` datetime DEFAULT NULL,
  `date_added` datetime NOT NULL,
  `use_function` varchar(255) DEFAULT NULL,
  `set_function` varchar(255) DEFAULT NULL,
  PRIMARY KEY (`configuration_id`)
) ENGINE=MyISAM AUTO_INCREMENT=152 DEFAULT CHARSET=utf8;

--
-- Dumping data for table `configuration`
--



--
-- Table structure for table `configuration_group`
--

CREATE TABLE `configuration_group` (
  `configuration_group_id` int(11) NOT NULL AUTO_INCREMENT,
  `configuration_group_title` varchar(64) NOT NULL,
  `configuration_group_description` varchar(255) NOT NULL,
  `sort_order` int(5) DEFAULT NULL,
  `visible` int(1) DEFAULT '1',
  PRIMARY KEY (`configuration_group_id`)
) ENGINE=MyISAM AUTO_INCREMENT=16 DEFAULT CHARSET=utf8;

--
-- Dumping data for table `configuration_group`
--

INSERT INTO `configuration_group` VALUES (1,'My Store','General information about my store',1,1),(2,'Minimum Values','The minimum values for functions / data',2,1),(3,'Maximum Values','The maximum values for functions / data',3,1),(4,'Images','Image parameters',4,1),(5,'Customer Details','Customer account configuration',5,1),(6,'Module Options','Hidden from configuration',6,0),(7,'Shipping/Packaging','Shipping options available at my store',7,1),(8,'Product Listing','Product Listing    configuration options',8,1),(9,'Stock','Stock configuration options',9,1),(10,'Logging','Logging configuration options',10,1),(11,'Cache','Caching configuration options',11,1),(12,'E-Mail Options','General setting for E-Mail transport and HTML E-Mails',12,1),(13,'Download','Downloadable products options',13,1),(14,'GZip Compression','GZip compression options',14,1),(15,'Sessions','Session options',15,1);

--
-- Table structure for table `counter`
--

CREATE TABLE `counter` (
  `startdate` char(8) DEFAULT NULL,
  `counter` int(12) DEFAULT NULL
) ENGINE=MyISAM DEFAULT CHARSET=utf8;

--
-- Dumping data for table `counter`
--

INSERT INTO `counter` VALUES ('20080708',5051726);

--
-- Table structure for table `counter_history`
--

CREATE TABLE `counter_history` (
  `month` char(8) DEFAULT NULL,
  `counter` int(12) DEFAULT NULL
) ENGINE=MyISAM DEFAULT CHARSET=utf8;

--
-- Dumping data for table `counter_history`
--


--
-- Table structure for table `countries`
--

CREATE TABLE `countries` (
  `countries_id` int(11) NOT NULL AUTO_INCREMENT,
  `countries_name` varchar(64) NOT NULL,
  `countries_iso_code_2` char(2) NOT NULL,
  `countries_iso_code_3` char(3) NOT NULL,
  `address_format_id` int(11) NOT NULL,
  PRIMARY KEY (`countries_id`),
  KEY `IDX_COUNTRIES_NAME` (`countries_name`)
) ENGINE=MyISAM AUTO_INCREMENT=240 DEFAULT CHARSET=utf8;

--
-- Dumping data for table `countries`
--

INSERT INTO `countries` VALUES (1,'Afghanistan','AF','AFG',1),(2,'Albania','AL','ALB',1),(3,'Algeria','DZ','DZA',1),(4,'American Samoa','AS','ASM',1),(5,'Andorra','AD','AND',1),(6,'Angola','AO','AGO',1),(7,'Anguilla','AI','AIA',1),(8,'Antarctica','AQ','ATA',1),(9,'Antigua and Barbuda','AG','ATG',1),(10,'Argentina','AR','ARG',1),(11,'Armenia','AM','ARM',1),(12,'Aruba','AW','ABW',1),(13,'Australia','AU','AUS',1),(14,'Austria','AT','AUT',5),(15,'Azerbaijan','AZ','AZE',1),(16,'Bahamas','BS','BHS',1),(17,'Bahrain','BH','BHR',1),(18,'Bangladesh','BD','BGD',1),(19,'Barbados','BB','BRB',1),(20,'Belarus','BY','BLR',1),(21,'Belgium','BE','BEL',1),(22,'Belize','BZ','BLZ',1),(23,'Benin','BJ','BEN',1),(24,'Bermuda','BM','BMU',1),(25,'Bhutan','BT','BTN',1),(26,'Bolivia','BO','BOL',1),(27,'Bosnia and Herzegowina','BA','BIH',1),(28,'Botswana','BW','BWA',1),(29,'Bouvet Island','BV','BVT',1),(30,'Brazil','BR','BRA',1),(31,'British Indian Ocean Territory','IO','IOT',1),(32,'Brunei Darussalam','BN','BRN',1),(33,'Bulgaria','BG','BGR',1),(34,'Burkina Faso','BF','BFA',1),(35,'Burundi','BI','BDI',1),(36,'Cambodia','KH','KHM',1),(37,'Cameroon','CM','CMR',1),(38,'Canada','CA','CAN',1),(39,'Cape Verde','CV','CPV',1),(40,'Cayman Islands','KY','CYM',1),(41,'Central African Republic','CF','CAF',1),(42,'Chad','TD','TCD',1),(43,'Chile','CL','CHL',1),(44,'China','CN','CHN',1),(45,'Christmas Island','CX','CXR',1),(46,'Cocos (Keeling) Islands','CC','CCK',1),(47,'Colombia','CO','COL',1),(48,'Comoros','KM','COM',1),(49,'Congo','CG','COG',1),(50,'Cook Islands','CK','COK',1),(51,'Costa Rica','CR','CRI',1),(52,'Cote D\'Ivoire','CI','CIV',1),(53,'Croatia','HR','HRV',1),(54,'Cuba','CU','CUB',1),(55,'Cyprus','CY','CYP',1),(56,'Czech Republic','CZ','CZE',1),(57,'Denmark','DK','DNK',1),(58,'Djibouti','DJ','DJI',1),(59,'Dominica','DM','DMA',1),(60,'Dominican Republic','DO','DOM',1),(61,'East Timor','TP','TMP',1),(62,'Ecuador','EC','ECU',1),(63,'Egypt','EG','EGY',1),(64,'El Salvador','SV','SLV',1),(65,'Equatorial Guinea','GQ','GNQ',1),(66,'Eritrea','ER','ERI',1),(67,'Estonia','EE','EST',1),(68,'Ethiopia','ET','ETH',1),(69,'Falkland Islands (Malvinas)','FK','FLK',1),(70,'Faroe Islands','FO','FRO',1),(71,'Fiji','FJ','FJI',1),(72,'Finland','FI','FIN',1),(73,'France','FR','FRA',1),(74,'France, Metropolitan','FX','FXX',1),(75,'French Guiana','GF','GUF',1),(76,'French Polynesia','PF','PYF',1),(77,'French Southern Territories','TF','ATF',1),(78,'Gabon','GA','GAB',1),(79,'Gambia','GM','GMB',1),(80,'Georgia','GE','GEO',1),(81,'Germany','DE','DEU',5),(82,'Ghana','GH','GHA',1),(83,'Gibraltar','GI','GIB',1),(84,'Greece','GR','GRC',1),(85,'Greenland','GL','GRL',1),(86,'Grenada','GD','GRD',1),(87,'Guadeloupe','GP','GLP',1),(88,'Guam','GU','GUM',1),(89,'Guatemala','GT','GTM',1),(90,'Guinea','GN','GIN',1),(91,'Guinea-bissau','GW','GNB',1),(92,'Guyana','GY','GUY',1),(93,'Haiti','HT','HTI',1),(94,'Heard and Mc Donald Islands','HM','HMD',1),(95,'Honduras','HN','HND',1),(96,'Hong Kong','HK','HKG',1),(97,'Hungary','HU','HUN',1),(98,'Iceland','IS','ISL',1),(99,'India','IN','IND',1),(100,'Indonesia','ID','IDN',1),(101,'Iran (Islamic Republic of)','IR','IRN',1),(102,'Iraq','IQ','IRQ',1),(103,'Ireland','IE','IRL',1),(104,'Israel','IL','ISR',1),(105,'Italy','IT','ITA',1),(106,'Jamaica','JM','JAM',1),(107,'Japan','JP','JPN',1),(108,'Jordan','JO','JOR',1),(109,'Kazakhstan','KZ','KAZ',1),(110,'Kenya','KE','KEN',1),(111,'Kiribati','KI','KIR',1),(112,'Korea, Democratic People\'s Republic of','KP','PRK',1),(113,'Korea, Republic of','KR','KOR',1),(114,'Kuwait','KW','KWT',1),(115,'Kyrgyzstan','KG','KGZ',1),(116,'Lao People\'s Democratic Republic','LA','LAO',1),(117,'Latvia','LV','LVA',1),(118,'Lebanon','LB','LBN',1),(119,'Lesotho','LS','LSO',1),(120,'Liberia','LR','LBR',1),(121,'Libyan Arab Jamahiriya','LY','LBY',1),(122,'Liechtenstein','LI','LIE',1),(123,'Lithuania','LT','LTU',1),(124,'Luxembourg','LU','LUX',1),(125,'Macau','MO','MAC',1),(126,'Macedonia, The Former Yugoslav Republic of','MK','MKD',1),(127,'Madagascar','MG','MDG',1),(128,'Malawi','MW','MWI',1),(129,'Malaysia','MY','MYS',1),(130,'Maldives','MV','MDV',1),(131,'Mali','ML','MLI',1),(132,'Malta','MT','MLT',1),(133,'Marshall Islands','MH','MHL',1),(134,'Martinique','MQ','MTQ',1),(135,'Mauritania','MR','MRT',1),(136,'Mauritius','MU','MUS',1),(137,'Mayotte','YT','MYT',1),(138,'Mexico','MX','MEX',1),(139,'Micronesia, Federated States of','FM','FSM',1),(140,'Moldova, Republic of','MD','MDA',1),(141,'Monaco','MC','MCO',1),(142,'Mongolia','MN','MNG',1),(143,'Montserrat','MS','MSR',1),(144,'Morocco','MA','MAR',1),(145,'Mozambique','MZ','MOZ',1),(146,'Myanmar','MM','MMR',1),(147,'Namibia','NA','NAM',1),(148,'Nauru','NR','NRU',1),(149,'Nepal','NP','NPL',1),(150,'Netherlands','NL','NLD',1),(151,'Netherlands Antilles','AN','ANT',1),(152,'New Caledonia','NC','NCL',1),(153,'New Zealand','NZ','NZL',1),(154,'Nicaragua','NI','NIC',1),(155,'Niger','NE','NER',1),(156,'Nigeria','NG','NGA',1),(157,'Niue','NU','NIU',1),(158,'Norfolk Island','NF','NFK',1),(159,'Northern Mariana Islands','MP','MNP',1),(160,'Norway','NO','NOR',1),(161,'Oman','OM','OMN',1),(162,'Pakistan','PK','PAK',1),(163,'Palau','PW','PLW',1),(164,'Panama','PA','PAN',1),(165,'Papua New Guinea','PG','PNG',1),(166,'Paraguay','PY','PRY',1),(167,'Peru','PE','PER',1),(168,'Philippines','PH','PHL',1),(169,'Pitcairn','PN','PCN',1),(170,'Poland','PL','POL',1),(171,'Portugal','PT','PRT',1),(172,'Puerto Rico','PR','PRI',1),(173,'Qatar','QA','QAT',1),(174,'Reunion','RE','REU',1),(175,'Romania','RO','ROM',1),(176,'Russian Federation','RU','RUS',1),(177,'Rwanda','RW','RWA',1),(178,'Saint Kitts and Nevis','KN','KNA',1),(179,'Saint Lucia','LC','LCA',1),(180,'Saint Vincent and the Grenadines','VC','VCT',1),(181,'Samoa','WS','WSM',1),(182,'San Marino','SM','SMR',1),(183,'Sao Tome and Principe','ST','STP',1),(184,'Saudi Arabia','SA','SAU',1),(185,'Senegal','SN','SEN',1),(186,'Seychelles','SC','SYC',1),(187,'Sierra Leone','SL','SLE',1),(188,'Singapore','SG','SGP',4),(189,'Slovakia (Slovak Republic)','SK','SVK',1),(190,'Slovenija','SI','SVN',6),(191,'Solomon Islands','SB','SLB',1),(192,'Somalia','SO','SOM',1),(193,'South Africa','ZA','ZAF',1),(194,'South Georgia and the South Sandwich Islands','GS','SGS',1),(195,'Spain','ES','ESP',3),(196,'Sri Lanka','LK','LKA',1),(197,'St. Helena','SH','SHN',1),(198,'St. Pierre and Miquelon','PM','SPM',1),(199,'Sudan','SD','SDN',1),(200,'Suriname','SR','SUR',1),(201,'Svalbard and Jan Mayen Islands','SJ','SJM',1),(202,'Swaziland','SZ','SWZ',1),(203,'Sweden','SE','SWE',1),(204,'Switzerland','CH','CHE',1),(205,'Syrian Arab Republic','SY','SYR',1),(206,'Taiwan','TW','TWN',1),(207,'Tajikistan','TJ','TJK',1),(208,'Tanzania, United Republic of','TZ','TZA',1),(209,'Thailand','TH','THA',1),(210,'Togo','TG','TGO',1),(211,'Tokelau','TK','TKL',1),(212,'Tonga','TO','TON',1),(213,'Trinidad and Tobago','TT','TTO',1),(214,'Tunisia','TN','TUN',1),(215,'Turkey','TR','TUR',1),(216,'Turkmenistan','TM','TKM',1),(217,'Turks and Caicos Islands','TC','TCA',1),(218,'Tuvalu','TV','TUV',1),(219,'Uganda','UG','UGA',1),(220,'Ukraine','UA','UKR',1),(221,'United Arab Emirates','AE','ARE',1),(222,'United Kingdom','GB','GBR',1),(223,'United States','US','USA',2),(224,'United States Minor Outlying Islands','UM','UMI',1),(225,'Uruguay','UY','URY',1),(226,'Uzbekistan','UZ','UZB',1),(227,'Vanuatu','VU','VUT',1),(228,'Vatican City State (Holy See)','VA','VAT',1),(229,'Venezuela','VE','VEN',1),(230,'Viet Nam','VN','VNM',1),(231,'Virgin Islands (British)','VG','VGB',1),(232,'Virgin Islands (U.S.)','VI','VIR',1),(233,'Wallis and Futuna Islands','WF','WLF',1),(234,'Western Sahara','EH','ESH',1),(235,'Yemen','YE','YEM',1),(236,'Yugoslavia','YU','YUG',1),(237,'Zaire','ZR','ZAR',1),(238,'Zambia','ZM','ZMB',1),(239,'Zimbabwe','ZW','ZWE',1);

--
-- Table structure for table `currencies`
--

CREATE TABLE `currencies` (
  `currencies_id` int(11) NOT NULL AUTO_INCREMENT,
  `title` varchar(32) NOT NULL,
  `code` char(3) NOT NULL,
  `symbol_left` varchar(12) DEFAULT NULL,
  `symbol_right` varchar(12) DEFAULT NULL,
  `decimal_point` char(1) DEFAULT NULL,
  `thousands_point` char(1) DEFAULT NULL,
  `decimal_places` char(1) DEFAULT NULL,
  `value` float(13,8) DEFAULT NULL,
  `last_updated` datetime DEFAULT NULL,
  PRIMARY KEY (`currencies_id`),
  KEY `idx_currencies_code` (`code`)
) ENGINE=MyISAM AUTO_INCREMENT=3 DEFAULT CHARSET=utf8;

--
-- Dumping data for table `currencies`
--

INSERT INTO `currencies` VALUES (1,'US Dollar','USD','$','','.',',','2',1.42789996,'2008-09-09 02:47:09'),(2,'Euro','EUR','','€',',','.','2',1.00000000,'2008-09-09 02:47:10');

--
-- Table structure for table `customers_basket`
--

CREATE TABLE `customers_basket` (
  `customers_basket_id` int(11) NOT NULL AUTO_INCREMENT,
  `customers_id` int(11) NOT NULL,
  `products_id` tinytext NOT NULL,
  `customers_basket_quantity` int(2) NOT NULL,
  `final_price` decimal(15,4) DEFAULT NULL,
  `customers_basket_date_added` char(8) DEFAULT NULL,
  PRIMARY KEY (`customers_basket_id`),
  KEY `idx_customers_basket_customers_id` (`customers_id`)
) ENGINE=MyISAM AUTO_INCREMENT=1512 DEFAULT CHARSET=utf8;

--
-- Dumping data for table `customers_basket`
--

INSERT INTO `customers_basket` VALUES (48,36,'38',1,NULL,'20090120'),(47,36,'162',1,NULL,'20090120'),(800,290,'491',1,NULL,'20131021'),(1419,486,'3',1,NULL,'20200419'),(1245,436,'235',2,NULL,'20160408'),(230,100,'59',2,NULL,'20091228'),(638,234,'508',1,NULL,'20120822'),(1185,412,'579',1,NULL,'20151020'),(84,49,'207',6,NULL,'20090318'),(83,49,'208',2,NULL,'20090318'),(1244,435,'4',1,NULL,'20160407'),(1427,490,'173',1,NULL,'20200503'),(179,77,'2',1,NULL,'20091008'),(1040,215,'444',1,NULL,'20141210'),(126,59,'20',1,NULL,'20090625'),(137,63,'207',1,NULL,'20090715'),(162,71,'106',1,NULL,'20090923'),(225,95,'107',1,NULL,'20091218'),(224,95,'108',1,NULL,'20091218'),(1039,215,'435',1,NULL,'20141210'),(1012,2,'613',1,NULL,'20141104'),(267,113,'199',1,NULL,'20100329'),(414,164,'207',1,NULL,'20110404'),(413,164,'196',1,NULL,'20110404'),(1510,517,'669',1,NULL,'20201103'),(259,109,'59',1,NULL,'20100213'),(1509,517,'603',1,NULL,'20201103'),(1508,517,'249',1,NULL,'20201103'),(283,114,'49',2,NULL,'20100411'),(282,114,'46',2,NULL,'20100411'),(281,114,'55',3,NULL,'20100411'),(333,134,'16',1,NULL,'20100928'),(306,121,'173',1,NULL,'20100621'),(329,129,'44',1,NULL,'20100830'),(323,127,'383',1,NULL,'20100820'),(322,127,'4',1,NULL,'20100820'),(1501,514,'308',1,NULL,'20201101'),(400,158,'209',1,NULL,'20110206'),(1502,515,'58',1,NULL,'20201101'),(799,290,'44',1,NULL,'20131021'),(1043,215,'313',1,NULL,'20141210'),(798,290,'315',1,NULL,'20131021'),(797,289,'20',1,NULL,'20131012'),(787,286,'562',1,NULL,'20130930'),(786,286,'3',1,NULL,'20130930'),(1008,349,'287',1,NULL,'20141016'),(1464,504,'385',1,NULL,'20200922'),(477,186,'315',1,NULL,'20111115'),(1041,215,'442',1,NULL,'20141210'),(1036,361,'582',1,NULL,'20141208'),(735,266,'173',1,NULL,'20130326'),(729,264,'541',1,NULL,'20130307'),(518,194,'3',1,NULL,'20111210'),(1507,517,'553',1,NULL,'20201103'),(692,210,'350',1,NULL,'20121212'),(691,210,'52',1,NULL,'20121212'),(623,224,'288',5,NULL,'20120610'),(624,224,'291',2,NULL,'20120610'),(587,213,'246',1,NULL,'20120409'),(586,212,'173',1,NULL,'20120325'),(1497,511,'385',1,NULL,'20201026'),(677,248,'397',1,NULL,'20121202'),(1420,486,'554',1,NULL,'20200419'),(1029,356,'289',1,NULL,'20141121'),(1496,510,'733',3,NULL,'20201021'),(818,300,'469',1,NULL,'20131115'),(817,300,'536',1,NULL,'20131115'),(816,299,'16',1,NULL,'20131113'),(813,296,'554',1,NULL,'20131108'),(1045,215,'312',1,NULL,'20141210'),(967,330,'289',1,NULL,'20140721'),(1511,518,'44',1,NULL,'20201107'),(969,330,'321',1,NULL,'20140721'),(970,330,'585',1,NULL,'20140721'),(1435,447,'27',1,NULL,'20200604'),(865,61,'578',1,NULL,'20131216'),(864,61,'581',1,NULL,'20131216'),(863,61,'580',1,NULL,'20131216'),(841,305,'554',1,NULL,'20131205'),(1046,215,'443',1,NULL,'20141210'),(1044,215,'548',1,NULL,'20141210'),(1028,356,'20',1,NULL,'20141121'),(1426,489,'4',2,NULL,'20200427'),(971,330,'411',1,NULL,'20140721'),(1495,510,'554',2,NULL,'20201021'),(1042,215,'441',1,NULL,'20141210'),(1007,349,'541',1,NULL,'20141016'),(1050,364,'582',2,NULL,'20141213'),(1184,412,'249',1,NULL,'20151020'),(1183,404,'443',1,NULL,'20151009'),(1299,455,'249',1,NULL,'20160916'),(1459,501,'731',1,NULL,'20200902'),(1152,401,'409',1,NULL,'20150708'),(1151,400,'4',1,NULL,'20150626'),(1114,384,'149',1,NULL,'20150126'),(1182,411,'582',1,NULL,'20151001'),(1180,409,'603',1,NULL,'20150928'),(1179,409,'249',1,NULL,'20150928'),(1186,413,'294',1,NULL,'20151021'),(1203,420,'357',1,NULL,'20151126'),(1191,415,'242',1,NULL,'20151106'),(1453,447,'59',1,NULL,'20200723'),(1240,433,'438',1,NULL,'20160314'),(1232,429,'3',1,NULL,'20160104'),(1225,427,'475',1,NULL,'20151224'),(1292,452,'450',1,NULL,'20160802'),(1291,452,'59',1,NULL,'20160802'),(1286,450,'38',2,NULL,'20160722'),(1285,449,'158',1,NULL,'20160717'),(1266,445,'201',1,NULL,'20160613'),(1256,440,'610',1,NULL,'20160501'),(1298,454,'291',1,NULL,'20160823'),(1340,468,'201',1,NULL,'20161128'),(1409,482,'691',1,NULL,'20170208'),(1349,469,'640',1,NULL,'20161129'),(1350,469,'639',1,NULL,'20161129'),(1408,482,'108',1,NULL,'20170208'),(1407,482,'684',1,NULL,'20170208'),(1406,482,'657',1,NULL,'20170208'),(1405,482,'646',1,NULL,'20170208'),(1487,508,'554',1,NULL,'20201015'),(1395,477,'490',1,NULL,'20170102'),(1394,477,'639',1,NULL,'20170102');

--
-- Table structure for table `customers_basket_attributes`
--

CREATE TABLE `customers_basket_attributes` (
  `customers_basket_attributes_id` int(11) NOT NULL AUTO_INCREMENT,
  `customers_id` int(11) NOT NULL,
  `products_id` tinytext NOT NULL,
  `products_options_id` int(11) NOT NULL,
  `products_options_value_id` int(11) NOT NULL,
  PRIMARY KEY (`customers_basket_attributes_id`),
  KEY `idx_customers_basket_att_customers_id` (`customers_id`)
) ENGINE=MyISAM DEFAULT CHARSET=utf8;

--
-- Dumping data for table `customers_basket_attributes`
--


--
-- Table structure for table `customers_info`
--

CREATE TABLE `customers_info` (
  `customers_info_id` int(11) NOT NULL,
  `customers_info_date_of_last_logon` datetime DEFAULT NULL,
  `customers_info_number_of_logons` int(5) DEFAULT NULL,
  `customers_info_date_account_created` datetime DEFAULT NULL,
  `customers_info_date_account_last_modified` datetime DEFAULT NULL,
  `global_product_notifications` int(1) DEFAULT '0',
  PRIMARY KEY (`customers_info_id`)
) ENGINE=MyISAM DEFAULT CHARSET=utf8;

--
-- Dumping data for table `customers_info`
--

INSERT INTO `customers_info` VALUES (1,'2011-07-31 01:24:53',11,'2008-07-08 17:06:39',NULL,0),(2,'2014-11-04 12:38:11',16,'2008-07-09 13:26:56',NULL,0),(3,NULL,0,'2008-07-12 10:57:32',NULL,0),(4,NULL,0,'2008-07-26 00:12:57','2008-07-26 00:58:29',1),(5,NULL,0,'2008-07-26 09:28:39','2008-07-26 11:35:45',0),(6,NULL,0,'2008-08-05 08:44:03',NULL,0),(7,NULL,0,'2008-08-07 08:37:18',NULL,0),(8,NULL,0,'2008-08-07 08:42:20',NULL,0),(9,NULL,0,'2008-08-07 21:48:59',NULL,0),(10,NULL,0,'2008-08-08 07:56:06',NULL,0),(11,NULL,0,'2008-08-09 18:32:49',NULL,0),(12,NULL,0,'2008-08-13 08:08:38',NULL,0),(13,NULL,0,'2008-08-22 12:29:13',NULL,0),(14,'2008-10-12 06:13:42',1,'2008-10-11 20:15:13',NULL,0),(15,'2008-11-11 13:25:39',1,'2008-11-10 15:15:43',NULL,0),(16,NULL,0,'2008-11-13 09:13:36','2008-11-13 11:58:44',0),(17,NULL,0,'2008-11-24 15:03:16','2008-11-24 18:25:59',0),(18,NULL,0,'2008-11-25 11:19:53','2008-11-28 18:36:34',0),(19,NULL,0,'2008-11-25 20:27:14','2008-11-28 18:28:48',0),(20,NULL,0,'2008-11-28 11:48:10','2008-11-28 17:43:14',0),(21,NULL,0,'2008-11-30 10:26:53','2008-12-01 18:21:03',0),(22,NULL,0,'2008-12-10 19:25:58',NULL,0),(23,'2008-12-22 08:29:31',1,'2008-12-11 09:07:10',NULL,0),(24,NULL,0,'2008-12-11 09:51:49',NULL,0),(25,'2008-12-22 08:15:26',1,'2008-12-15 08:08:46',NULL,0),(26,'2009-03-07 17:38:13',2,'2008-12-16 18:40:12',NULL,0),(27,NULL,0,'2008-12-17 12:22:39',NULL,0),(28,NULL,0,'2008-12-18 09:46:07',NULL,0),(29,NULL,0,'2008-12-19 01:23:39',NULL,0),(32,'2016-09-24 23:24:30',26,'2009-01-08 15:09:46','2016-08-28 11:13:01',1),(31,NULL,0,'2008-12-26 18:14:20',NULL,0),(33,NULL,0,'2009-01-09 08:41:07',NULL,0),(34,NULL,0,'2009-01-13 12:26:59',NULL,0),(35,'2009-01-13 15:46:51',1,'2009-01-13 15:44:35',NULL,0),(36,'2009-01-20 21:01:08',4,'2009-01-19 21:48:20',NULL,0),(37,'2009-02-26 08:03:33',1,'2009-01-20 13:38:13',NULL,0),(38,NULL,0,'2009-02-10 15:20:21',NULL,0),(39,NULL,0,'2009-02-12 11:54:14',NULL,0),(40,NULL,0,'2009-02-12 13:07:01',NULL,0),(41,NULL,0,'2009-02-12 14:04:17',NULL,0),(42,NULL,0,'2009-02-19 17:27:27',NULL,0),(43,'2012-10-31 16:40:29',1,'2009-02-25 14:24:44',NULL,0),(44,NULL,0,'2009-02-28 23:56:26',NULL,0),(45,NULL,0,'2009-03-03 08:37:07',NULL,0),(46,'2015-12-04 14:05:54',8,'2009-03-03 19:13:47',NULL,0),(47,NULL,0,'2009-03-05 21:00:59',NULL,0),(48,NULL,0,'2009-03-09 08:15:59',NULL,0),(49,NULL,0,'2009-03-18 09:31:05',NULL,0),(50,NULL,0,'2009-04-03 08:35:43',NULL,0),(51,'2009-06-21 22:38:48',1,'2009-04-09 19:26:56',NULL,0),(52,'2009-04-20 13:34:12',1,'2009-04-20 12:02:42',NULL,0),(53,NULL,0,'2009-05-06 08:36:13',NULL,0),(54,'2010-04-06 06:54:23',2,'2009-05-18 22:04:47',NULL,0),(55,NULL,0,'2009-06-08 09:21:22',NULL,0),(56,NULL,0,'2009-06-12 13:55:31',NULL,0),(57,NULL,0,'2009-06-17 07:23:46',NULL,0),(58,NULL,0,'2009-06-18 22:19:49',NULL,0),(59,NULL,0,'2009-06-25 18:37:56',NULL,0),(60,NULL,0,'2009-06-28 11:08:51',NULL,0),(61,'2013-12-16 16:47:48',3,'2009-06-29 14:12:02',NULL,0),(62,NULL,0,'2009-07-06 15:43:42',NULL,0),(63,NULL,0,'2009-07-15 18:39:49',NULL,0),(64,NULL,0,'2009-07-20 22:02:37',NULL,0),(65,NULL,0,'2009-08-19 22:49:54',NULL,0),(66,NULL,0,'2009-08-25 14:34:07',NULL,0),(67,NULL,0,'2009-09-02 16:03:32',NULL,0),(68,NULL,0,'2009-09-09 00:07:52',NULL,0),(69,NULL,0,'2009-09-10 12:16:47',NULL,0),(70,NULL,0,'2009-09-13 01:06:36',NULL,0),(71,NULL,0,'2009-09-23 16:34:28',NULL,0),(72,'2009-09-29 10:00:40',1,'2009-09-28 09:04:24',NULL,0),(73,NULL,0,'2009-09-28 21:49:33',NULL,0),(74,NULL,0,'2009-09-30 09:23:45',NULL,0),(75,NULL,0,'2009-10-05 21:28:31',NULL,0),(76,'2009-10-07 21:29:38',1,'2009-10-07 14:57:24',NULL,0),(77,NULL,0,'2009-10-08 12:04:26',NULL,0),(78,NULL,0,'2009-10-15 19:41:06',NULL,0),(79,NULL,0,'2009-10-17 09:46:36',NULL,0),(80,NULL,0,'2009-10-20 13:11:41',NULL,0),(81,'2009-10-21 12:07:13',1,'2009-10-21 11:50:13',NULL,0),(82,NULL,0,'2009-10-21 12:01:03','2009-10-21 12:11:39',0),(83,'2010-06-03 14:05:21',4,'2009-11-02 15:43:10',NULL,0),(84,'2009-11-12 19:50:31',2,'2009-11-10 10:51:07',NULL,1),(85,'2009-11-18 09:43:11',1,'2009-11-13 21:43:38',NULL,0),(86,'2009-11-15 14:14:59',2,'2009-11-14 22:29:41',NULL,0),(87,'2009-11-23 09:42:09',2,'2009-11-17 14:20:26',NULL,0),(88,NULL,0,'2009-11-18 18:21:13',NULL,0),(89,NULL,0,'2009-11-19 11:03:48',NULL,0),(90,NULL,0,'2009-11-22 13:38:07',NULL,0),(91,NULL,0,'2009-12-02 07:06:23',NULL,0),(92,NULL,0,'2009-12-03 10:56:02',NULL,0),(93,NULL,0,'2009-12-08 18:28:29',NULL,0),(94,NULL,0,'2009-12-16 16:49:07',NULL,0),(95,NULL,0,'2009-12-18 17:13:20',NULL,0),(96,'2009-12-22 15:33:22',2,'2009-12-22 15:29:54',NULL,0),(97,NULL,0,'2009-12-23 07:16:58',NULL,0),(98,NULL,0,'2009-12-23 10:45:07',NULL,0),(99,NULL,0,'2009-12-23 12:07:38',NULL,0),(100,NULL,0,'2009-12-28 09:36:36',NULL,0),(101,'2015-07-14 17:50:42',1,'2009-12-30 16:19:33',NULL,0),(102,NULL,0,'2010-01-02 12:57:42',NULL,0),(103,NULL,0,'2010-01-16 19:44:16',NULL,0),(104,NULL,0,'2010-01-23 12:12:12',NULL,0),(105,NULL,0,'2010-01-26 21:35:54',NULL,0),(106,NULL,0,'2010-01-29 13:21:54',NULL,0),(107,NULL,0,'2010-02-01 09:05:33',NULL,0),(108,NULL,0,'2010-02-12 16:54:26',NULL,0),(109,NULL,0,'2010-02-13 05:58:41',NULL,0),(110,NULL,0,'2010-02-28 19:16:43',NULL,0),(111,NULL,0,'2010-03-01 13:37:34',NULL,0),(112,'2011-11-15 09:42:54',3,'2010-03-03 09:42:49',NULL,0),(113,'2010-03-29 22:38:06',1,'2010-03-29 07:45:29',NULL,0),(114,NULL,0,'2010-04-11 17:31:56','2010-04-11 17:34:32',0),(115,NULL,0,'2010-04-12 16:43:56',NULL,0),(116,NULL,0,'2010-04-13 20:53:03',NULL,0),(117,'2014-01-31 21:16:39',10,'2010-04-29 21:43:27','2011-02-21 11:12:27',0),(118,'2010-05-04 19:37:23',1,'2010-05-04 06:45:53','2010-05-04 06:54:58',0),(119,NULL,0,'2010-05-15 01:08:23',NULL,0),(120,'2010-05-27 20:43:11',1,'2010-05-27 20:24:20','2010-05-27 20:45:02',0),(121,NULL,0,'2010-06-21 13:27:50',NULL,0),(122,NULL,0,'2010-07-17 18:00:24',NULL,0),(123,NULL,0,'2010-07-20 15:37:12',NULL,0),(124,'2010-10-17 15:50:08',1,'2010-07-26 11:56:09',NULL,0),(125,'2013-10-20 17:08:51',2,'2010-08-08 10:20:57','2013-10-20 17:09:54',0),(126,NULL,0,'2010-08-10 22:13:50',NULL,0),(127,NULL,0,'2010-08-20 08:07:10',NULL,0),(128,NULL,0,'2010-08-23 13:16:31',NULL,0),(129,NULL,0,'2010-08-30 16:09:22',NULL,0),(130,NULL,0,'2010-09-03 14:33:38',NULL,0),(131,NULL,0,'2010-09-04 20:55:07',NULL,0),(132,NULL,0,'2010-09-22 03:45:55',NULL,0),(133,NULL,0,'2010-09-24 11:36:43',NULL,0),(134,'2010-09-28 08:10:29',1,'2010-09-28 05:54:40',NULL,0),(135,'2011-01-11 09:11:21',3,'2010-10-14 22:48:18',NULL,0),(136,NULL,0,'2010-10-27 13:39:55',NULL,0),(137,'2016-08-07 22:04:41',2,'2010-11-12 10:08:49',NULL,0),(138,NULL,0,'2010-11-21 13:01:42',NULL,0),(139,NULL,0,'2010-11-23 01:26:58',NULL,0),(140,NULL,0,'2010-11-26 20:21:39',NULL,0),(141,'2011-01-31 08:49:40',3,'2010-11-29 07:18:37',NULL,0),(142,NULL,0,'2010-12-07 21:02:14',NULL,0),(143,'2015-04-14 23:54:49',1,'2010-12-09 16:01:08',NULL,0),(144,'2010-12-16 18:45:47',1,'2010-12-16 17:11:38',NULL,0),(145,NULL,0,'2010-12-17 18:54:13',NULL,0),(146,NULL,0,'2010-12-18 00:34:56',NULL,0),(147,NULL,0,'2010-12-18 11:23:51','2010-12-21 20:33:55',0),(148,'2010-12-20 10:23:35',1,'2010-12-20 10:22:46',NULL,0),(149,NULL,0,'2010-12-20 22:41:38',NULL,0),(150,NULL,0,'2010-12-21 18:27:21',NULL,0),(151,NULL,0,'2011-01-05 14:18:16',NULL,0),(152,NULL,0,'2011-01-06 23:17:54',NULL,0),(153,NULL,0,'2011-01-22 21:02:52',NULL,0),(154,'2011-04-13 16:53:57',2,'2011-01-24 15:02:47',NULL,0),(155,NULL,0,'2011-02-02 14:28:29',NULL,0),(156,NULL,0,'2011-02-04 09:53:37',NULL,0),(157,NULL,0,'2011-02-05 10:24:37',NULL,0),(158,NULL,0,'2011-02-06 15:07:19',NULL,0),(159,NULL,0,'2011-02-22 10:25:30',NULL,0),(160,NULL,0,'2011-03-14 08:46:23',NULL,0),(161,'2011-03-16 19:30:01',1,'2011-03-16 18:10:01',NULL,0),(162,NULL,0,'2011-03-17 10:25:26',NULL,0),(163,NULL,0,'2011-03-26 09:11:25',NULL,0),(164,NULL,0,'2011-04-04 09:49:39',NULL,0),(165,NULL,0,'2011-04-07 11:37:06',NULL,0),(166,NULL,0,'2011-04-21 19:12:54',NULL,0),(167,NULL,0,'2011-04-29 23:07:16',NULL,0),(168,NULL,0,'2011-05-05 21:23:03',NULL,0),(169,NULL,0,'2011-05-16 02:27:38',NULL,0),(170,'2011-06-03 18:29:37',1,'2011-06-02 16:57:37',NULL,0),(171,NULL,0,'2011-06-05 14:04:45',NULL,0),(174,NULL,0,'2011-06-14 23:31:26',NULL,0),(173,NULL,0,'2011-06-11 01:56:33',NULL,0),(175,NULL,0,'2011-07-13 13:44:28',NULL,0),(176,NULL,0,'2011-07-24 14:15:36',NULL,0),(177,NULL,0,'2011-08-07 15:51:57',NULL,0),(178,NULL,0,'2011-08-17 18:31:35',NULL,0),(179,'2013-01-12 13:27:50',1,'2011-08-26 19:43:06',NULL,0),(180,NULL,0,'2011-08-31 20:38:32',NULL,0),(181,'2013-09-16 13:54:18',1,'2011-09-24 11:52:07',NULL,0),(182,'2012-10-23 09:37:28',2,'2011-10-05 15:33:36',NULL,0),(183,NULL,0,'2011-10-06 08:35:26',NULL,0),(184,'2011-10-12 19:26:55',1,'2011-10-12 15:26:04',NULL,0),(185,NULL,0,'2011-10-16 20:19:43',NULL,0),(186,NULL,0,'2011-11-15 17:51:02',NULL,0),(187,NULL,0,'2011-11-20 16:12:26',NULL,0),(188,NULL,0,'2011-11-22 11:05:12',NULL,0),(189,NULL,0,'2011-11-23 21:23:31',NULL,0),(190,'2013-12-18 18:06:08',2,'2011-12-01 17:54:51',NULL,0),(191,NULL,0,'2011-12-09 09:47:45',NULL,0),(192,NULL,0,'2011-12-09 11:28:11',NULL,0),(193,'2012-04-16 11:17:50',2,'2011-12-09 12:23:47',NULL,0),(194,'2011-12-11 02:17:54',1,'2011-12-10 23:44:35',NULL,0),(195,'2011-12-11 11:59:07',1,'2011-12-11 10:46:06',NULL,0),(196,NULL,0,'2011-12-15 22:51:33',NULL,0),(197,'2014-12-26 15:17:10',1,'2011-12-17 09:41:15',NULL,0),(198,NULL,0,'2011-12-19 09:42:50',NULL,0),(199,'2012-12-17 16:11:25',1,'2011-12-19 22:57:05','2012-12-17 16:11:49',0),(200,NULL,0,'2011-12-20 19:45:48',NULL,0),(201,NULL,0,'2012-01-05 11:11:15',NULL,0),(202,NULL,0,'2012-01-07 15:20:27',NULL,0),(203,NULL,0,'2012-01-16 18:43:07',NULL,0),(204,NULL,0,'2012-02-01 21:52:05',NULL,0),(205,NULL,0,'2012-02-04 12:43:53',NULL,0),(206,NULL,0,'2012-02-06 22:52:49',NULL,0),(207,NULL,0,'2012-02-07 22:20:39',NULL,0),(208,NULL,0,'2012-02-12 18:36:33',NULL,0),(209,NULL,0,'2012-02-18 10:11:03',NULL,0),(210,'2012-12-12 07:13:34',2,'2012-03-01 12:16:52',NULL,0),(211,NULL,0,'2012-03-17 14:24:54',NULL,0),(212,NULL,0,'2012-03-25 11:12:21',NULL,0),(213,NULL,0,'2012-04-09 21:05:47',NULL,0),(214,NULL,0,'2012-04-15 14:42:30',NULL,0),(215,'2014-12-10 21:52:27',1,'2012-04-23 14:35:05',NULL,0),(216,'2012-05-06 16:12:01',1,'2012-05-04 20:26:26',NULL,0),(217,NULL,0,'2012-05-07 10:34:25',NULL,0),(218,'2012-05-14 20:55:46',1,'2012-05-13 19:28:45',NULL,0),(219,'2012-05-28 10:18:10',1,'2012-05-28 10:17:03','2012-05-28 10:18:39',0),(220,'2012-06-22 09:11:29',2,'2012-05-30 06:30:30','2012-06-22 09:15:26',0),(221,NULL,0,'2012-06-03 11:09:49',NULL,0),(222,'2013-12-09 11:15:42',2,'2012-06-07 13:53:16',NULL,0),(225,NULL,0,'2012-07-10 12:55:17',NULL,0),(224,'2012-06-11 07:19:31',1,'2012-06-10 20:33:56',NULL,0),(226,NULL,0,'2012-07-14 17:00:09',NULL,0),(228,NULL,0,'2012-07-22 14:20:59',NULL,0),(229,NULL,0,'2012-07-22 14:46:37',NULL,0),(230,NULL,0,'2012-07-22 17:36:07',NULL,0),(231,NULL,0,'2012-08-20 13:45:45',NULL,0),(232,NULL,0,'2012-08-21 21:17:43',NULL,0),(233,NULL,0,'2012-08-21 22:11:56',NULL,0),(234,NULL,0,'2012-08-22 15:42:52',NULL,0),(235,'2013-01-18 11:42:16',1,'2012-08-23 18:40:36',NULL,0),(236,NULL,0,'2012-08-26 09:36:18',NULL,0),(237,NULL,0,'2012-09-02 12:38:51',NULL,0),(238,NULL,0,'2012-09-13 12:36:26',NULL,0),(239,NULL,0,'2012-09-19 19:45:04',NULL,0),(240,NULL,0,'2012-09-24 21:44:16',NULL,0),(241,'2012-10-04 08:59:33',2,'2012-09-28 16:15:58','2012-09-28 19:53:06',0),(242,NULL,0,'2012-10-03 22:04:20',NULL,0),(243,'2012-10-19 08:12:13',1,'2012-10-18 16:30:07',NULL,0),(244,NULL,0,'2012-11-03 14:19:36',NULL,0),(245,NULL,0,'2012-11-07 21:14:18',NULL,0),(246,NULL,0,'2012-11-10 22:03:18',NULL,0),(247,'2013-02-14 22:18:46',1,'2012-11-18 09:35:33',NULL,0),(248,NULL,0,'2012-12-02 09:41:54',NULL,0),(249,NULL,0,'2012-12-02 11:31:58',NULL,0),(250,'2012-12-29 09:54:22',1,'2012-12-07 12:36:14',NULL,0),(251,'2012-12-10 19:27:01',1,'2012-12-09 11:17:10',NULL,0),(252,'2012-12-18 17:28:24',1,'2012-12-18 17:19:12','2012-12-18 17:29:03',0),(253,NULL,0,'2012-12-24 11:58:53',NULL,0),(254,NULL,0,'2013-01-02 20:15:30',NULL,0),(255,'2013-01-10 07:12:39',1,'2013-01-10 07:10:47',NULL,0),(256,'2013-01-17 02:00:51',1,'2013-01-16 14:52:54',NULL,0),(257,NULL,0,'2013-01-19 17:51:53',NULL,0),(258,NULL,0,'2013-02-12 18:36:37',NULL,0),(259,NULL,0,'2013-02-19 23:24:27',NULL,0),(260,NULL,0,'2013-02-24 22:14:42',NULL,0),(261,NULL,0,'2013-02-26 15:22:31',NULL,0),(262,NULL,0,'2013-03-01 20:55:49',NULL,0),(263,NULL,0,'2013-03-03 22:53:51',NULL,0),(264,NULL,0,'2013-03-07 20:20:36',NULL,0),(265,NULL,0,'2013-03-11 13:46:28',NULL,0),(266,NULL,0,'2013-03-26 14:22:39',NULL,0),(267,NULL,0,'2013-04-02 11:15:48',NULL,0),(268,'2014-12-23 12:58:34',2,'2013-04-08 10:47:13',NULL,0),(269,NULL,0,'2013-04-09 15:35:16',NULL,0),(270,NULL,0,'2013-04-16 09:22:25',NULL,0),(271,NULL,0,'2013-04-21 20:39:39',NULL,0),(272,'2013-04-28 17:11:04',1,'2013-04-28 08:49:59',NULL,0),(273,NULL,0,'2013-04-28 22:59:33',NULL,0),(274,NULL,0,'2013-04-29 12:12:30',NULL,0),(275,NULL,0,'2013-05-06 14:57:30',NULL,0),(276,NULL,0,'2013-06-06 19:08:56',NULL,0),(277,NULL,0,'2013-06-07 15:29:28',NULL,0),(278,NULL,0,'2013-07-08 10:56:33',NULL,0),(279,NULL,0,'2013-08-17 10:47:27',NULL,0),(280,NULL,0,'2013-08-20 14:27:03',NULL,0),(281,'2014-12-11 17:54:09',1,'2013-08-24 22:04:03',NULL,0),(282,NULL,0,'2013-08-26 19:17:34',NULL,0),(283,NULL,0,'2013-09-05 14:40:06',NULL,0),(284,NULL,0,'2013-09-16 11:34:31',NULL,0),(285,NULL,0,'2013-09-28 19:23:55',NULL,0),(286,NULL,0,'2013-09-30 12:30:14',NULL,0),(287,NULL,0,'2013-10-02 16:58:16',NULL,0),(288,NULL,0,'2013-10-06 13:10:47',NULL,0),(289,NULL,0,'2013-10-12 23:58:27',NULL,0),(290,NULL,0,'2013-10-21 10:27:37',NULL,0),(291,NULL,0,'2013-10-31 20:15:58',NULL,0),(292,'2014-03-17 19:07:22',1,'2013-11-07 08:51:47',NULL,0),(293,NULL,0,'2013-11-07 12:45:09',NULL,0),(294,NULL,0,'2013-11-08 09:42:47',NULL,0),(295,NULL,0,'2013-11-08 10:54:37',NULL,0),(296,NULL,0,'2013-11-08 13:01:35',NULL,0),(297,NULL,0,'2013-11-09 13:00:06',NULL,0),(298,NULL,0,'2013-11-13 15:29:41',NULL,0),(299,NULL,0,'2013-11-13 23:27:22',NULL,0),(300,'2013-11-15 11:09:45',1,'2013-11-15 10:49:31',NULL,0),(301,'2013-11-16 16:10:43',1,'2013-11-16 16:07:04',NULL,0),(302,NULL,0,'2013-11-26 12:55:00',NULL,0),(303,NULL,0,'2013-12-01 18:11:46',NULL,0),(304,NULL,0,'2013-12-01 21:42:45',NULL,0),(305,NULL,0,'2013-12-05 22:33:42',NULL,0),(306,NULL,0,'2013-12-05 23:30:37',NULL,0),(307,'2014-10-15 18:51:20',1,'2013-12-08 21:11:08',NULL,0),(308,NULL,0,'2013-12-10 10:00:42',NULL,0),(309,NULL,0,'2013-12-11 21:00:16',NULL,0),(310,NULL,0,'2013-12-13 13:10:31',NULL,0),(311,NULL,0,'2013-12-14 23:27:41',NULL,0),(312,NULL,0,'2013-12-30 15:53:38',NULL,0),(313,NULL,0,'2014-01-08 12:59:32',NULL,0),(314,NULL,0,'2014-01-13 12:48:43',NULL,0),(315,NULL,0,'2014-01-14 12:26:08',NULL,0),(316,'2014-01-19 08:33:48',2,'2014-01-17 09:29:19',NULL,0),(317,NULL,0,'2014-01-18 23:02:59',NULL,0),(318,NULL,0,'2014-02-05 15:02:23',NULL,0),(319,'2014-02-10 11:36:28',1,'2014-02-09 14:05:49',NULL,0),(320,NULL,0,'2014-02-10 13:21:36',NULL,0),(321,'2014-07-14 10:49:09',2,'2014-02-11 21:11:37',NULL,0),(322,NULL,0,'2014-02-26 15:10:24',NULL,0),(323,'2014-03-20 11:11:37',1,'2014-03-19 20:02:13',NULL,0),(324,NULL,0,'2014-03-21 13:43:21',NULL,0),(325,NULL,0,'2014-03-22 22:25:15',NULL,0),(326,NULL,0,'2014-04-21 12:42:18',NULL,0),(327,NULL,0,'2014-04-27 13:27:43',NULL,0),(328,'2015-12-27 20:00:55',1,'2014-06-03 14:07:00',NULL,0),(329,NULL,0,'2014-07-18 16:57:10',NULL,0),(330,'2014-07-21 10:44:55',1,'2014-07-21 09:46:17',NULL,0),(331,'2014-07-23 20:56:00',1,'2014-07-23 20:53:14',NULL,0),(332,NULL,0,'2014-07-28 10:43:44',NULL,0),(333,NULL,0,'2014-08-08 09:42:17',NULL,0),(334,NULL,0,'2014-08-10 21:56:39',NULL,0),(335,NULL,0,'2014-08-15 19:08:16',NULL,0),(336,'2014-08-17 16:56:24',1,'2014-08-17 15:39:40',NULL,0),(337,NULL,0,'2014-09-02 21:45:28',NULL,0),(338,NULL,0,'2014-09-05 21:56:28',NULL,0),(339,NULL,0,'2014-09-07 12:37:53',NULL,0),(340,NULL,0,'2014-09-07 17:40:52',NULL,0),(341,NULL,0,'2014-09-12 14:42:40',NULL,0),(342,NULL,0,'2014-09-29 18:56:56',NULL,0),(343,NULL,0,'2014-09-30 20:46:00',NULL,0),(344,NULL,0,'2014-10-08 18:46:53',NULL,0),(345,NULL,0,'2014-10-13 12:28:23',NULL,0),(346,'2014-11-17 18:04:48',2,'2014-10-13 21:26:58',NULL,0),(347,'2014-10-14 15:12:31',1,'2014-10-14 11:04:31',NULL,0),(348,NULL,0,'2014-10-16 12:42:10',NULL,0),(349,NULL,0,'2014-10-16 20:28:56',NULL,0),(350,NULL,0,'2014-10-18 17:50:47',NULL,0),(351,NULL,0,'2014-10-26 18:50:39',NULL,0),(352,'2020-06-14 22:12:34',1,'2014-11-05 09:31:46',NULL,0),(353,NULL,0,'2014-11-05 15:51:08',NULL,0),(354,NULL,0,'2014-11-13 11:29:53',NULL,0),(355,NULL,0,'2014-11-19 19:21:00',NULL,0),(356,NULL,0,'2014-11-21 11:18:54',NULL,0),(357,NULL,0,'2014-11-23 09:46:36',NULL,0),(358,'2015-12-23 07:39:56',2,'2014-11-24 13:12:14',NULL,0),(359,NULL,0,'2014-12-05 23:47:56',NULL,0),(360,NULL,0,'2014-12-07 21:21:20',NULL,0),(361,NULL,0,'2014-12-08 16:26:09',NULL,0),(362,NULL,0,'2014-12-10 15:59:25',NULL,0),(363,NULL,0,'2014-12-12 04:42:52',NULL,0),(364,NULL,0,'2014-12-13 12:19:11',NULL,0),(365,'2015-12-08 19:15:30',1,'2014-12-14 20:00:21',NULL,0),(366,NULL,0,'2014-12-15 09:01:31','2014-12-15 09:06:04',0),(367,NULL,0,'2014-12-15 16:39:01',NULL,0),(368,'2014-12-17 10:35:12',1,'2014-12-16 13:47:25',NULL,0),(369,'2014-12-18 15:58:52',1,'2014-12-16 17:03:54',NULL,0),(370,NULL,0,'2014-12-16 18:56:59',NULL,0),(371,'2014-12-17 23:15:53',1,'2014-12-17 17:34:15',NULL,0),(372,'2014-12-21 14:43:18',1,'2014-12-21 13:09:54',NULL,0),(373,'2014-12-22 14:45:19',1,'2014-12-22 14:35:32',NULL,0),(374,'2015-11-24 06:40:29',1,'2014-12-24 13:21:01',NULL,0),(375,NULL,0,'2014-12-24 13:43:55',NULL,0),(376,NULL,0,'2014-12-28 18:37:51',NULL,0),(377,'2014-12-30 08:18:46',1,'2014-12-29 20:50:22',NULL,0),(378,'2015-01-07 18:02:25',1,'2015-01-07 13:43:18',NULL,0),(379,NULL,0,'2015-01-13 10:14:47',NULL,0),(380,NULL,0,'2015-01-14 16:38:30',NULL,0),(381,NULL,0,'2015-01-15 18:24:11',NULL,0),(382,'2015-01-26 11:06:38',1,'2015-01-23 09:38:00',NULL,0),(383,'2015-01-25 20:35:55',1,'2015-01-25 20:34:22',NULL,0),(384,NULL,0,'2015-01-26 13:04:39',NULL,0),(385,NULL,0,'2015-01-27 11:42:58',NULL,0),(386,NULL,0,'2015-02-03 11:59:52',NULL,0),(387,'2020-06-19 20:12:55',2,'2015-02-05 18:10:43',NULL,0),(388,NULL,0,'2015-02-28 16:07:54',NULL,0),(389,NULL,0,'2015-03-09 11:35:12',NULL,0),(390,NULL,0,'2015-03-13 18:40:55',NULL,0),(391,'2015-10-24 23:42:52',1,'2015-03-19 18:14:37',NULL,0),(392,NULL,0,'2015-03-23 10:33:43',NULL,0),(393,'2015-04-13 10:21:35',1,'2015-03-30 09:00:22',NULL,0),(394,NULL,0,'2015-03-30 17:30:36',NULL,0),(395,NULL,0,'2015-04-20 09:19:45',NULL,0),(396,'2015-04-28 19:58:31',1,'2015-04-28 17:21:28','2015-04-28 20:31:07',0),(397,NULL,0,'2015-05-21 10:22:16',NULL,0),(398,NULL,0,'2015-06-07 21:23:23',NULL,0),(399,NULL,0,'2015-06-18 22:13:49',NULL,0),(400,NULL,0,'2015-06-26 14:56:49',NULL,0),(401,NULL,0,'2015-07-08 18:13:24',NULL,0),(402,NULL,0,'2015-07-23 12:53:21',NULL,0),(403,NULL,0,'2015-08-28 14:04:19',NULL,0),(404,'2015-10-09 10:02:44',1,'2015-08-30 14:27:35',NULL,0),(405,NULL,0,'2015-09-10 09:15:02',NULL,0),(406,NULL,0,'2015-09-15 14:00:47',NULL,0),(407,'2016-11-09 14:18:16',1,'2015-09-15 17:10:14',NULL,0),(408,NULL,0,'2015-09-23 23:28:22',NULL,0),(409,NULL,0,'2015-09-28 10:35:36',NULL,0),(410,NULL,0,'2015-09-29 18:18:21',NULL,0),(411,NULL,0,'2015-10-01 19:46:55',NULL,0),(412,NULL,0,'2015-10-20 22:33:25',NULL,0),(413,NULL,0,'2015-10-21 07:36:27',NULL,0),(414,NULL,0,'2015-10-28 10:56:55',NULL,0),(415,NULL,0,'2015-11-06 20:54:55',NULL,0),(416,'2015-11-19 10:06:46',1,'2015-11-19 07:17:45',NULL,0),(417,NULL,0,'2015-11-20 14:10:28',NULL,0),(418,NULL,0,'2015-11-25 17:09:43',NULL,0),(419,NULL,0,'2015-11-26 05:37:13',NULL,0),(420,NULL,0,'2015-11-26 15:05:45',NULL,0),(421,NULL,0,'2015-11-28 17:39:13',NULL,0),(422,NULL,0,'2015-12-03 01:29:42',NULL,0),(423,NULL,0,'2015-12-08 10:43:30',NULL,0),(424,NULL,0,'2015-12-08 10:48:46',NULL,0),(425,NULL,0,'2015-12-17 17:55:14',NULL,0),(426,NULL,0,'2015-12-18 12:01:06',NULL,0),(427,NULL,0,'2015-12-24 13:20:06',NULL,0),(428,NULL,0,'2015-12-27 18:34:01',NULL,0),(429,NULL,0,'2016-01-04 21:05:15',NULL,0),(430,NULL,0,'2016-03-07 19:28:26',NULL,0),(431,'2016-04-25 14:56:53',2,'2016-03-10 12:05:17',NULL,0),(432,'2016-03-15 12:11:48',3,'2016-03-14 09:04:38',NULL,0),(433,NULL,0,'2016-03-14 15:27:19',NULL,0),(434,'2017-03-05 08:20:46',4,'2016-04-02 14:23:38',NULL,0),(435,NULL,0,'2016-04-07 02:43:39',NULL,0),(436,NULL,0,'2016-04-08 18:30:03',NULL,0),(437,'2016-04-13 09:34:59',1,'2016-04-12 19:21:31',NULL,0),(438,NULL,0,'2016-04-14 18:56:38',NULL,0),(439,NULL,0,'2016-04-29 10:30:41',NULL,0),(440,NULL,0,'2016-05-01 12:49:41',NULL,0),(441,NULL,0,'2016-05-05 20:18:33',NULL,0),(442,NULL,0,'2016-05-29 09:47:13',NULL,0),(443,NULL,0,'2016-05-30 09:52:02',NULL,0),(444,NULL,0,'2016-06-11 22:23:54',NULL,0),(445,NULL,0,'2016-06-13 09:03:38',NULL,0),(446,NULL,0,'2016-06-15 22:48:09',NULL,0),(447,'2020-07-23 10:14:06',10,'2016-06-25 18:01:26','2020-07-23 10:18:13',0),(448,NULL,0,'2016-07-16 08:52:46',NULL,0),(449,NULL,0,'2016-07-17 11:22:40',NULL,0),(450,NULL,0,'2016-07-22 09:53:37',NULL,0),(451,NULL,0,'2016-08-01 23:18:27',NULL,0),(452,NULL,0,'2016-08-02 13:18:08',NULL,0),(453,'2016-08-13 11:07:33',1,'2016-08-12 20:40:28',NULL,0),(454,NULL,0,'2016-08-23 06:47:28',NULL,0),(455,NULL,0,'2016-09-16 07:45:38',NULL,0),(456,NULL,0,'2016-09-22 15:15:51',NULL,0),(457,NULL,0,'2016-09-27 18:44:42',NULL,0),(458,NULL,0,'2016-10-09 19:48:25',NULL,0),(459,NULL,0,'2016-10-20 14:08:29',NULL,0),(460,NULL,0,'2016-10-24 19:04:18',NULL,0),(461,NULL,0,'2016-10-31 09:08:24',NULL,0),(462,NULL,0,'2016-11-03 08:57:43',NULL,0),(463,NULL,0,'2016-11-06 18:56:05',NULL,0),(464,NULL,0,'2016-11-15 10:34:14',NULL,0),(465,'2016-11-17 17:29:39',1,'2016-11-15 10:55:31',NULL,0),(466,NULL,0,'2016-11-22 21:27:30',NULL,0),(467,NULL,0,'2016-11-27 12:51:27',NULL,0),(468,NULL,0,'2016-11-28 12:17:07',NULL,0),(469,NULL,0,'2016-11-29 18:06:33',NULL,0),(470,'2016-12-13 09:36:31',2,'2016-12-12 10:45:45',NULL,0),(471,NULL,0,'2016-12-15 13:22:40',NULL,0),(472,'2016-12-17 13:12:29',1,'2016-12-16 23:58:59',NULL,0),(473,NULL,0,'2016-12-20 23:21:38',NULL,0),(474,NULL,0,'2016-12-23 12:02:31',NULL,0),(479,NULL,0,'2017-01-19 15:23:04',NULL,0),(476,NULL,0,'2016-12-30 14:03:22',NULL,0),(477,NULL,0,'2017-01-02 19:25:44',NULL,0),(478,NULL,0,'2017-01-12 00:05:54',NULL,0),(480,NULL,0,'2017-01-23 15:23:07',NULL,0),(481,NULL,0,'2017-02-01 09:15:40',NULL,0),(482,NULL,0,'2017-02-08 20:07:41',NULL,0),(483,'2017-02-23 17:50:27',1,'2017-02-21 11:38:05',NULL,0),(484,'2017-02-21 19:05:29',1,'2017-02-21 18:26:44',NULL,0),(485,NULL,0,'2017-02-28 01:07:54',NULL,0),(486,NULL,0,'2020-04-19 19:08:13',NULL,0),(487,'2020-04-21 14:31:50',1,'2020-04-21 14:30:19',NULL,0),(488,NULL,0,'2020-04-27 20:43:02',NULL,0),(489,NULL,0,'2020-04-27 21:36:02',NULL,0),(490,'2020-05-03 23:39:08',1,'2020-05-03 16:28:18',NULL,0),(491,NULL,0,'2020-05-08 11:47:59',NULL,0),(492,'2020-10-15 12:07:22',3,'2020-05-18 12:52:42',NULL,0),(493,NULL,0,'2020-05-22 07:34:45',NULL,0),(494,NULL,0,'2020-06-15 10:04:44',NULL,0),(495,NULL,0,'2020-06-23 08:36:48',NULL,0),(496,'2020-10-05 19:10:12',10,'2020-06-26 17:16:44',NULL,0),(497,NULL,0,'2020-07-03 11:06:57',NULL,0),(498,NULL,0,'2020-07-18 09:49:59',NULL,0),(499,NULL,0,'2020-08-17 22:31:28',NULL,0),(501,NULL,0,'2020-09-02 12:46:50',NULL,0),(502,NULL,0,'2020-09-08 15:59:54',NULL,0),(503,NULL,0,'2020-09-20 22:29:21',NULL,0),(504,NULL,0,'2020-09-22 05:33:28',NULL,0),(505,'2020-09-25 14:18:22',4,'2020-09-23 16:25:12',NULL,0),(506,NULL,0,'2020-10-09 18:44:54',NULL,0),(507,NULL,0,'2020-10-15 12:35:14','2020-10-30 13:33:11',0),(508,NULL,0,'2020-10-15 13:15:19',NULL,0),(509,NULL,0,'2020-10-20 19:38:34',NULL,0),(510,NULL,0,'2020-10-21 11:07:11',NULL,0),(511,NULL,0,'2020-10-26 20:55:08',NULL,0),(512,NULL,0,'2020-10-29 13:59:25',NULL,0),(513,'2020-10-30 15:10:25',1,'2020-10-30 14:57:40','2020-10-30 15:06:08',0),(514,NULL,0,'2020-11-01 19:28:28',NULL,0),(515,NULL,0,'2020-11-01 20:10:58',NULL,0),(516,NULL,0,'2020-11-02 20:35:01',NULL,0),(517,NULL,0,'2020-11-03 10:22:15',NULL,0),(518,NULL,0,'2020-11-07 10:57:47',NULL,0);

--
-- Table structure for table `geo_zones`
--

CREATE TABLE `geo_zones` (
  `geo_zone_id` int(11) NOT NULL AUTO_INCREMENT,
  `geo_zone_name` varchar(32) NOT NULL,
  `geo_zone_description` varchar(255) NOT NULL,
  `last_modified` datetime DEFAULT NULL,
  `date_added` datetime NOT NULL,
  PRIMARY KEY (`geo_zone_id`)
) ENGINE=MyISAM AUTO_INCREMENT=2 DEFAULT CHARSET=utf8;

--
-- Dumping data for table `geo_zones`
--

INSERT INTO `geo_zones` VALUES (1,'Slovenija','Slovenija DDV',NULL,'2008-06-28 08:38:39');

--
-- Table structure for table `languages`
--

CREATE TABLE `languages` (
  `languages_id` int(11) NOT NULL AUTO_INCREMENT,
  `name` varchar(32) NOT NULL,
  `code` char(2) NOT NULL,
  `image` varchar(64) DEFAULT NULL,
  `directory` varchar(32) DEFAULT NULL,
  `sort_order` int(3) DEFAULT NULL,
  PRIMARY KEY (`languages_id`),
  KEY `IDX_LANGUAGES_NAME` (`name`)
) ENGINE=MyISAM AUTO_INCREMENT=2 DEFAULT CHARSET=utf8;

--
-- Dumping data for table `languages`
--

INSERT INTO `languages` VALUES (1,'slovene','si','icon.gif','slovene',0);

--
-- Table structure for table `manufacturers`
--

CREATE TABLE `manufacturers` (
  `manufacturers_id` int(11) NOT NULL AUTO_INCREMENT,
  `manufacturers_name` varchar(64) NOT NULL,
  `manufacturers_image` varchar(64) DEFAULT NULL,
  `date_added` datetime DEFAULT NULL,
  `last_modified` datetime DEFAULT NULL,
  PRIMARY KEY (`manufacturers_id`),
  KEY `IDX_MANUFACTURERS_NAME` (`manufacturers_name`)
) ENGINE=MyISAM AUTO_INCREMENT=104 DEFAULT CHARSET=utf8;

--
-- Dumping data for table `manufacturers`
--

INSERT INTO `manufacturers` VALUES (1,'Franc Jelušič','pixel_trans.gif','2008-07-03 14:36:48',NULL),(2,'Smiljan Sosič','pixel_trans.gif','2008-07-03 14:36:48',NULL),(3,'Srečko Sanabor','pixel_trans.gif','2008-07-03 14:36:48',NULL),(4,'Igor Šiškovič','pixel_trans.gif','2008-07-03 14:36:48',NULL),(5,'Petelin-Rogelja','pixel_trans.gif','2008-07-03 14:36:49',NULL),(6,'Branko Pečar','pixel_trans.gif','2008-07-03 14:36:50',NULL),(7,'Marija Knez','pixel_trans.gif','2008-07-03 14:36:50',NULL),(8,'Mira Maršič','pixel_trans.gif','2008-07-03 14:36:50',NULL),(9,'Srečko Ferfolja','pixel_trans.gif','2008-07-03 14:36:50',NULL),(10,'Čebelarstvo Atelšek','','2008-07-03 14:36:51','2010-11-09 00:01:42'),(11,'Renata Rožman','pixel_trans.gif','2008-07-03 14:36:52',NULL),(12,'Zorko Šabec','pixel_trans.gif','2008-07-03 14:36:52',NULL),(13,'Peter Patajac','pixel_trans.gif','2008-07-03 14:36:53',NULL),(14,'Društvo za trajnostni razvoj Slovenske Istre','pixel_trans.gif','2008-07-03 14:36:53',NULL),(15,'Slaščičarna Ota','pixel_trans.gif','2008-07-03 14:36:53',NULL),(16,'Vinogradništvo in vinarstvo Petelin-Rogelja','pixel_trans.gif','2008-07-03 14:36:54',NULL),(17,'Kmetija Petelin-Durcik','pixel_trans.gif','2008-07-03 14:36:54',NULL),(18,'Kmetija Martisa, Fulvijo Bais','pixel_trans.gif','2008-07-03 14:36:54',NULL),(19,'Marinko Rodica','pixel_trans.gif','2008-07-03 14:36:55',NULL),(20,'Marko Fon','pixel_trans.gif','2008-07-03 14:36:55',NULL),(21,'Zdravko Kralj','pixel_trans.gif','2008-07-03 14:36:55',NULL),(22,'Zeliščarska kmetija Hribar','','2008-07-03 14:36:57','2009-10-24 19:42:03'),(24,'Vanja Dujc','pixel_trans.gif','2008-07-03 14:36:59',NULL),(25,'Gorazd Jereb','pixel_trans.gif','2008-07-03 14:37:00',NULL),(26,'Benjamin Ličer','pixel_trans.gif','2008-07-03 14:37:00',NULL),(27,'Jernej Bortolato','pixel_trans.gif','2008-07-03 14:37:01',NULL),(28,'Branko Zupančič','pixel_trans.gif','2008-07-03 14:37:02',NULL),(29,'Cveto Avsec','pixel_trans.gif','2008-07-03 14:37:02',NULL),(30,'dr. Stanislav Renčelj','pixel_trans.gif','2008-07-03 14:37:02',NULL),(31,'Branko in Vasja Čotar','','2008-09-08 17:04:53',NULL),(32,'Gorazd Kocbek','','2008-10-18 14:00:05',NULL),(33,'Kmetija Tadolenji','','2008-10-18 14:19:45',NULL),(34,'Kmetija Starec','','2008-10-25 11:27:02',NULL),(35,'Kmetija Baša','','2009-01-15 17:34:18',NULL),(36,'Janko in Ivan Brajnik','','2009-01-15 17:48:09','2010-04-28 12:14:27'),(37,'Miran Adamič','','2009-01-15 17:48:23',NULL),(38,'Ekološka kmetija Morgan','','2009-03-07 19:44:42','2012-05-27 17:04:24'),(39,'Koroški hlebček','','2009-03-07 20:12:03',NULL),(40,'Klelija Potokar','','2009-03-07 20:24:59',NULL),(41,'Vesna Guštin Grilanc','','2009-07-10 09:19:14',NULL),(42,'Vinko Šavle','','2009-07-12 22:16:52',NULL),(43,'Tramontana','','2009-07-17 01:25:58',NULL),(44,'Soline Pridelava soli','','2009-07-17 01:37:06',NULL),(45,'Milko Novič','','2009-08-20 12:42:48',NULL),(46,'Dvor Jezeršek','','2009-09-23 07:45:38',NULL),(47,'Društvo za promocijo Kočanije','','2009-09-23 07:55:32',NULL),(48,'Kmetija Erjavec','','2009-10-24 19:24:55',NULL),(49,'Kmetija Biščak','','2009-10-24 19:31:47',NULL),(50,'Kraševka Domača trgovina','','2009-10-24 19:44:36',NULL),(74,'Dario Glavina','','2011-11-19 12:38:47',NULL),(52,'Metka Vergan','','2009-10-25 22:34:57',NULL),(53,'Dragan Stijepič','','2009-12-07 18:14:03',NULL),(54,'Ekološka kmetija Studen','','2010-01-31 23:09:12',NULL),(55,'Ekološka kmetija Artičoka','','2010-01-31 23:47:08',NULL),(56,'Kmetija Mavrič','','2010-03-07 14:21:48','2010-03-07 14:22:35'),(57,'Aleš Kristančič','','2010-04-28 12:14:43',NULL),(58,'Emil Tavčar','','2010-05-25 08:30:31',NULL),(59,'Aleksij Mavrič','','2010-06-16 11:55:25',NULL),(60,'Žganjekuha Budič','','2010-06-19 09:41:53',NULL),(61,'Družina Žaren','','2010-07-22 09:48:21',NULL),(65,'Ekološka kmetija Dobro','','2010-09-19 19:55:56',NULL),(66,'Kmetija Matic','','2011-04-01 00:17:45',NULL),(67,'Čokoladnica d.o.o.','','2011-04-13 23:48:34',NULL),(68,'Ekološka kmetija Grilc','','2011-04-17 23:38:23',NULL),(69,'Jordan Cigoj','','2011-09-06 20:30:20',NULL),(70,'Vinska klet Miška','','2011-10-19 22:28:28',NULL),(71,'Vinska klet Stegovec','','2011-10-19 22:34:29','2011-10-19 22:39:03'),(72,'Vinska klet Frešer','','2011-10-19 22:53:24',NULL),(73,'Kartuzija Pleterje','','2011-10-29 09:52:00',NULL),(75,'Stanko Knežič','','2011-11-24 22:28:31',NULL),(76,'Kmetija Malik','','2011-11-24 22:48:34',NULL),(77,'Atelje sadja Irenee','','2012-01-24 22:52:48',NULL),(78,'Ekološka kmetija Radikon','','2012-01-24 23:05:31',NULL),(79,'Petra Kern Zagožen','','2012-10-15 21:08:31',NULL),(80,'Mirjam Grilc','','2012-10-15 21:20:22',NULL),(81,'Založba Kmečki glas','','2012-10-15 21:21:15','2012-10-15 21:21:31'),(82,'Sonja Pucer','','2012-10-15 21:21:59',NULL),(83,'Sadno-zeliščna hiša Matuc','','2012-12-04 23:52:06',NULL),(84,'Domačija Vrabči','','2013-02-23 13:59:34',NULL),(85,'Danica Miandrušič','','2013-06-14 19:08:02',NULL),(86,'Matjaž Babič','','2013-08-29 23:19:59',NULL),(87,'Oljarna Klas','','2013-10-03 23:24:17',NULL),(88,'Kmetija Zahar','','2013-10-14 23:08:11',NULL),(89,'Herba Gallus','','2014-02-27 22:14:29',NULL),(90,'Anars','','2014-10-05 22:21:46',NULL),(91,'Kmetija Mario di Bernardo','','2014-10-07 09:14:05',NULL),(92,'Matej Kurinčič','','2014-10-27 20:54:33',NULL),(93,'Milan Ovca','','2015-03-01 09:19:52',NULL),(94,'Dragica Štirn','','2015-07-08 09:06:30','2016-12-02 14:00:37'),(95,'Gregor Renčelj','','2016-02-16 09:19:25',NULL),(96,'Domačija Gornjak-Kuzman','','2016-03-09 23:02:02',NULL),(97,'Gold Istra','','2016-03-15 23:45:33',NULL),(98,'Carniola čokolada','','2016-03-24 09:58:35',NULL),(99,'Ekološka kmetija Bem','','2016-03-25 13:52:10',NULL),(100,'Klemen Klavčič','','2016-07-06 09:44:04',NULL),(101,'Klemen Klavčič','','2016-09-23 23:03:25',NULL),(102,'Kmetija Princ','','2016-12-01 23:57:09',NULL),(103,'Soline, Portorož','','2020-04-23 21:14:16',NULL);

--
-- Table structure for table `manufacturers_info`
--

CREATE TABLE `manufacturers_info` (
  `manufacturers_id` int(11) NOT NULL,
  `languages_id` int(11) NOT NULL,
  `manufacturers_url` varchar(255) NOT NULL,
  `url_clicked` int(5) NOT NULL DEFAULT '0',
  `date_last_click` datetime DEFAULT NULL,
  PRIMARY KEY (`manufacturers_id`,`languages_id`)
) ENGINE=MyISAM DEFAULT CHARSET=utf8;

--
-- Dumping data for table `manufacturers_info`
--

INSERT INTO `manufacturers_info` VALUES (1,1,'',0,NULL),(2,1,'',0,NULL),(3,1,'',0,NULL),(4,1,'',0,NULL),(5,1,'',0,NULL),(6,1,'',0,NULL),(7,1,'',0,NULL),(8,1,'',0,NULL),(9,1,'',0,NULL),(10,1,'',0,NULL),(11,1,'',0,NULL),(12,1,'',0,NULL),(13,1,'',0,NULL),(14,1,'',0,NULL),(15,1,'',0,NULL),(16,1,'',0,NULL),(17,1,'',0,NULL),(18,1,'',0,NULL),(19,1,'',0,NULL),(20,1,'',0,NULL),(21,1,'',0,NULL),(22,1,'',0,NULL),(23,1,'',0,NULL),(24,1,'',0,NULL),(25,1,'',0,NULL),(26,1,'',0,NULL),(27,1,'',0,NULL),(28,1,'',0,NULL),(29,1,'',0,NULL),(30,1,'',0,NULL),(31,1,'',0,NULL),(32,1,'',0,NULL),(33,1,'',0,NULL),(34,1,'',0,NULL),(35,1,'',0,NULL),(36,1,'',0,NULL),(37,1,'',0,NULL),(38,1,'',0,NULL),(39,1,'',0,NULL),(40,1,'',0,NULL),(41,1,'',0,NULL),(42,1,'',0,NULL),(43,1,'',0,NULL),(44,1,'',0,NULL),(45,1,'',0,NULL),(46,1,'',0,NULL),(47,1,'',0,NULL),(48,1,'',0,NULL),(49,1,'',0,NULL),(50,1,'',0,NULL),(74,1,'',0,NULL),(52,1,'',0,NULL),(53,1,'',0,NULL),(54,1,'',0,NULL),(55,1,'',0,NULL),(56,1,'',0,NULL),(57,1,'',0,NULL),(58,1,'',0,NULL),(59,1,'',0,NULL),(60,1,'',0,NULL),(61,1,'',0,NULL),(65,1,'',0,NULL),(66,1,'',0,NULL),(67,1,'',0,NULL),(68,1,'',0,NULL),(69,1,'',0,NULL),(70,1,'',0,NULL),(71,1,'',0,NULL),(72,1,'',0,NULL),(73,1,'',0,NULL),(75,1,'',0,NULL),(76,1,'',0,NULL),(77,1,'',0,NULL),(78,1,'',0,NULL),(79,1,'',0,NULL),(80,1,'',0,NULL),(81,1,'',0,NULL),(82,1,'',0,NULL),(83,1,'',0,NULL),(84,1,'',0,NULL),(85,1,'',0,NULL),(86,1,'',0,NULL),(87,1,'',0,NULL),(88,1,'',0,NULL),(89,1,'',0,NULL),(90,1,'',0,NULL),(91,1,'',0,NULL),(92,1,'',0,NULL),(93,1,'',0,NULL),(94,1,'',0,NULL),(95,1,'',0,NULL),(96,1,'',0,NULL),(97,1,'',0,NULL),(98,1,'',0,NULL),(99,1,'',0,NULL),(100,1,'',0,NULL),(101,1,'',0,NULL),(102,1,'',0,NULL),(103,1,'',0,NULL);

--
-- Table structure for table `newsletters`
--

CREATE TABLE `newsletters` (
  `newsletters_id` int(11) NOT NULL AUTO_INCREMENT,
  `title` varchar(255) NOT NULL,
  `content` text NOT NULL,
  `module` varchar(255) NOT NULL,
  `date_added` datetime NOT NULL,
  `date_sent` datetime DEFAULT NULL,
  `status` int(1) DEFAULT NULL,
  `locked` int(1) DEFAULT '0',
  PRIMARY KEY (`newsletters_id`)
) ENGINE=MyISAM DEFAULT CHARSET=utf8;

--
-- Dumping data for table `newsletters`
--


--
-- Table structure for table `orders_products`
--

CREATE TABLE `orders_products` (
  `orders_products_id` int(11) NOT NULL AUTO_INCREMENT,
  `orders_id` int(11) NOT NULL,
  `products_id` int(11) NOT NULL,
  `products_model` varchar(12) DEFAULT NULL,
  `products_name` varchar(64) NOT NULL,
  `products_price` decimal(15,4) NOT NULL,
  `final_price` decimal(15,4) NOT NULL,
  `products_tax` decimal(7,4) NOT NULL,
  `products_quantity` int(2) NOT NULL,
  PRIMARY KEY (`orders_products_id`),
  KEY `idx_orders_products_orders_id` (`orders_id`),
  KEY `idx_orders_products_products_id` (`products_id`)
) ENGINE=MyISAM AUTO_INCREMENT=1236 DEFAULT CHARSET=utf8;

--
-- Dumping data for table `orders_products`
--

INSERT INTO `orders_products` VALUES (1,1,1,'10001','Kraški brinjevec 0,2 l',12.5000,12.5000,20.0000,1),(2,2,182,'90032','Knjiga o notranjski kuhinji in drugih rečeh',19.3548,19.3548,8.5000,1),(3,3,106,'50002','Izbrani teran - vinorodni okoliš Kras 0,75 l',10.0000,10.0000,20.0000,1),(4,4,101,'20008','Pjane češpe 0,7 l',11.6667,11.6667,20.0000,1),(5,4,102,'20007','Refoškov liker 0,5 l',11.2500,11.2500,20.0000,1),(6,4,174,'90005','Stojalo za rezanje pršuta',79.1667,79.1667,20.0000,1),(8,6,82,'40039','Marmelada murva 200 g',4.1475,4.1475,8.5000,1),(9,6,106,'50002','Izbrani teran - vinorodni okoliš Kras 0,75 l',10.0000,10.0000,20.0000,1),(10,6,105,'50001','Teran - vinorodni okoliš Kras 0,75 l',10.0000,10.0000,20.0000,1),(11,6,149,'80001','Ekstra deviško oljčno olje couvee 0,5 l',21.1982,21.1982,8.5000,1),(12,7,173,'90006','Kamniti možnar',42.5000,42.5000,20.0000,1),(13,8,101,'20008','Pjane češpe 0,7 l',11.6667,11.6667,20.0000,1),(14,8,225,'','Ročno izdelani pralineji-mali pladenj 160g',7.3733,7.3733,8.5000,1),(15,9,142,'12020','Piranska sol - solni cvet 40 ml',1.8433,1.8433,8.5000,8),(16,10,75,'40018','Med izpod Snežnika akacija 330 g',2.7650,2.7650,8.5000,1),(17,10,122,'42008','Krekerji s temnimi olivami 200 g',2.5806,2.5806,8.5000,1),(18,10,115,'42003','Potica 500 g',8.2949,8.2949,8.5000,1),(19,10,20,'30001','Jabolčni kis 1 l PET - Brkinc',1.7512,1.7512,8.5000,1),(20,11,221,'91009','Darilna košara 1',24.8848,24.8848,8.5000,1),(21,11,79,'40022','Slivova marmelada 200 g',4.1475,4.1475,8.5000,1),(22,11,184,'','Darilni set Brkini II',28.3333,28.3333,20.0000,1),(23,12,16,'10011','Brinjevo olje 0,04 l',29.1667,29.1667,20.0000,1),(24,13,210,'','Darilni set »Tri  čokolade Strast 3 x 50g«',12.9032,12.9032,8.5000,1),(25,13,69,'40012','Med z eteričnimi olji 31 zelišč 230 g',6.9124,6.9124,8.5000,1),(26,13,66,'40012','Med z eteričnim oljem rožmarina 230 g',6.9124,6.9124,8.5000,1),(27,14,18,'10018','Darilni set treh žganj (3 x 0,5 l)',29.1667,29.1667,20.0000,1),(28,14,207,'','Čokolada Strast  50g',2.3041,2.3041,8.5000,7),(29,14,199,'80035','Darilni paket treh olj  Kocbek',20.2765,20.2765,8.5000,1),(30,14,209,'','Čokolada Strast 50g  z ocvrto čebulo in bučnim oljem',2.3041,2.3041,8.5000,7),(31,15,140,'12012','Posušeni jurčki v darilnem kozarčku',8.7558,8.7558,8.5000,6),(32,16,162,'80008','Olive sorte Štorta pakirane v oljčnem olju 33 kom',7.3733,7.3733,8.5000,3),(33,16,214,'','Sušeni paradižniki v oljčnem olju',10.1382,10.1382,8.5000,3),(34,17,161,'80010','Ekstra deviško oljčno olje starih piranskih štort 0,5 l',15.6682,15.6682,8.5000,1),(35,17,159,'80013','Ekstra deviško oljčno olje ekološke pridelave 0,5 l',15.2074,15.2074,8.5000,1),(36,18,61,'40040','Darilni paket kraških medov (2 x 450 g)',9.2166,9.2166,8.5000,1),(37,18,82,'40039','Marmelada murva 200 g',4.1475,4.1475,8.5000,1),(38,18,216,'','Pinca 500g',3.5945,3.5945,8.5000,1),(39,18,209,'','Čokolada Strast 50g  z ocvrto čebulo in bučnim oljem',2.3041,2.3041,8.5000,1),(40,19,140,'12012','Posušeni jurčki v darilnem kozarčku',8.7558,8.7558,8.5000,1),(41,19,127,'12006','Zelišča v kozarčku - rožmarin',5.3456,5.3456,8.5000,1),(42,19,125,'12005','Zelišča v kozarčku - žajbelj',5.3456,5.3456,8.5000,1),(43,20,130,'12008','Zeliščni čaj poprova meta 30 g',3.5945,3.5945,8.5000,1),(44,21,69,'40012','Med z eteričnimi olji 31 zelišč 230 g',6.9124,6.9124,8.5000,1),(45,21,64,'40012','Med z eteričnim oljem limone 230 g',6.9124,6.9124,8.5000,1),(46,22,220,'91003','Suhe mesnine na Slovenskem',23.0415,23.0415,8.5000,1),(47,23,82,'40039','Marmelada murva 200 g',4.1475,4.1475,8.5000,1),(48,24,164,'80009','Šentjanževo olje 0,1 l',8.2949,8.2949,8.5000,1),(49,25,208,'','Čokolada Strast 50g v darilni leseni škatlici',5.0691,5.0691,8.5000,10),(50,25,207,'','Čokolada Strast  50g',2.3041,2.3041,8.5000,1),(51,25,209,'','Čokolada Strast 50g  z ocvrto čebulo in bučnim oljem',2.3041,2.3041,8.5000,1),(52,26,228,'','Beli cekinčki 150g',4.6083,4.6083,8.5000,1),(53,26,226,'','Čokoladno-kremni pralineji v škatlici 280g',13.8249,13.8249,8.5000,1),(54,26,229,'','Mlečni cekinčki 150g',4.6083,4.6083,8.5000,1),(55,26,231,'','Obliti lešniki 100g',4.6083,4.6083,8.5000,1),(56,26,217,'','Pinca 250g',2.6728,2.6728,8.5000,1),(57,27,240,'80038','Oljčno olje Ronkaldo 0,5l',15.2074,15.2074,8.5000,1),(58,28,4,'10016','Kraški brinjevec 0,5 l',25.0000,25.0000,20.0000,1),(59,29,204,'','TERRA ROSSA - MAGNUM 1,5l',32.5000,32.5000,20.0000,1),(60,29,55,'40002','Med kostanj 950 g',8.2949,8.2949,8.5000,1),(61,29,84,'40044','Marmelada hruška Podbrejca 230 g',4.6083,4.6083,8.5000,1),(62,29,91,'40015','Medolada 250 g',3.6866,3.6866,8.5000,1),(63,29,111,'50005','Kraljeva rdeča penina 0,75 l - vinorodni okoliš Kras',16.6667,16.6667,20.0000,1),(64,30,134,'12023','Zeliščni čaj kopriva 25 g',3.5945,3.5945,8.5000,1),(65,30,166,'80014','Kapre plodovi v slanici 370 ml',4.1475,4.1475,8.5000,1),(66,30,36,'30010','Suhe češplje 500 g - ekološki izdelek',4.8848,4.8848,8.5000,1),(67,30,122,'42008','Krekerji s temnimi olivami 200 g',2.5806,2.5806,8.5000,3),(68,30,236,'30023','Rihemberški lešniki 300g',4.4240,4.4240,8.5000,4),(69,30,137,'12024','Zeliščni čaj regrat 25 g',3.5945,3.5945,8.5000,1),(70,30,66,'40012','Med z eteričnim oljem rožmarina 230 g',6.9124,6.9124,8.5000,1),(71,30,69,'40012','Med z eteričnimi olji 31 zelišč 230 g',6.9124,6.9124,8.5000,1),(72,31,173,'90006','Kamniti možnar',42.5000,42.5000,20.0000,1),(73,32,240,'80038','Oljčno olje Ronkaldo 0,5l',15.2074,15.2074,8.5000,2),(74,33,162,'80008','Olive sorte Štorta pakirane v oljčnem olju 33 kom',7.3733,7.3733,8.5000,2),(75,33,163,'80025','Temne olive sorte Mata pakirane v oljčnem olju 33 kom',8.8479,8.8479,8.5000,2),(76,33,81,'40042','Borovničeva marmelada 200 g',5.0691,5.0691,8.5000,1),(77,34,180,'90045','Oljčna vejica v steklu',10.8333,10.8333,20.0000,1),(78,35,135,'12027','Zeliščni čaj komarček 50 g',3.5945,3.5945,8.5000,1),(79,36,80,'40023','Višnjeva marmelada 200 g',5.0691,5.0691,8.5000,1),(80,36,85,'40045','Marmelada jagoda 230 g',4.6083,4.6083,8.5000,1),(81,37,142,'12020','Piranska sol - solni cvet 40 ml',1.8433,1.8433,8.5000,3),(82,38,246,'30027','Sušen kaki Tipo 250g,  rezan',6.8203,6.8203,8.5000,1),(83,38,170,'80017','Bazilika pesto piranese 1 dl',4.1475,4.1475,8.5000,1),(84,38,166,'80014','Kapre plodovi v slanici 370 ml',4.1475,4.1475,8.5000,1),(85,38,162,'80008','Olive sorte Štorta pakirane v oljčnem olju 33 kom',7.3733,7.3733,8.5000,1),(86,38,163,'80025','Temne olive sorte Mata pakirane v oljčnem olju 33 kom',8.8479,8.8479,8.5000,1),(87,38,209,'','Čokolada Strast 50g  z ocvrto čebulo in bučnim oljem',2.3041,2.3041,8.5000,1),(88,38,121,'42007','Krekerji s čebulo 200 g',2.5806,2.5806,8.5000,1),(89,39,242,'','Ekološko oljčno olje Morgan 0,5l',16.1290,16.1290,8.5000,1),(90,40,242,'','Ekološko oljčno olje Morgan 0,5l',16.1290,16.1290,8.5000,1),(91,41,242,'','Ekološko oljčno olje Morgan 0,5l',16.1290,16.1290,8.5000,1),(92,42,242,'','Ekološko oljčno olje Morgan 0,5l',16.1290,16.1290,8.5000,1),(93,43,30,'30007','Naravni jabolčni sok 1 l',2.0276,2.0276,8.5000,2),(94,44,123,'12001','Dišavna vrečka sivka',2.6667,2.6667,20.0000,1),(95,45,244,'','Sadni kruh 500g',6.4516,6.4516,8.5000,1),(96,46,242,'','Ekološko oljčno olje Morgan 0,5l',16.1290,16.1290,8.5000,1),(97,47,242,'','Ekološko oljčno olje Morgan 0,5l',16.1290,16.1290,8.5000,1),(98,48,30,'30007','Naravni jabolčni sok 1 l',2.0276,2.0276,8.5000,7),(99,49,249,'','Figova mermelada 370 ml',4.6083,4.6083,8.5000,1),(100,49,217,'','Pinca 250g',2.6728,2.6728,8.5000,1),(101,49,25,'30004','Balzamični jabolčni kis 0,5 l - ekološki izdelek',4.1475,4.1475,8.5000,1),(102,50,29,'30022','Jabolčni kis barik 0,5 l',3.8710,3.8710,8.5000,1),(103,50,20,'30001','Jabolčni kis 1 l PET - Brkinc',1.7512,1.7512,8.5000,1),(104,50,26,'30015','Balzamični jabolčni kis 0,5 l',4.1475,4.1475,8.5000,1),(105,50,28,'30006','Balzamični slivov kis 0,25 l',4.0553,4.0553,8.5000,1),(106,51,82,'40039','Marmelada murva 200 g',4.6083,4.6083,8.5000,1),(107,51,131,'12009','Zeliščni čaj melisa 25 g',3.5945,3.5945,8.5000,2),(108,52,124,'12004','Zelišča v kozarčku - kraški šetraj',5.3456,5.3456,8.5000,1),(109,53,238,'300000','Staran vinski kis 0,5l',2.6728,2.6728,8.5000,1),(110,53,169,'80016','Čemaž pesto piranese 2 dl',6.7281,6.7281,8.5000,1),(111,53,20,'30001','Jabolčni kis 1 l PET - Brkinc',2.0000,2.0000,8.5000,1),(112,53,79,'40022','Slivova marmelada 200 g',4.1475,4.1475,8.5000,1),(113,53,86,'40046','Marmelada češnja 230 g',4.6083,4.6083,8.5000,1),(114,54,25,'30004','Balzamični jabolčni kis 0,5 l - ekološki izdelek',4.4240,4.4240,8.5000,1),(115,54,196,'80034','Štajersko Prekmursko bučno olje  0,5l',12.4424,12.4424,8.5000,1),(116,54,159,'80013','Ekstra deviško oljčno olje ekološke pridelave 0,5 l',16.1290,16.1290,8.5000,1),(117,54,63,'40043','Darilni paket kraških medov (3 x 250 g)',10.5991,10.5991,8.5000,1),(118,54,80,'40023','Višnjeva marmelada 200 g',5.0691,5.0691,8.5000,1),(119,54,82,'40039','Marmelada murva 200 g',4.6083,4.6083,8.5000,1),(120,54,42,'11002','Ajdova moka 1 kg - ekološki izdelek',4.6083,4.6083,8.5000,1),(121,54,17,'10024','Brkinska viljamovka 0,5 l',15.0000,15.0000,20.0000,1),(122,55,85,'40045','Marmelada jagoda 230 g',4.6083,4.6083,8.5000,1),(123,55,78,'40021','Jabolčna marmelada z meto 200 g',3.6866,3.6866,8.5000,1),(124,56,198,'80032','Hladno stiskano bučno olje 0,5l – edinstveno na tržišču',19.3548,19.3548,8.5000,2),(125,56,182,'90032','Knjiga o notranjski kuhinji in drugih rečeh',22.1198,22.1198,8.5000,1),(126,56,130,'12008','Zeliščni čaj poprova meta 30 g',3.5945,3.5945,8.5000,1),(127,56,79,'40022','Slivova marmelada 200 g',4.1475,4.1475,8.5000,1),(128,56,25,'30004','Balzamični jabolčni kis 0,5 l - ekološki izdelek',4.4240,4.4240,8.5000,1),(129,57,288,'12048','Piranska sol 1 kg v platneni vrečki',4.6083,4.6083,8.5000,2),(130,57,163,'80025','Temne olive sorte Mata pakirane v oljčnem olju 33 kom',8.8479,8.8479,8.5000,3),(131,57,162,'80008','Olive sorte Štorta pakirane v oljčnem olju 33 kom',7.3733,7.3733,8.5000,3),(132,57,82,'40039','Marmelada murva 200 g',4.6083,4.6083,8.5000,1),(133,57,122,'42008','Krekerji s temnimi olivami 200 g',2.5806,2.5806,8.5000,1),(134,57,209,'','Čokolada Strast 50g  z ocvrto čebulo in bučnim oljem',2.3041,2.3041,8.5000,3),(135,57,121,'42007','Krekerji s čebulo 200 g',2.5806,2.5806,8.5000,1),(136,57,16,'10011','Brinjevo olje 0,04 l',23.3333,23.3333,20.0000,1),(137,58,149,'80001','Ekstra deviško oljčno olje couvee 0,5 l',16.5899,16.5899,8.5000,1),(138,59,20,'30001','Jabolčni kis 1 l PET - Brkinc',2.0000,2.0000,8.5000,1),(139,60,219,'42041','Figov trojček',19.3548,19.3548,8.5000,1),(140,60,210,'','Darilni set »Tri  čokolade Strast 3 x 50g«',12.9032,12.9032,8.5000,1),(141,60,173,'90006','Kamniti možnar',42.5000,42.5000,20.0000,1),(142,60,250,'','Darilna košara 4',37.9167,37.9167,20.0000,1),(143,61,85,'40045','Marmelada jagoda 230 g',4.6083,4.6083,8.5000,1),(144,61,249,'','Figova marmelada 370 ml',4.6083,4.6083,8.5000,1),(145,61,81,'40042','Borovničeva marmelada 200 g',5.0691,5.0691,8.5000,1),(146,62,130,'12008','Zeliščni čaj poprova meta 30 g',3.5945,3.5945,8.5000,1),(149,65,288,'12048','Piranska sol 1 kg v platneni vrečki',4.6083,4.6083,8.5000,1),(150,66,117,'42005','Temna čokolada s pinjolami 120 g',4.6083,4.6083,8.5000,1),(151,67,249,'','Figova marmelada 370 ml',4.6083,4.6083,8.5000,1),(155,71,70,'40012','Med z eteričnim oljem poprove mete 230 g',6.9124,6.9124,8.5000,1),(156,71,67,'40012','Med z eteričnim oljem evkaliptusa 230 g',6.9124,6.9124,8.5000,1),(157,71,293,'40060','Kremni med 420g',4.9770,4.9770,8.5000,1),(162,73,66,'40012','Med z eteričnim oljem rožmarina 230 g',6.9124,6.9124,8.5000,1),(161,73,301,'','Brusnična marmelada 200 g',6.1751,6.1751,8.5000,1),(163,73,65,'40012','Med z eteričnim oljem pomaranče 230 g',6.9124,6.9124,8.5000,1),(164,73,46,'40001','Med akacija 950 g',5.9908,5.9908,8.5000,1),(165,74,273,'80045','Tartufata z belimi tartufi 90 g',7.9263,7.9263,8.5000,2),(166,75,96,'20001','Teranov liker 0,5 l',8.7500,8.7500,20.0000,1),(167,76,97,'20002','Teranov liker 0,5 l',8.7500,8.7500,20.0000,1),(168,76,201,'20011','Domači borovničevec 0,5l',10.0000,10.0000,20.0000,1),(169,76,246,'30027','Sušen kaki Tipo 250g,  rezan',6.8203,6.8203,8.5000,1),(170,76,2,'10002','Kraški brinjevec 0,5 l',25.0000,25.0000,20.0000,1),(171,77,34,'30008','Jabolčni krhlji 120 g - ekološki izdelek',3.2258,3.2258,8.5000,1),(172,77,85,'40045','Marmelada jagoda 230 g',4.6083,4.6083,8.5000,1),(173,77,304,'','Marelična marmelada 200 g',5.3456,5.3456,8.5000,1),(174,77,300,'40066','Breskova marmelada 200 g',5.0691,5.0691,8.5000,1),(175,77,36,'30010','Suhe češplje 500 g - ekološki izdelek',4.8848,4.8848,8.5000,1),(176,77,201,'20011','Domači borovničevec 0,5l',10.0000,10.0000,20.0000,1),(177,78,315,'80049','Ekstradeviško oljčno olje Kraševka 1 liter',14.2857,14.2857,8.5000,1),(178,78,313,'30038','Neolupljeni hruškovi krhlji 200g',3.8710,3.8710,8.5000,1),(179,78,301,'','Brusnična marmelada 200 g',6.1751,6.1751,8.5000,1),(180,78,47,'40005','Med akacija 450 g',3.8710,3.8710,8.5000,1),(181,78,30,'30007','Naravni jabolčni sok 1 l',2.0276,2.0276,8.5000,1),(182,79,131,'12009','Zeliščni čaj melisa 25 g',3.5945,3.5945,8.5000,1),(183,79,66,'40012','Med z eteričnim oljem rožmarina 230 g',6.9124,6.9124,8.5000,2),(184,80,133,'12028','Zeliščni čaj pljučnik 20 g',3.5945,3.5945,8.5000,2),(185,81,240,'80038','Oljčno olje Ronkaldo 0,5l',15.2074,15.2074,8.5000,1),(186,82,133,'12028','Zeliščni čaj pljučnik 20 g',3.5945,3.5945,8.5000,1),(187,83,30,'30007','Naravni jabolčni sok 1 l',2.0276,2.0276,8.5000,1),(188,83,85,'40045','Marmelada jagoda 230 g',4.6083,4.6083,8.5000,1),(189,83,301,'','Brusnična marmelada 200 g',6.1751,6.1751,8.5000,1),(190,83,313,'30038','Neolupljeni hruškovi krhlji 200g',3.8710,3.8710,8.5000,1),(191,83,315,'80049','Ekstradeviško oljčno olje Kraševka 1 liter',14.2857,14.2857,8.5000,1),(192,83,47,'40005','Med akacija 450 g',3.8710,3.8710,8.5000,1),(193,83,197,'80031','Hladno stiskano bučno olje 0,25 l – edinstveno na tržišču',10.1382,10.1382,8.5000,1),(194,83,167,'80015','Kapre pesto piranese 1 dl',4.4240,4.4240,8.5000,1),(195,84,165,'80012','Pikantno oljčno olje 0,25 l',10.1382,10.1382,8.5000,3),(196,84,315,'80049','Ekstradeviško oljčno olje Kraševka 1 liter',14.2857,14.2857,8.5000,1),(197,84,21,'30019','Jabolčni kis 1 l PET - ekološki izdelek',2.2120,2.2120,8.5000,1),(198,84,196,'80034','Štajersko Prekmursko bučno olje  0,5l',12.4424,12.4424,8.5000,1),(199,85,173,'90006','Kamniti možnar',42.5000,42.5000,20.0000,1),(200,86,173,'90006','Kamniti možnar',42.5000,42.5000,20.0000,1),(201,87,158,'80006','Ekstra deviško oljčno olje ekološke pridelave 0,25 l',10.1382,10.1382,8.5000,2),(202,88,259,'','Darilna ročka F',19.3548,19.3548,8.5000,3),(203,89,155,'80019','Ekstra deviško oljčno olje Itrana 0,25 l',17.9724,17.9724,8.5000,1),(204,90,197,'80031','Hladno stiskano bučno olje 0,25 l – edinstveno na tržišču',10.1382,10.1382,8.5000,1),(205,91,321,'30042','Mešano suho sadje 200g',2.7650,2.7650,8.5000,1),(206,92,198,'80032','Hladno stiskano bučno olje 0,5l – edinstveno na tržišču',19.3548,19.3548,8.5000,1),(207,92,284,'42014','Čokolada z lešniki 120g',4.6083,4.6083,8.5000,4),(208,93,69,'40012','Med z eteričnimi olji 31 zelišč 230 g',7.1889,7.1889,8.5000,1),(209,94,321,'30042','Mešano suho sadje 200g',2.7650,2.7650,8.5000,2),(210,94,198,'80032','Hladno stiskano bučno olje 0,5l – edinstveno na tržišču',19.3548,19.3548,8.5000,1),(211,95,16,'10011','Brinjevo olje 0,04 l',23.3333,23.3333,20.0000,1),(212,96,334,'80054','Pekoči feferoni – ekološki 240g',3.6866,3.6866,8.5000,1),(213,96,331,'11012','Pirina moka – ekološka 500g',1.5668,1.5668,8.5000,1),(214,96,324,'11005','Testenine z bučnimi semeni in bučnim oljem 250g',3.6866,3.6866,8.5000,1),(215,96,47,'40005','Med akacija 450 g',4.3318,4.3318,8.5000,1),(216,96,56,'40006','Med kostanj 450 g',5.9908,5.9908,8.5000,1),(217,96,322,'40071','Kočevski gozdni med - hoja 450g',6.3594,6.3594,8.5000,1),(218,96,315,'80049','Ekstradeviško oljčno olje Kraševka 1 liter',14.2857,14.2857,8.5000,1),(219,96,159,'80013','Ekstra deviško oljčno olje ekološke pridelave 0,5 l',16.1290,16.1290,8.5000,1),(220,96,197,'80031','Hladno stiskano bučno olje 0,25 l – edinstveno na tržišču',10.1382,10.1382,8.5000,1),(221,96,272,'','Krekerji z rožmarinom 200 g',2.5806,2.5806,8.5000,1),(222,96,147,'12016','Zeliščna sol z divjimi dišavnicami 2 dl',6.7281,6.7281,8.5000,1),(223,97,16,'10011','Brinjevo olje 0,04 l',23.3333,23.3333,20.0000,1),(224,98,210,'','Darilni set »Tri  čokolade Strast 3 x 50g«',12.9032,12.9032,8.5000,1),(225,99,174,'90005','Stojalo za rezanje pršuta',116.6667,116.6667,20.0000,1),(226,100,144,'12017','Zeliščna sol z vrtnimi dišavnicami 40 ml',2.3041,2.3041,8.5000,2),(227,101,147,'12016','Zeliščna sol z divjimi dišavnicami 2 dl',6.7281,6.7281,8.5000,2),(228,102,163,'80025','Temne olive sorte Mata pakirane v oljčnem olju 33 kom',8.8479,8.8479,8.5000,5),(229,102,334,'80054','Pekoči feferoni – ekološki 240g',3.6866,3.6866,8.5000,2),(230,103,323,'40070','Kočevski gozdni med - hoja 900g',9.2166,9.2166,8.5000,1),(231,103,46,'40001','Med akacija 950 g',6.9124,6.9124,8.5000,1),(232,103,55,'40002','Med kostanj 950 g',8.2949,8.2949,8.5000,1),(233,103,274,'40061','Lipov med z orehi 110 g',3.6866,3.6866,8.5000,1),(234,103,315,'80049','Ekstradeviško oljčno olje Kraševka 1 liter',14.2857,14.2857,8.5000,2),(235,103,197,'80031','Hladno stiskano bučno olje 0,25 l – edinstveno na tržišču',10.1382,10.1382,8.5000,1),(236,103,339,'41006','Domač češnjev kompot 720g',3.3180,3.3180,8.5000,1),(237,103,338,'42076','Marmelada iz gozdnih sadežev 230g',5.0691,5.0691,8.5000,1),(238,103,324,'11005','Testenine z bučnimi semeni in bučnim oljem 250g',3.6866,3.6866,8.5000,1),(239,103,272,'','Krekerji z rožmarinom 200 g',2.5806,2.5806,8.5000,1),(240,103,340,'42084','Piškoti z bučnimi semeni in bučnim oljem 150g',2.9954,2.9954,8.5000,1),(241,104,123,'12001','Dišavna vrečka sivka',2.6667,2.6667,20.0000,10),(242,105,241,'','Ekološko oljčno olje Morgan 0,25l',10.1382,10.1382,8.5000,1),(243,105,247,'30028','Sušen kaki Tipo 150g, rezan',4.1475,4.1475,8.5000,1),(244,105,291,'12050','Solni cvet  250g v platneni vrečki',5.9908,5.9908,8.5000,1),(245,105,46,'40001','Med akacija 950 g',6.9124,6.9124,8.5000,1),(246,105,55,'40002','Med kostanj 950 g',8.2949,8.2949,8.5000,1),(247,105,323,'40070','Kočevski gozdni med - hoja 900g',9.2166,9.2166,8.5000,1),(248,106,316,'80050','Ekstradeviško oljčno olje z okusom belih tartufov 250 ml',8.8479,8.8479,8.5000,1),(249,106,201,'20011','Domači borovničevec 0,5l',10.0000,10.0000,20.0000,1),(250,106,116,'42004','Temna čokolada z mandlji 120 g',4.6083,4.6083,8.5000,1),(251,107,196,'80034','Štajersko Prekmursko bučno olje  0,5l',12.4424,12.4424,8.5000,6),(252,108,315,'80049','Ekstradeviško oljčno olje Kraševka 1 liter',14.2857,14.2857,8.5000,1),(253,108,197,'80031','Hladno stiskano bučno olje 0,25 l – edinstveno na tržišču',10.1382,10.1382,8.5000,1),(254,108,43,'40001','Cvetlični med 950 g',6.9124,6.9124,8.5000,1),(255,108,48,'40009','Med akacija 250 g',2.7650,2.7650,8.5000,1),(256,108,274,'40061','Lipov med z orehi 110 g',3.6866,3.6866,8.5000,1),(257,108,272,'','Krekerji z rožmarinom 200 g',2.5806,2.5806,8.5000,1),(258,108,340,'42084','Piškoti z bučnimi semeni in bučnim oljem 150g',2.9954,2.9954,8.5000,1),(259,108,331,'11012','Pirina moka – ekološka 500g',1.5668,1.5668,8.5000,1),(260,108,324,'11005','Testenine z bučnimi semeni in bučnim oljem 250g',3.6866,3.6866,8.5000,1),(262,110,28,'30006','Balzamični slivov kis 0,25 l',4.0553,4.0553,8.5000,1),(263,110,205,'','Tržaška potica - okrogla  600g',8.7558,8.7558,8.5000,1),(264,110,340,'42084','Piškoti z bučnimi semeni in bučnim oljem 150g',2.9954,2.9954,8.5000,1),(265,110,285,'42052','Čokolada Strast sliva 50g',2.3041,2.3041,8.5000,1),(266,110,345,'40021','Jabolčna marmelada s pehtranom 200g',4.0553,4.0553,8.5000,1),(267,110,326,'11009','Ješprenj – ekološki 500g',1.3825,1.3825,8.5000,1),(268,110,324,'11005','Testenine z bučnimi semeni in bučnim oljem 250g',3.6866,3.6866,8.5000,2),(269,110,247,'30028','Sušen kaki Tipo 150g, rezan',4.1475,4.1475,8.5000,1),(270,110,141,'12022','Posušeni jurčki v vrečki 50 g',7.3733,7.3733,8.5000,1),(271,110,349,'80046','Tartufata s črnimi tartufi 90g',5.0691,5.0691,8.5000,1),(272,110,273,'80045','Tartufata z belimi tartufi 90 g',7.9263,7.9263,8.5000,1),(273,111,298,'10032','Sivkino eterično olje 10 ml',10.4167,10.4167,20.0000,1),(274,112,288,'12048','Piranska sol 1 kg v platneni vrečki',4.6083,4.6083,8.5000,1),(275,113,173,'90006','Kamniti možnar',42.5000,42.5000,20.0000,1),(276,114,166,'80014','Kapre plodovi v slanici 370 ml',4.4240,4.4240,8.5000,5),(277,115,79,'40022','Slivova marmelada 200 g',4.1475,4.1475,8.5000,1),(278,115,251,'','Darilni pehar 4',31.1521,31.1521,8.5000,1),(279,115,351,'400006','Planinski cvet 450g – med z Vremščice',4.6083,4.6083,8.5000,1),(280,115,353,'40056','Bršljanov med 450g – med z Brestovice na Krasu',4.6083,4.6083,8.5000,1),(281,116,196,'80034','Štajersko Prekmursko bučno olje  0,5l',12.4424,12.4424,8.5000,1),(282,116,16,'10011','Brinjevo olje 0,04 l',23.3333,23.3333,20.0000,1),(283,117,227,'','Kamniti možnar v darilni škatli',60.0000,60.0000,20.0000,1),(284,118,316,'80050','Ekstradeviško oljčno olje z okusom belih tartufov 250 ml',8.8479,8.8479,8.5000,1),(285,119,325,'11010','Ajdova moka  - ekološka 500g',1.8433,1.8433,8.5000,4),(286,119,317,'80051','Čemažev namaz Svetlin 106 ml',4.3318,4.3318,8.5000,1),(287,119,315,'80049','Ekstradeviško oljčno olje Kraševka 1 liter',14.2857,14.2857,8.5000,1),(288,119,43,'40001','Cvetlični med 950 g',7.1889,7.1889,8.5000,1),(289,120,333,'80053','Mešani feferoni – ekološki 240g',3.6866,3.6866,8.5000,1),(290,120,291,'12050','Solni cvet  250g v platneni vrečki',5.9908,5.9908,8.5000,1),(291,120,46,'40001','Med akacija 950 g',7.1889,7.1889,8.5000,1),(292,120,358,'40070','Kočevski gozdni med – smreka 950g - zaščitena označba porekla ZO',9.2166,9.2166,8.5000,1),(293,120,350,'40002','Planinski cvet 900g – med z Vremščice',7.3733,7.3733,8.5000,1),(294,120,323,'40070','Kočevski gozdni med - hoja 900g',9.2166,9.2166,8.5000,1),(295,120,79,'40022','Slivova marmelada 200 g',4.1475,4.1475,8.5000,1),(296,121,316,'80050','Ekstradeviško oljčno olje z okusom belih tartufov 250 ml',8.8479,8.8479,8.5000,1),(297,122,4,'10016','Kraški brinjevec 0,5 l -zaščitena geografska označba',25.0000,25.0000,20.0000,1),(298,123,346,'40076','Cvetlični med z belim tartufom 130g',8.9401,8.9401,8.5000,1),(299,124,149,'80001','Ekstra deviško oljčno olje couvee 0,5 l',16.5899,16.5899,8.5000,1),(300,125,385,'10017','Kraški brinjevec 0,7 l – zaščitena geografska označba',34.1667,34.1667,20.0000,1),(301,125,166,'80014','Kapre plodovi v slanici 370 ml',6.9585,6.9585,8.5000,1),(302,125,162,'80008','Olive sorte Štorta pakirane v oljčnem olju 33 kom',7.3733,7.3733,8.5000,1),(303,125,146,'12018','Zeliščna sol z divjimi dišavnicami 40 ml',3.0415,3.0415,8.5000,1),(304,125,144,'12017','Zeliščna sol z vrtnimi dišavnicami 40 ml',3.0415,3.0415,8.5000,1),(305,125,28,'30006','Balzamični slivov kis 0,25 l',4.0553,4.0553,8.5000,1),(306,126,246,'30027','Sušen kaki Tipo 250g,  rezan',6.8203,6.8203,8.5000,2),(307,126,16,'10011','Brinjevo olje 50 ml',23.3333,23.3333,20.0000,1),(308,126,123,'12001','Dišavna vrečka sivka',2.6667,2.6667,20.0000,4),(309,127,3,'10015','Kraški brinjevec 0,2 l -zaščitena geografska označba',12.5000,12.5000,20.0000,1),(310,128,147,'12016','Zeliščna sol z divjimi dišavnicami 2 dl',7.0507,7.0507,8.5000,2),(311,129,313,'30038','Neolupljeni hruškovi krhlji 200g',3.8710,3.8710,8.5000,8),(312,129,329,'11006','Pšenična polnozrnata moka – ekološka 500g',1.1521,1.1521,8.5000,8),(313,129,331,'11012','Pirina moka – ekološka 500g',1.5668,1.5668,8.5000,8),(314,129,207,'','Čokolada Strast  50g',2.3041,2.3041,8.5000,8),(315,130,163,'80025','Temne olive sorte Mata pakirane v oljčnem olju 33 kom',8.8479,8.8479,8.5000,3),(316,130,214,'','Sušeni paradižniki v oljčnem olju',10.1382,10.1382,8.5000,4),(317,130,162,'80008','Olive sorte Štorta pakirane v oljčnem olju 33 kom',7.3733,7.3733,8.5000,1),(318,131,207,'','Čokolada Strast  50g',2.3041,2.3041,8.5000,1),(319,131,209,'','Čokolada Strast 50g  z ocvrto čebulo in bučnim oljem',2.3041,2.3041,8.5000,2),(320,132,220,'91003','Suhe mesnine na Slovenskem',23.0415,23.0415,8.5000,1),(321,133,335,'40074','Češnjeva marmelada 314ml',5.8525,5.8525,8.5000,7),(322,134,208,'','Čokolada Strast 50g v darilni leseni škatlici',5.0691,5.0691,8.5000,1),(323,135,381,'10048','Češnjevo žganje 0,375 l',18.7500,18.7500,20.0000,1),(324,135,373,'','Žganje divja češnja Budič 0,2l',7.5000,7.5000,20.0000,1),(325,135,380,'10052','Brkinski sadjevec 0,5 l',9.1667,9.1667,20.0000,1),(326,136,290,'12049','Solni cvet 70g v steklenički',3.4101,3.4101,8.5000,1),(327,136,291,'12050','Solni cvet  250g v platneni vrečki',5.9908,5.9908,8.5000,1),(328,137,354,'40062','Med divje češnje 950g – zaščitena označba porekla ZOP',8.2949,8.2949,8.5000,1),(329,137,350,'40002','Planinski cvet 900g – med z Vremščice',7.3733,7.3733,8.5000,2),(330,137,58,'40013','Apikomplet 900 g',11.9816,11.9816,8.5000,1),(331,137,43,'40001','Cvetlični med 950 g',7.1889,7.1889,8.5000,1),(332,137,352,'40055','Bršljanov med 900g – med z Brestovice na Krasu',7.2811,7.2811,8.5000,1),(333,138,316,'80050','Ekstradeviško oljčno olje z okusom belih tartufov 250 ml',8.8479,8.8479,8.5000,1),(334,139,349,'80046','Tartufata s črnimi tartufi 90g',5.0691,5.0691,8.5000,2),(335,139,273,'80045','Tartufata z belimi tartufi 90 g',7.9263,7.9263,8.5000,5),(336,140,355,'40008','Med divje češnje 450g – zaščitena označba porekla ZOP',5.9908,5.9908,8.5000,1),(337,140,353,'40056','Bršljanov med 450g – med z Brestovice na Krasu',4.6083,4.6083,8.5000,1),(338,140,53,'40006','Gozdni med 450 g',5.9908,5.9908,8.5000,1),(339,140,59,'40014','Apikomplet 450 g',7.1889,7.1889,8.5000,1),(340,141,326,'11009','Ješprenj – ekološki 500g',1.3825,1.3825,8.5000,1),(341,141,331,'11012','Pirina moka – ekološka 500g',1.5668,1.5668,8.5000,1),(342,141,328,'11007','Polenta – ekološka 500g',1.5668,1.5668,8.5000,1),(343,141,413,'42051','Medenjaki iz mlina 300g',4.4240,4.4240,8.5000,1),(344,141,285,'42052','Čokolada Strast sliva 50g',2.3041,2.3041,8.5000,1),(345,141,347,'30050','Suhi olupljeni jabolčni krhlji 200g',3.0415,3.0415,8.5000,1),(346,141,412,'42074','Domači medenjaki 200g',3.9631,3.9631,8.5000,1),(347,142,360,'40033','Apikomplet z matičnim mlečkom 450g',26.7281,26.7281,8.5000,1),(348,143,51,'40009','Med lipa 250 g',3.5484,3.5484,8.5000,1),(349,143,53,'40006','Gozdni med 450 g',5.9908,5.9908,8.5000,2),(350,143,47,'40005','Med akacija 450 g',5.3456,5.3456,8.5000,2),(351,143,59,'40014','Apikomplet 450 g',7.1889,7.1889,8.5000,1),(352,143,56,'40006','Med kostanj 450 g',6.2673,6.2673,8.5000,2),(353,143,395,'30043','Suhe brkinske češpe 500g',4.6083,4.6083,8.5000,1),(354,144,59,'40014','Apikomplet 450 g',7.1889,7.1889,8.5000,1),(355,145,198,'80032','Hladno stiskano bučno olje 0,5l – edinstveno na tržišču',19.3548,19.3548,8.5000,1),(356,146,198,'80032','Hladno stiskano bučno olje 0,5l – edinstveno na tržišču',19.3548,19.3548,8.5000,1),(357,146,196,'80034','Štajersko Prekmursko bučno olje  0,5l',12.4424,12.4424,8.5000,1),(358,146,291,'12050','Solni cvet  250g v platneni vrečki',5.9908,5.9908,8.5000,1),(359,147,354,'40062','Med divje češnje 950g – zaščitena označba porekla ZOP',9.0323,9.0323,8.5000,1),(360,147,52,'40002','Gozdni med 950 g',9.0323,9.0323,8.5000,2),(361,147,350,'40002','Med cvetlični-planinski 950 g',7.8341,7.8341,8.5000,2),(362,147,46,'40001','Med akacija 950 g',7.7419,7.7419,8.5000,1),(363,147,79,'40022','Slivova marmelada 200 g',4.1475,4.1475,8.5000,1),(364,148,315,'80049','Ekstradeviško oljčno olje Kraševka 1 liter',14.2857,14.2857,8.5000,1),(365,148,162,'80008','Olive sorte Štorta pakirane v oljčnem olju 33 kom',7.3733,7.3733,8.5000,1),(366,149,349,'80046','Tartufata s črnimi tartufi 90g',5.0691,5.0691,8.5000,1),(367,150,360,'40033','Apikomplet z matičnim mlečkom 450g',26.7281,26.7281,8.5000,1),(368,151,173,'90006','Kamniti možnar',42.5000,42.5000,20.0000,1),(369,152,197,'80031','Hladno stiskano bučno olje 0,25 l – edinstveno na tržišču',10.1382,10.1382,8.5000,1),(370,152,195,'80033','Štajersko Prekmursko bučno olje 0,25l',6.9124,6.9124,8.5000,1),(371,153,16,'10011','Brinjevo olje 50 ml',23.3333,23.3333,20.0000,1),(372,154,328,'11007','Polenta – ekološka 500g',1.7051,1.7051,8.5000,2),(373,154,329,'11006','Pšenična polnozrnata moka – ekološka 500g',1.2442,1.2442,8.5000,5),(374,154,326,'11009','Ješprenj – ekološki 500g',1.4747,1.4747,8.5000,1),(375,154,387,'80064','Zeliščna omaka bazilika 180g – ekološka pridelava',6.2673,6.2673,8.5000,1),(376,154,420,'','Suhe slive 500g',5.9908,5.9908,8.5000,1),(378,156,173,'90006','Kamniti možnar',42.5000,42.5000,20.0000,1),(379,156,289,'12047','Piranska sol 500g v platneni vrečki',3.5023,3.5023,8.5000,1),(380,156,124,'12004','Zelišča v kozarčku - kraški šetraj',5.5300,5.5300,8.5000,1),(381,156,127,'12006','Zelišča v kozarčku - rožmarin',5.5300,5.5300,8.5000,1),(382,156,107,'50007','Refošk - vrhunsko vino 0,75 l',7.4167,7.4167,20.0000,1),(383,156,59,'40014','Apikomplet 450 g',7.1889,7.1889,8.5000,1),(384,157,201,'20011','Domači borovničevec 0,5l',10.4167,10.4167,20.0000,1),(385,157,294,'20017','Orehovec 0,375 l',10.0000,10.0000,20.0000,1),(386,157,102,'20007','Refoškov liker 0,5 l',11.2500,11.2500,20.0000,1),(387,158,102,'20007','Refoškov liker 0,5 l',11.2500,11.2500,20.0000,2),(388,159,4,'10016','Kraški brinjevec 0,5 l -zaščitena geografska označba',25.0000,25.0000,20.0000,1),(389,160,11,'10023','Tropinovec 0,5 l',7.5000,7.5000,20.0000,2),(390,161,79,'40022','Slivova marmelada 200 g',4.1475,4.1475,8.5000,1),(391,161,351,'400006','Med cvetlični-planinski 450g',5.3456,5.3456,8.5000,1),(392,161,61,'40040','Darilni paket kraških medov (2 x 450 g)',11.5207,11.5207,8.5000,1),(393,161,355,'40008','Med divje češnje 450g – zaščitena označba porekla ZOP',6.2673,6.2673,8.5000,1),(394,161,50,'40005','Med lipa 450 g',5.3456,5.3456,8.5000,1),(395,162,141,'12022','Posušeni jurčki v vrečki 50 g',7.3733,7.3733,8.5000,1),(396,162,331,'11012','Pirina moka – ekološka 500g',1.6590,1.6590,8.5000,1),(397,162,198,'80032','Hladno stiskano bučno olje 0,5l – edinstveno na tržišču',19.3548,19.3548,8.5000,1),(398,163,446,'50052','Zelen vrhunsko vino ZGP 0,75l',10.0000,10.0000,20.0000,1),(399,164,81,'40042','Borovničeva marmelada 200 g',5.0691,5.0691,8.5000,1),(400,164,121,'42007','Krekerji s čebulo 200 g',2.5806,2.5806,8.5000,1),(401,164,198,'80032','Hladno stiskano bučno olje 0,5l – edinstveno na tržišču',19.3548,19.3548,8.5000,1),(402,165,121,'42007','Krekerji s čebulo 200 g',2.5806,2.5806,8.5000,1),(403,165,196,'80034','Štajersko Prekmursko bučno olje  0,5l',12.4424,12.4424,8.5000,1),(404,166,53,'40006','Gozdni med 450 g',5.9908,5.9908,8.5000,1),(405,166,79,'40022','Slivova marmelada 200 g',4.4240,4.4240,8.5000,1),(406,166,454,'42091','Ribezova marmelada 200 g',4.7926,4.7926,8.5000,1),(407,166,81,'40042','Borovničeva marmelada 200 g',5.0691,5.0691,8.5000,1),(408,166,452,'42092','Marelična marmelada 200 g',5.0691,5.0691,8.5000,1),(409,167,173,'90006','Kamniti možnar',42.5000,42.5000,20.0000,1),(410,168,289,'12047','Piranska sol 500g v platneni vrečki',3.5023,3.5023,8.5000,1),(411,168,124,'12004','Kraški šetraj v kozarčku 10g',4.4240,4.4240,8.5000,1),(412,169,326,'11009','Ješprenj – ekološki 500g',1.4747,1.4747,8.5000,1),(413,169,331,'11012','Pirina moka – ekološka 500g',1.6590,1.6590,8.5000,1),(414,169,328,'11007','Polenta – ekološka 500g',1.8433,1.8433,8.5000,1),(415,169,315,'80049','Ekstra deviško oljčno olje Kraševka 1 liter',14.2857,14.2857,8.5000,1),(416,169,197,'80031','Hladno stiskano bučno olje 0,25 l – edinstveno na tržišču',10.1382,10.1382,8.5000,1),(417,169,196,'80034','Štajersko Prekmursko bučno olje  0,5l',12.4424,12.4424,8.5000,1),(418,169,212,'','Enosortna istrska belica 0,25l',13.8249,13.8249,8.5000,1),(419,170,141,'12022','Posušeni jurčki v vrečki 50 g',7.3733,7.3733,8.5000,1),(420,170,196,'80034','Štajersko Prekmursko bučno olje  0,5l',12.4424,12.4424,8.5000,1),(421,170,325,'11010','Ajdova moka  - ekološka 500g',2.0276,2.0276,8.5000,1),(422,171,403,'','Darilna ročka C',20.5000,20.5000,20.0000,7),(423,171,406,'','Darilna ročka F',22.3750,22.3750,20.0000,1),(424,172,487,'30055','Ekološki jabolčni sok 1 liter',2.9032,2.9032,8.5000,1),(425,172,50,'40005','Med lipa 450 g',5.3456,5.3456,8.5000,1),(426,172,355,'40008','Med divje češnje 450g – zaščitena označba porekla ZOP',6.2673,6.2673,8.5000,1),(427,172,351,'400006','Med cvetlični-planinski 450g',5.3456,5.3456,8.5000,1),(428,172,56,'40006','Med kostanj 450 g',6.4516,6.4516,8.5000,1),(429,172,47,'40005','Med akacija 450 g',5.3456,5.3456,8.5000,1),(430,172,482,'40068','Kočevski gozdni med – Hoja 450g - zaščitena označba porekla',6.6359,6.6359,8.5000,1),(431,172,488,'30007','Domači grozdni sok 1 liter',2.5806,2.5806,8.5000,1),(432,172,382,'10050','Brkinska viljamovka 0,5 l',15.0000,15.0000,20.0000,1),(433,173,482,'40068','Kočevski gozdni med – Hoja 450g - zaščitena označba porekla',6.6359,6.6359,8.5000,1),(434,173,321,'30042','Mešano suho sadje 200g',3.0415,3.0415,8.5000,1),(435,173,158,'80006','Ekstra deviško oljčno olje ekološke pridelave 0,25 l',10.1382,10.1382,8.5000,3),(436,173,249,'','Figova marmelada 370 ml',4.6083,4.6083,8.5000,1),(437,173,331,'11012','Pirina moka – ekološka 500g',1.6590,1.6590,8.5000,4),(438,173,445,'50033','Teran PTP vinorodni okoliš Kras  0,2l',3.8333,3.8333,20.0000,1),(439,173,98,'20005','Teranov likerček 0,2 l',5.8333,5.8333,20.0000,1),(440,173,453,'40079','Češnjeva marmelada 200 g',4.7926,4.7926,8.5000,2),(441,174,417,'','Darilna ročka I',20.5417,20.5417,20.0000,1),(442,174,405,'','Darilna ročka E',21.4167,21.4167,20.0000,1),(443,174,57,'40010','Med kostanj 250 g',4.5161,4.5161,8.5000,1),(444,174,411,'42090','Pirine zvezdice 250g',4.4240,4.4240,8.5000,1),(445,175,237,'10027','Žižole v žganju 0,2l',7.0833,7.0833,20.0000,2),(446,176,450,'30018','Fige v refošku 370 ml',8.2949,8.2949,8.5000,1),(447,176,386,'20026','Žajbljev liker 0,2l',6.6667,6.6667,20.0000,1),(448,176,123,'12001','Dišavna vrečka sivka',2.6667,2.6667,20.0000,2),(449,176,165,'80012','Pikantno oljčno olje 0,25 l',10.1382,10.1382,8.5000,1),(450,176,289,'12047','Piranska sol 500g v platneni vrečki',3.5023,3.5023,8.5000,1),(451,176,453,'40079','Češnjeva marmelada 200 g',4.7926,4.7926,8.5000,1),(452,176,468,'40007','Kraški med rešelika 250g',4.8848,4.8848,8.5000,1),(453,176,309,'30036','Jabolčni  kis z dodatkom česna 0,5l',3.6866,3.6866,8.5000,1),(454,177,11,'10023','Tropinovec 0,5 l',7.5000,7.5000,20.0000,2),(455,178,422,'80085','Hladno stiskano orehovo olje 100ml',7.2350,7.2350,8.5000,1),(456,178,361,'30051','Čemažev jabolčni kis 0,5l',4.4240,4.4240,8.5000,1),(457,178,450,'30018','Fige v refošku 370 ml',8.2949,8.2949,8.5000,1),(458,178,237,'10027','Žižole v žganju 0,2l',7.0833,7.0833,20.0000,1),(459,178,386,'20026','Žajbljev liker 0,2l',6.6667,6.6667,20.0000,1),(460,178,456,'42036','Temna čokolada z jabolki in cimetom 50g',2.3041,2.3041,8.5000,1),(461,178,117,'42005','Temna čokolada s pinjolami 120 g',4.6083,4.6083,8.5000,1),(462,178,283,'42015','Temna čokolada s pistacijami 120g',4.6083,4.6083,8.5000,2),(463,178,345,'40021','Jabolčna marmelada z meto in pehtranom 200g',4.1475,4.1475,8.5000,1),(464,178,356,'40011','Med divje češnje 250g – zaščitena označba porekla ZOP',4.0553,4.0553,8.5000,1),(465,178,390,'80071','Zeliščna omaka čemaž 85g – ekološka pridelava',4.0553,4.0553,8.5000,1),(466,178,392,'80065','Zeliščna omaka rukola 85g – ekološka pridelava',4.0553,4.0553,8.5000,1),(467,178,444,'12076','Zeliščni čaj Aelita - 33 rožic 30g',3.9171,3.9171,8.5000,1),(468,178,425,'12076','Zeliščni čaj Aelita - Prijatelj črevesja 30g',3.9171,3.9171,8.5000,1),(469,178,429,'12076','Zeliščni čaj Aelita - Sladkorček 30g',3.9171,3.9171,8.5000,1),(470,179,123,'12001','Dišavna vrečka sivka',2.6667,2.6667,20.0000,5),(471,180,404,'','Darilna ročka D',22.3333,22.3333,20.0000,1),(472,180,408,'','Darilna ročka H',24.0000,24.0000,20.0000,1),(473,180,402,'','Darilna ročka B',21.8333,21.8333,20.0000,1),(474,180,398,'','Darilna košara 3',26.2917,26.2917,20.0000,1),(475,180,396,'','Darilna košara 1',23.4167,23.4167,20.0000,1),(476,180,119,'42006','Tržaški presnic 500 g',10.0000,10.0000,8.5000,1),(477,180,215,'','Tržaške fave',3.2258,3.2258,8.5000,1),(478,180,456,'42036','Temna čokolada z jabolki in cimetom 50g',2.3041,2.3041,8.5000,1),(479,180,421,'42017','Pralineji s kraškim brinjevcem 60 g',7.8341,7.8341,8.5000,1),(480,180,462,'42011','Melisini piškoti 200 g',3.9631,3.9631,8.5000,1),(481,180,272,'','Krekerji z rožmarinom 200 g',2.5806,2.5806,8.5000,1),(482,180,122,'42008','Krekerji s temnimi olivami 200 g',2.5806,2.5806,8.5000,1),(483,180,121,'42007','Krekerji s čebulo 200 g',2.5806,2.5806,8.5000,1),(484,180,285,'42052','Čokolada Strast sliva 50g',2.3041,2.3041,8.5000,1),(485,180,208,'','Čokolada Strast 50g v darilni leseni škatlici',5.0691,5.0691,8.5000,2),(486,180,199,'80035','Darilni paket treh olj  Kocbek',20.2765,20.2765,8.5000,2),(487,181,173,'90006','Kamniti možnar',42.5000,42.5000,20.0000,1),(488,182,487,'30055','Ekološki jabolčni sok 1 liter',2.9032,2.9032,8.5000,4),(489,182,472,'11016','Pšenični  zdrob - ekološka pridelava 500g',1.6590,1.6590,8.5000,1),(490,182,329,'11006','Pšenična polnozrnata moka – ekološka 500g',1.2442,1.2442,8.5000,2),(491,182,347,'30050','Suhi olupljeni jabolčni krhlji 200g',3.0415,3.0415,8.5000,1),(492,182,320,'30040','Suhe fige 300g',4.7926,4.7926,8.5000,2),(493,182,395,'30043','Suhe brkinske češpe 500g',5.0691,5.0691,8.5000,2),(494,182,312,'30037','Neolupljeni jabolčni krhlji 200g',2.9493,2.9493,8.5000,1),(495,182,479,'30056','Jabolčni krhlji iz Vremske doline 200g',3.0415,3.0415,8.5000,2),(496,183,476,'80077','Olive štorte v ekstra deviškem oljčnem olju 190 ml',8.1106,8.1106,8.5000,2),(497,183,38,'30016','Sušeni kaki 250 g',6.2673,6.2673,8.5000,1),(498,183,246,'30027','Sušen kaki Tipo 250g,  rezan',6.8203,6.8203,8.5000,1),(499,184,273,'80045','Tartufata z belimi tartufi 90 g',7.9263,7.9263,8.5000,2),(500,184,349,'80046','Tartufata s črnimi tartufi 90g',5.0691,5.0691,8.5000,4),(501,185,472,'11016','Pšenični  zdrob - ekološka pridelava 500g',1.6590,1.6590,8.5000,1),(502,185,38,'30016','Sušeni kaki 250 g',6.2673,6.2673,8.5000,2),(503,185,347,'30050','Suhi olupljeni jabolčni krhlji 200g',3.0415,3.0415,8.5000,1),(504,185,479,'30056','Jabolčni krhlji iz Vremske doline 200g',3.0415,3.0415,8.5000,1),(505,186,220,'91003','Suhe mesnine na Slovenskem',18.4332,18.4332,8.5000,1),(506,187,220,'91003','Suhe mesnine na Slovenskem',18.4332,18.4332,8.5000,1),(507,188,220,'91003','Suhe mesnine na Slovenskem',18.4332,18.4332,8.5000,1),(508,189,354,'40062','Med divje češnje 950g – zaščitena označba porekla ZOP',9.0323,9.0323,8.5000,1),(509,189,55,'40002','Med kostanj 950 g',10.8756,10.8756,8.5000,1),(510,190,427,'12076','Zeliščni čaj Aelita - 9 mesecev 30g',3.9171,3.9171,8.5000,1),(511,191,220,'91003','Suhe mesnine na Slovenskem',18.4332,18.4332,8.5000,1),(512,192,273,'80045','Tartufata z belimi tartufi 90 g',7.9263,7.9263,8.5000,2),(513,193,441,'12076','Zeliščni čaj Aelita - Čaj za lahko noč 30g',3.9171,3.9171,8.5000,1),(514,193,494,'80090','Konoplja – bio presna omaka 140g',5.0691,5.0691,8.5000,1),(515,193,26,'30015','Balzamični jabolčni kis 0,5 l',4.6083,4.6083,8.5000,1),(516,193,312,'30037','Neolupljeni jabolčni krhlji 200g',2.9493,2.9493,8.5000,2),(517,193,321,'30042','Mešano suho sadje 200g',3.0415,3.0415,8.5000,3),(518,193,418,'40082','Medica Kraševka 0,2 l',5.2500,5.2500,20.0000,1),(519,193,331,'11012','Pirina moka – ekološka 500g',1.6590,1.6590,8.5000,1),(520,193,329,'11006','Pšenična polnozrnata moka – ekološka 500g',1.2442,1.2442,8.5000,2),(521,193,345,'40021','Jabolčna marmelada z meto in pehtranom 200g',4.1475,4.1475,8.5000,1),(522,193,122,'42008','Krekerji s temnimi olivami 200 g',2.5806,2.5806,8.5000,1),(523,193,116,'42004','Temna čokolada z mandlji 120 g',4.2396,4.2396,8.5000,2),(524,193,439,'12076','Zeliščni čaj Aelita - Otroški čaj 30g',3.9171,3.9171,8.5000,1),(525,194,308,'10034','Brkinski slivovec 0,5l – zaščitena geografska označba',12.0833,12.0833,20.0000,1),(526,194,382,'10050','Brkinska viljamovka 0,5 l',15.0000,15.0000,20.0000,1),(527,195,220,'91003','Suhe mesnine na Slovenskem',18.4332,18.4332,8.5000,7),(528,196,153,'80018','Ekstra deviško oljčno olje Maurino 0,25 l',18.8940,18.8940,8.5000,1),(529,197,371,'10037','Žganje divja češnja Budič 0,5l v darilnem pakiranju',24.6667,24.6667,20.0000,1),(530,197,451,'40066','Breskova marmelada 200 g',4.5161,4.5161,8.5000,2),(531,197,238,'300000','Staran vinski kis 0,5l',3.0415,3.0415,8.5000,4),(532,197,452,'42092','Marelična marmelada 200 g',5.0691,5.0691,8.5000,2),(533,197,385,'10017','Kraški brinjevec 0,7 l – zaščitena geografska označba',34.1667,34.1667,20.0000,1),(534,197,382,'10050','Brkinska viljamovka 0,5 l',15.0000,15.0000,20.0000,1),(535,198,106,'50002','Izbrani teran - vinorodni okoliš Kras 0,75 l',8.3333,8.3333,20.0000,1),(536,199,207,'','Čokolada Strast  50g',2.3041,2.3041,8.5000,1),(537,199,209,'','Čokolada Strast 50g  z ocvrto čebulo in bučnim oljem',2.3041,2.3041,8.5000,1),(538,199,196,'80034','Štajersko Prekmursko bučno olje  0,5l',13.3641,13.3641,8.5000,1),(542,203,106,'50002','Izbrani teran - vinorodni okoliš Kras 0,75 l',8.3333,8.3333,20.0000,1),(543,204,438,'12076','Zeliščni čaj Aelita - Prečiščevalni čaj 30g',3.9171,3.9171,8.5000,1),(544,204,437,'12076','Zeliščni čaj Aelita - Prijatelj jeter in žolča 30g',3.9171,3.9171,8.5000,1),(545,205,28,'30006','Balzamični slivov kis 0,25 l',4.0553,4.0553,8.5000,1),(546,205,197,'80031','Hladno stiskano bučno olje 0,25 l – edinstveno na tržišču',11.0599,11.0599,8.5000,1),(547,206,360,'40033','Apikomplet z matičnim mlečkom 450g',31.1982,31.1982,8.5000,1),(548,207,309,'30036','Jabolčni  kis z dodatkom česna 0,5l',3.6866,3.6866,8.5000,3),(549,208,227,'','Kamniti možnar v darilni škatli',60.0000,60.0000,20.0000,1),(550,209,81,'40042','Borovničeva marmelada 200 g',5.0691,5.0691,8.5000,1),(551,210,220,'91003','Suhe mesnine na Slovenskem',18.4332,18.4332,8.5000,1),(552,211,220,'91003','Suhe mesnine na Slovenskem',18.4332,18.4332,8.5000,1),(553,212,124,'12004','Kraški šetraj v kozarčku 10g',4.4240,4.4240,8.5000,1),(554,213,220,'91003','Suhe mesnine na Slovenskem',18.4332,18.4332,8.5000,1),(555,214,434,'12076','Zeliščni čaj Aelita - Ženski čaj 30g',3.9171,3.9171,8.5000,2),(556,214,425,'12076','Zeliščni čaj Aelita - Prijatelj črevesja 30g',3.9171,3.9171,8.5000,2),(557,214,123,'12001','Dišavna vrečka sivka',2.6667,2.6667,20.0000,4),(558,214,494,'80090','Konoplja – bio presna omaka 140 g',5.0691,5.0691,8.5000,1),(559,215,81,'40042','Borovničeva marmelada 200 g',5.0691,5.0691,8.5000,1),(560,216,16,'10011','Brinjevo olje 50 ml',23.3333,23.3333,20.0000,1),(561,217,44,'40005','Cvetlični med 450 g',5.5300,5.5300,8.5000,3),(562,218,396,'','Darilna košara 1',23.4167,23.4167,20.0000,1),(563,219,287,'42069','Temna čokolada s solnim cvetom 50g',2.1659,2.1659,8.5000,1),(564,219,210,'','Darilni set »Tri  čokolade Strast 3 x 50g«',12.9032,12.9032,8.5000,1),(565,220,149,'80001','Ekstra deviško oljčno olje Couvee 0,5 l - zaščiteno geografsko p',22.6728,22.6728,8.5000,1),(566,221,173,'90006','Kamniti možnar',45.8333,45.8333,20.0000,1),(567,221,196,'80034','Štajersko Prekmursko bučno olje  0,5l',13.3641,13.3641,8.5000,1),(568,221,198,'80032','Hladno stiskano bučno olje 0,5l – edinstveno na tržišču',20.7373,20.7373,8.5000,1),(569,222,486,'30045','Domači jabolčni sok 1 liter',2.0276,2.0276,8.5000,2),(570,222,328,'11007','Polenta – ekološka 500g',1.8433,1.8433,8.5000,1),(571,222,326,'11009','Ješprenj – ekološki 500g',1.4747,1.4747,8.5000,1),(572,222,530,'40029','Kočevski gozdni med – Lipa 450 g - zaščitena označba porekla',5.9908,5.9908,8.5000,3),(573,222,272,'','Krekerji z rožmarinom 200 g',2.5806,2.5806,8.5000,2),(574,222,122,'42008','Krekerji s temnimi olivami 200 g',2.5806,2.5806,8.5000,2),(575,222,456,'42036','Temna čokolada z jabolki in cimetom 50g',2.3041,2.3041,8.5000,1),(576,223,38,'30016','Sušeni kaki 250 g',6.2673,6.2673,8.5000,4),(577,223,509,'80040','Olive štorte v slanici 180 g - ekološka pridelava',5.0691,5.0691,8.5000,1),(578,223,246,'30027','Sušen kaki Tipo 250g,  rezan',6.8203,6.8203,8.5000,4),(579,223,450,'30018','Fige v refošku 370 ml',8.2949,8.2949,8.5000,3),(580,223,320,'30040','Suhe fige 300g',4.7926,4.7926,8.5000,5),(581,223,395,'30043','Suhe brkinske češpe 500g',5.0691,5.0691,8.5000,4),(582,223,39,'30017','Figov hlebček 400 g',11.0599,11.0599,8.5000,3),(583,224,220,'91003','Suhe mesnine na Slovenskem',18.4332,18.4332,8.5000,1),(584,225,538,'42020','Čokolada Strast z rožmarinom 50 g',2.3041,2.3041,8.5000,1),(585,225,537,'42083','Ekstratemna čokolada Strast z bučnimi semeni in bučnim oljem 50 ',2.3041,2.3041,8.5000,1),(586,225,541,'42102','Konopljini piškoti 200 g',4.3318,4.3318,8.5000,1),(587,226,154,'80022','Ekstra deviško oljčno olje Maurino 0,5 l',35.9447,35.9447,8.5000,1),(588,226,501,'80028','Domači ajvar 190 ml',4.2396,4.2396,8.5000,1),(589,226,452,'42092','Marelična marmelada 200 g',5.0691,5.0691,8.5000,1),(590,226,150,'80003','Limonino in oljčno olje 0,25 l',17.5115,17.5115,8.5000,1),(591,226,149,'80001','Ekstra deviško oljčno olje Couvee 0,5 l - zaščiteno geografsko p',22.6728,22.6728,8.5000,1),(592,227,220,'91003','Suhe mesnine na Slovenskem',18.4332,18.4332,8.5000,1),(593,228,69,'40012','Med z eteričnimi olji 31 zelišč 230 g',7.1889,7.1889,8.5000,1),(594,228,350,'40002','Med cvetlični-planinski 950 g',8.5714,8.5714,8.5000,1),(595,228,468,'40007','Kraški med rešelika 250 g',4.8848,4.8848,8.5000,1),(596,228,54,'40010','Kraški gozdni med 250 g - zaščiteno geografsko poreklo',4.3318,4.3318,8.5000,1),(597,228,482,'40068','Kočevski gozdni med – Hoja 450 g - zaščitena označba porekla',6.6359,6.6359,8.5000,1),(598,228,491,'40020','Kočevski gozdni med 450 g - zaščitena označba porekla',5.9908,5.9908,8.5000,1),(599,228,360,'40033','Apikomplet z matičnim mlečkom 450 g',31.1982,31.1982,8.5000,1),(600,229,421,'42017','Pralineji s kraškim brinjevcem 60 g',6.7281,6.7281,8.5000,3),(601,229,117,'42005','Temna čokolada s pinjolami 120 g',4.2396,4.2396,8.5000,6),(602,229,209,'','Čokolada Strast 50 g z ocvrto čebulo in bučnim oljem',2.3041,2.3041,8.5000,3),(603,229,537,'42083','Ekstratemna čokolada Strast z bučnimi semeni in bučnim oljem 50 ',2.3041,2.3041,8.5000,3),(604,229,450,'30018','Fige v refošku 370 ml',8.2949,8.2949,8.5000,5),(605,229,153,'80018','Ekstra deviško oljčno olje Maurino 0,25 l',18.8940,18.8940,8.5000,20),(606,229,154,'80022','Ekstra deviško oljčno olje Maurino 0,5 l',35.9447,35.9447,8.5000,5),(607,229,403,'','Darilna ročka C',20.5000,20.5000,20.0000,1),(608,230,220,'91003','Suhe mesnine na Slovenskem',18.4332,18.4332,8.5000,1),(609,231,220,'91003','Suhe mesnine na Slovenskem',18.4332,18.4332,8.5000,1),(610,232,220,'91003','Suhe mesnine na Slovenskem',18.4332,18.4332,8.5000,1),(611,233,220,'91003','Suhe mesnine na Slovenskem',18.4332,18.4332,8.5000,1),(612,234,220,'91003','Suhe mesnine na Slovenskem',18.4332,18.4332,8.5000,1),(613,235,102,'20007','Refoškov liker 0,5 l',11.2500,11.2500,20.0000,2),(614,236,288,'12048','Piranska sol 1 kg v platneni vrečki',4.6083,4.6083,8.5000,2),(615,236,289,'12047','Piranska sol 500 g - zaščitena označba porekla',3.5023,3.5023,8.5000,4),(616,236,55,'40002','Med kostanj 950 g',11.4286,11.4286,8.5000,2),(617,237,431,'12076','Zeliščni čaj Aelita - Prijatelj želodčka 30g',3.9171,3.9171,8.5000,1),(618,237,427,'12076','Zeliščni čaj Aelita - 9 mesecev 30g',3.9171,3.9171,8.5000,1),(619,238,220,'91003','Suhe mesnine na Slovenskem',18.4332,18.4332,8.5000,1),(620,239,284,'42014','Čokolada z lešniki 120 g',4.2396,4.2396,8.5000,1),(621,239,291,'12050','Solni cvet v platneni vrečki 250 g',5.9908,5.9908,8.5000,1),(622,239,487,'30055','Ekološki jabolčni sok 1 liter',2.9032,2.9032,8.5000,1),(623,239,484,'40030','Kočevski gozdni med – Hoja 250 g - zaščitena označba porekla',5.0691,5.0691,8.5000,1),(624,239,548,'30021','Sušene marelice iz Goriških Brd 200 g',5.7143,5.7143,8.5000,1),(625,239,468,'40007','Kraški med rešelika 250 g',4.8848,4.8848,8.5000,2),(626,240,220,'91003','Suhe mesnine na Slovenskem',18.4332,18.4332,8.5000,1),(627,241,537,'42083','Ekstratemna čokolada Strast z bučnimi semeni in bučnim oljem 50 ',2.3041,2.3041,8.5000,1),(628,241,541,'42102','Konopljini piškoti 200 g',4.3318,4.3318,8.5000,2),(629,241,538,'42020','Čokolada Strast z rožmarinom 50 g',2.3041,2.3041,8.5000,1),(630,241,207,'','Čokolada Strast 50 g',2.3041,2.3041,8.5000,1),(631,241,456,'42036','Temna čokolada z jabolki in cimetom 50 g',2.3041,2.3041,8.5000,1),(632,242,198,'80032','Hladno stiskano bučno olje 0,5l – edinstveno na tržišču',20.7373,20.7373,8.5000,1),(633,243,308,'10034','Brkinski slivovec 0,5l – zaščitena geografska označba',12.0833,12.0833,20.0000,1),(634,244,103,'20006','Refoškov liker 0,2 l',7.5000,7.5000,20.0000,1),(635,245,469,'10058','Pleterska hruška 0,7l',24.1667,24.1667,20.0000,1),(636,245,480,'20009','Slivov liker 0,5l',8.0000,8.0000,20.0000,1),(637,245,94,'10020','Medeni liker 0.5 l',10.8333,10.8333,20.0000,1),(638,245,553,'20004','Naravno žganje z 38 kraškimi zdravilnimi zelišči 500 ml',17.5000,17.5000,20.0000,1),(639,245,201,'20011','Domači borovničevec 0,5l',10.4167,10.4167,20.0000,1),(640,246,503,'80092','Hladno stiskano sončnično olje 0,5l',6.6359,6.6359,8.5000,1),(653,255,173,'90006','Kamniti možnar',45.8333,45.8333,20.0000,1),(652,254,378,'10047','Brkinski slivovec 0,1 l – zaščitena geografska označba',5.0000,5.0000,20.0000,2),(651,253,267,'90062','Pravi kraški možnar z ročaji',56.6667,56.6667,20.0000,1),(645,248,469,'10058','Pleterska hruška 0,7l',24.1667,24.1667,20.0000,2),(646,249,504,'80061','Hladno stiskano sončnično olje 0,25l',4.3318,4.3318,8.5000,1),(650,252,503,'80092','Hladno stiskano sončnično olje 0,5l',6.6359,6.6359,8.5000,1),(648,251,491,'40020','Kočevski gozdni med 450 g - zaščitena označba porekla',5.9908,5.9908,8.5000,1),(649,251,492,'40025','Kočevski gozdni med 250 g - zaščitena označba porekla',4.4240,4.4240,8.5000,4),(654,255,502,'80024','Eko špargljev namaz 100 ml',3.5023,3.5023,8.5000,1),(655,255,165,'80012','Pikantno oljčno olje 0,25 l',10.1382,10.1382,8.5000,1),(656,255,153,'80018','Ekstra deviško oljčno olje Maurino 0,25 l',18.8940,18.8940,8.5000,1),(657,256,468,'40007','Kraški med rešelika 250 g',4.8848,4.8848,8.5000,1),(658,256,309,'30036','Jabolčni  kis z dodatkom česna 0,5l',3.6866,3.6866,8.5000,1),(659,256,353,'40056','Bršljanov med 450 g – med z Brestovice na Krasu',6.2673,6.2673,8.5000,1),(660,256,290,'12049','Solni cvet v steklenički 70 g',3.4101,3.4101,8.5000,1),(661,256,272,'','Krekerji z rožmarinom 200 g',3.0415,3.0415,8.5000,1),(662,256,249,'','Figova marmelada iz Slovenske Istre 370 ml',4.6083,4.6083,8.5000,1),(663,256,241,'','Ekološko oljčno olje Morgan 0,25 l - zaščitena označba porekla',10.1382,10.1382,8.5000,1),(664,257,503,'80092','Hladno stiskano sončnično olje 0,5l',6.6359,6.6359,8.5000,1),(665,258,168,'80024','Čemaž pesto piranese 1.3 dl',5.3456,5.3456,8.5000,1),(666,259,4,'10016','Kraški brinjevec 0,5 l -zaščitena geografska označba',25.0000,25.0000,20.0000,1),(667,260,4,'10016','Kraški brinjevec 0,5 l -zaščitena geografska označba',25.0000,25.0000,20.0000,1),(668,260,3,'10015','Kraški brinjevec 0,2 l -zaščitena geografska označba',12.5000,12.5000,20.0000,2),(669,261,4,'10016','Kraški brinjevec 0,5 l -zaščitena geografska označba',24.5902,24.5902,22.0000,1),(670,262,503,'80092','Hladno stiskano sončnično olje 0,5l',6.5753,6.5753,9.5000,2),(671,263,514,'90071','Visok terilnik',64.7541,64.7541,22.0000,1),(672,264,173,'90006','Kamniti možnar',45.0820,45.0820,22.0000,1),(673,265,498,'80087','Eko ajvar z jajčevci 150 g',4.6576,4.6576,9.5000,2),(674,265,501,'80028','Domači ajvar 190 ml',4.2009,4.2009,9.5000,2),(675,266,249,'','Figova marmelada iz Slovenske Istre 370 ml',4.5662,4.5662,9.5000,1),(676,267,526,'91071','Sivka Lepo doživetje',13.6987,13.6987,9.5000,1),(677,268,11,'10023','Tropinovec 0,5 l',9.4262,9.4262,22.0000,1),(678,269,503,'80092','Hladno stiskano sončnično olje 0,5l',6.5753,6.5753,9.5000,1),(679,270,344,'41007','Marmelada iz grozdja 200g',4.3836,4.3836,9.5000,1),(680,270,451,'40066','Breskova marmelada 200 g',4.4749,4.4749,9.5000,1),(681,270,452,'42092','Marelična marmelada 200 g',5.0228,5.0228,9.5000,1),(682,271,285,'42052','Čokolada Strast sliva 50 g',2.2831,2.2831,9.5000,2),(683,271,538,'42020','Čokolada Strast z rožmarinom 50 g',2.2831,2.2831,9.5000,3),(684,271,537,'42083','Ekstratemna čokolada Strast z bučnimi semeni in bučnim oljem 50 ',2.2831,2.2831,9.5000,1),(685,271,117,'42005','Temna čokolada s pinjolami 120 g',4.2009,4.2009,9.5000,2),(686,271,207,'','Čokolada Strast 50 g',2.2831,2.2831,9.5000,3),(687,272,298,'10032','Sivkino eterično olje 10 ml',6.1475,6.1475,22.0000,2),(688,272,554,'12025','Brinjevo eterično olje 20 ml',10.6557,10.6557,22.0000,1),(689,272,248,'30029','Sušen kaki Tipo 250g, celi',6.7580,6.7580,9.5000,2),(690,272,39,'30017','Figov hlebček 400 g',10.9589,10.9589,9.5000,5),(691,273,503,'80092','Hladno stiskano sončnično olje 0,5l',6.5753,6.5753,9.5000,1),(692,274,331,'11012','Pirina moka – ekološka 500g',1.6439,1.6439,9.5000,1),(693,274,556,'80079','Štajersko Prekmursko bučno olje 100 ml - zaščitena označba porek',4.3836,4.3836,9.5000,1),(694,274,197,'80031','Hladno stiskano bučno olje 0,25 l – edinstveno na tržišču',10.9589,10.9589,9.5000,1),(695,274,285,'42052','Čokolada Strast sliva 50 g',2.2831,2.2831,9.5000,1),(696,274,207,'','Čokolada Strast 50 g',2.2831,2.2831,9.5000,1),(697,275,476,'80077','Olive štorte v ekstra deviškem oljčnem olju 190 ml',8.0365,8.0365,9.5000,3),(698,276,562,'40044','Marmelada iz svežih fig in limone 300 g',5.3881,5.3881,9.5000,1),(699,276,249,'','Figova marmelada iz Slovenske Istre 370 ml',4.8402,4.8402,9.5000,1),(700,277,235,'','Brinove jagode v kozarčku',4.3836,4.3836,9.5000,1),(701,278,291,'12050','Solni cvet v platneni vrečki 250 g',5.9361,5.9361,9.5000,4),(702,279,385,'10017','Kraški brinjevec 0,7 l – zaščitena geografska označba',33.6066,33.6066,22.0000,1),(703,280,349,'80046','Tartufata s črnimi tartufi 90 g',5.4795,5.4795,9.5000,1),(704,280,273,'80045','Tartufata z belimi tartufi 90 g',8.0365,8.0365,9.5000,1),(705,281,55,'40002','Med kostanj 950 g',11.3242,11.3242,9.5000,1),(706,281,46,'40001','Med akacija 950 g',9.5890,9.5890,9.5000,1),(707,281,360,'40033','Apikomplet z matičnim mlečkom 450 g',30.9133,30.9133,9.5000,1),(708,281,481,'40067','Kočevski gozdni med – Hoja 900 g - zaščitena označba porekla',12.3288,12.3288,9.5000,1),(709,282,288,'12048','Piranska sol 1 kg v platneni vrečki',4.5662,4.5662,9.5000,2),(710,283,166,'80014','Kapre plodovi v slanici 370 ml',6.8950,6.8950,9.5000,1),(711,283,167,'80015','Kapre pesto piranese 185 ml',7.1689,7.1689,9.5000,1),(712,283,106,'50002','Izbrani teran - vinorodni okoliš Kras PTP 0,75 l',8.1967,8.1967,22.0000,6),(713,283,363,'50034','Teran PTP – vinorodni okoliš Kras 0,75l',10.6557,10.6557,22.0000,6),(714,283,509,'80040','Olive štorte v slanici 180 g - ekološka pridelava',5.0228,5.0228,9.5000,1),(715,283,476,'80077','Olive štorte v ekstra deviškem oljčnem olju 190 ml',8.0365,8.0365,9.5000,1),(716,283,545,'80027','Marinirane bučke v bučnem olju 106 ml',3.8357,3.8357,9.5000,1),(717,283,544,'80048','Česnovi stroki v marinadi 210 ml',6.8493,6.8493,9.5000,1),(718,283,122,'42008','Krekerji s temnimi olivami 200 g',3.0137,3.0137,9.5000,1),(719,283,272,'','Krekerji z rožmarinom 200 g',3.0137,3.0137,9.5000,1),(720,283,282,'42013','Temna čokolada s kandirano limono 120 g',4.2009,4.2009,9.5000,1),(721,283,283,'42015','Temna čokolada s pistacijami 120 g',4.2009,4.2009,9.5000,1),(722,283,456,'42036','Temna čokolada z jabolki in cimetom 50 g',2.2831,2.2831,9.5000,1),(723,284,81,'40042','Borovničeva marmelada 200 g',5.0228,5.0228,9.5000,1),(724,284,501,'80028','Domači ajvar 190 ml',4.2009,4.2009,9.5000,3),(725,284,273,'80045','Tartufata z belimi tartufi 90 g',8.0365,8.0365,9.5000,1),(726,284,249,'','Figova marmelada iz Slovenske Istre 370 ml',4.8402,4.8402,9.5000,2),(727,285,361,'30051','Čemažev jabolčni kis 0,5l',4.3836,4.3836,9.5000,1),(728,285,28,'30006','Balzamični slivov kis 0,25 l',4.0183,4.0183,9.5000,1),(729,286,3,'10015','Kraški brinjevec 0,2 l -zaščitena geografska označba',12.2951,12.2951,22.0000,1),(730,286,4,'10016','Kraški brinjevec 0,5 l -zaščitena geografska označba',24.5902,24.5902,22.0000,3),(731,287,371,'10037','Žganje iz divje češnje Budič 0,5 l - darilno pakiranje',28.6885,28.6885,22.0000,2),(732,288,245,'','Vremska Dolina med Krasom in Brkini',57.3770,57.3770,22.0000,1),(733,289,416,'10045','Borovničevec 0,2 l  - darilno pakiranje',7.7869,7.7869,22.0000,20),(734,289,402,'','Darilna ročka B',20.6557,20.6557,22.0000,16),(735,290,210,'','Darilni set \'Tri čokolade Strast 3 × 50 g\'',13.2421,13.2421,9.5000,2),(736,290,456,'42036','Temna čokolada z jabolki in cimetom 50 g',2.2831,2.2831,9.5000,1),(737,290,209,'','Čokolada Strast 50 g z ocvrto čebulo in bučnim oljem',2.2831,2.2831,9.5000,1),(738,290,537,'42083','Ekstratemna čokolada Strast z bučnimi semeni in bučnim oljem 50 ',2.2831,2.2831,9.5000,1),(739,290,551,'10009','Tepkovec 0,5 l',11.4754,11.4754,22.0000,2),(740,290,450,'30018','Fige v refošku 370 ml',8.2192,8.2192,9.5000,5),(741,291,442,'12076','Zeliščni čaj Aelita - Čaj za dobro jutro 30g',3.8813,3.8813,9.5000,7),(742,291,63,'40043','Darilni paket kraških medov (3 x 250 g)',13.2420,13.2420,9.5000,7),(743,292,331,'11012','Pirina moka – ekološka 500g',1.6439,1.6439,9.5000,2),(744,293,405,'','Darilna ročka E',21.0656,21.0656,22.0000,1),(745,294,554,'12025','Brinjevo eterično olje 20 ml',10.6557,10.6557,22.0000,1),(746,295,141,'12022','Posušeni jurčki v vrečki 50 g',7.3060,7.3060,9.5000,3),(747,296,490,'40017','Kočevski gozdni med 900 g - zaščitena označba porekla',10.0457,10.0457,9.5000,1),(748,297,578,'40098','Breskov džem z bezgom 300 g',6.6667,6.6667,9.5000,1),(749,297,43,'40001','Cvetlični med 950 g',9.5890,9.5890,9.5000,1),(750,297,315,'80049','Ekstra deviško oljčno olje Kraševka 1 liter',15.5251,15.5251,9.5000,1),(751,297,97,'20002','Teranov liker 0,5 l',9.0164,9.0164,22.0000,1),(752,297,433,'12076','Zeliščni čaj Aelita - Zeleni čaj z zelišči 30g',3.8813,3.8813,9.5000,1),(753,297,564,'12080','Domača začinka 120 g',4.3836,4.3836,9.5000,1),(754,298,286,'42068','Temna čokolada s solnim cvetom 100 g',3.1507,3.1507,9.5000,1),(755,298,506,'80020','Ekstra deviško oljčno olje ekološke pridelave 100 ml – zaščiteno',5.0228,5.0228,9.5000,1),(756,298,444,'12076','Zeliščni čaj Aelita - 33 rožic 30g',3.8813,3.8813,9.5000,1),(757,298,146,'12018','Zeliščna sol z divjimi dišavnicami 40 ml',3.0137,3.0137,9.5000,1),(758,298,290,'12049','Solni cvet v steklenički 70 g',3.3790,3.3790,9.5000,1),(759,298,321,'30042','Mešano suho sadje 200g',3.0137,3.0137,9.5000,1),(760,298,357,'40061','Med z orehi 120 g',4.1096,4.1096,9.5000,1),(761,298,446,'50052','Zelen vrhunsko vino ZGP 0,75l',9.8361,9.8361,22.0000,1),(762,298,79,'40022','Slivova marmelada 200 g',4.3836,4.3836,9.5000,1),(763,299,410,'10055','Borovničevec 0,7 l - darilno pakiranje',19.6721,19.6721,22.0000,1),(764,299,79,'40022','Slivova marmelada 200 g',4.3836,4.3836,9.5000,1),(765,299,29,'30022','Jabolčni kis barik 0,5 l',3.8357,3.8357,9.5000,1),(766,299,482,'40068','Kočevski gozdni med – Hoja 450 g - zaščitena označba porekla',7.0320,7.0320,9.5000,1),(767,299,481,'40067','Kočevski gozdni med – Hoja 900 g - zaščitena označba porekla',12.3288,12.3288,9.5000,2),(768,300,79,'40022','Slivova marmelada 200 g',4.3836,4.3836,9.5000,2),(769,300,490,'40017','Kočevski gozdni med 900 g - zaščitena označba porekla',10.0457,10.0457,9.5000,2),(770,300,360,'40033','Apikomplet z matičnim mlečkom 450 g',30.9133,30.9133,9.5000,2),(771,300,55,'40002','Med kostanj 950 g',11.3242,11.3242,9.5000,2),(772,301,469,'10058','Pleterska hruška 0,7l',23.7705,23.7705,22.0000,1),(773,301,372,'10041','Viljamovka Budič 0,5 l - darilno pakiranje',28.6885,28.6885,22.0000,1),(774,302,80,'40023','Višnjeva marmelada 200 g',5.0228,5.0228,9.5000,1),(775,302,298,'10032','Sivkino eterično olje 10 ml',6.1475,6.1475,22.0000,1),(776,302,452,'42092','Marelična marmelada 200 g',5.0228,5.0228,9.5000,1),(777,302,453,'40079','Češnjeva marmelada 200 g',4.7488,4.7488,9.5000,1),(778,303,554,'12025','Brinjevo eterično olje 20 ml',10.6557,10.6557,22.0000,1),(779,304,196,'80034','Štajersko Prekmursko bučno olje 0,5 l - zaščitena označba porekl',13.2421,13.2421,9.5000,1),(780,304,159,'80013','Ekstra deviško oljčno olje ekološke pridelave 0,5 l - zaščiteno ',15.9817,15.9817,9.5000,1),(781,304,238,'300000','Staran vinski kis 0,5l',3.0137,3.0137,9.5000,1),(782,304,29,'30022','Jabolčni kis barik 0,5 l',3.8357,3.8357,9.5000,1),(783,304,52,'40002','Kraški gozdni med 950 g - zaščiteno geografsko poreklo',10.0457,10.0457,9.5000,1),(784,304,580,'42071','Češnjeva marmelada z orehi 300 g',6.1187,6.1187,9.5000,1),(785,304,249,'','Figova marmelada iz Slovenske Istre 370 ml',4.8402,4.8402,9.5000,1),(786,304,198,'80032','Hladno stiskano bučno olje 0,5 l – edinstveno na tržišču',20.5479,20.5479,9.5000,1),(787,304,422,'80085','Hladno stiskano orehovo olje 100ml',7.1689,7.1689,9.5000,1),(788,304,503,'80092','Hladno stiskano sončnično olje 0,5l',6.5753,6.5753,9.5000,1),(789,304,291,'12050','Solni cvet v platneni vrečki 250 g',5.9361,5.9361,9.5000,1),(790,304,149,'80001','Ekstra deviško oljčno olje Couvee 0,5 l - zaščiteno geografsko p',22.4658,22.4658,9.5000,1),(791,305,196,'80034','Štajersko Prekmursko bučno olje 0,5 l - zaščitena označba porekl',13.2421,13.2421,9.5000,2),(792,306,399,'','Darilna košara 4',24.2623,24.2623,22.0000,3),(793,306,149,'80001','Ekstra deviško oljčno olje Couvee 0,5 l - zaščiteno geografsko p',22.4658,22.4658,9.5000,1),(794,307,196,'80034','Štajersko Prekmursko bučno olje 0,5 l - zaščitena označba porekl',13.2421,13.2421,9.5000,1),(795,307,573,'80051','Bučno olje Pomurje 0,75 l',15.2511,15.2511,9.5000,1),(796,307,349,'80046','Tartufata s črnimi tartufi 90 g',5.4795,5.4795,9.5000,1),(797,307,501,'80028','Domači ajvar 190 ml',4.2009,4.2009,9.5000,1),(798,307,562,'40044','Marmelada iz svežih fig in limone 300 g',5.3881,5.3881,9.5000,1),(799,307,28,'30006','Balzamični slivov kis 0,25 l',4.2922,4.2922,9.5000,1),(800,307,238,'300000','Staran vinski kis 0,5l',3.0137,3.0137,9.5000,1),(801,307,503,'80092','Hladno stiskano sončnično olje 0,5l',6.5753,6.5753,9.5000,1),(802,307,500,'80082','Eko čemaž z bučnimi semeni 150 g',6.8493,6.8493,9.5000,1),(803,308,243,'','Ekološko oljčno olje Morgan 0,75 l',19.7260,19.7260,9.5000,1),(804,309,289,'12047','Piranska sol 500 g - zaščitena označba porekla',3.4703,3.4703,9.5000,1),(814,312,503,'80092','Hladno stiskano sončnično olje 0,5l',6.5753,6.5753,9.5000,1),(813,311,43,'40001','Cvetlični med 950 g',9.5890,9.5890,9.5000,1),(812,311,490,'40017','Kočevski gozdni med 900 g - zaščitena označba porekla',10.0457,10.0457,9.5000,1),(811,311,481,'40067','Kočevski gozdni med – Hoja 900 g - zaščitena označba porekla',12.3288,12.3288,9.5000,1),(815,313,273,'80045','Tartufata z belimi tartufi 90 g',8.0365,8.0365,9.5000,1),(816,313,349,'80046','Tartufata s črnimi tartufi 90 g',5.4795,5.4795,9.5000,1),(817,313,503,'80092','Hladno stiskano sončnično olje 0,5l',6.5753,6.5753,9.5000,1),(818,313,122,'42008','Krekerji s temnimi olivami 200 g',3.0137,3.0137,9.5000,1),(819,313,272,'','Krekerji z rožmarinom 200 g',3.0137,3.0137,9.5000,1),(820,313,564,'12080','Domača začinka 120 g',4.3836,4.3836,9.5000,1),(821,313,502,'80024','Eko špargljev namaz 100 ml',3.6530,3.6530,9.5000,1),(822,313,196,'80034','Štajersko Prekmursko bučno olje 0,5 l - zaščitena označba porekl',13.2421,13.2421,9.5000,1),(823,313,331,'11012','Pirina moka – ekološka 500g',1.6439,1.6439,9.5000,2),(824,313,535,'80094','Jajčevci v ekstradeviškem oljčnem olju 190 ml',4.2922,4.2922,9.5000,1),(825,313,545,'80027','Marinirane bučke v bučnem olju 106 ml',3.8357,3.8357,9.5000,1),(826,313,476,'80077','Olive štorte v ekstra deviškem oljčnem olju 190 ml',8.0365,8.0365,9.5000,1),(827,314,239,'80039','Oljčno olje Ronkaldo 0,25 l',10.0456,10.0456,9.5000,1),(828,315,49,'40001','Med lipa 950 g',10.5023,10.5023,9.5000,1),(829,315,55,'40002','Med kostanj 950 g',11.8721,11.8721,9.5000,1),(830,315,43,'40001','Cvetlični med 950 g',10.5023,10.5023,9.5000,1),(831,316,246,'30027','Sušen kaki Tipo 250g,  rezan',6.7580,6.7580,9.5000,2),(832,316,248,'30029','Sušen kaki Tipo 250g, celi',6.7580,6.7580,9.5000,4),(833,317,173,'90006','Kamniti možnar',45.0820,45.0820,22.0000,1),(834,318,29,'30022','Jabolčni kis barik 0,5 l',3.8357,3.8357,9.5000,1),(835,319,541,'42102','Konopljini piškoti 200 g',4.2922,4.2922,9.5000,1),(836,319,291,'12050','Solni cvet v platneni vrečki 250 g',5.9361,5.9361,9.5000,1),(837,319,235,'','Brinove jagode v kozarčku',3.4703,3.4703,9.5000,1),(838,319,576,'42103','Bučkoti – Pirini piškotki z bučnicami 200 g',4.2922,4.2922,9.5000,1),(839,319,422,'80085','Hladno stiskano orehovo olje 100ml',7.1689,7.1689,9.5000,1),(840,319,423,'80084','Orehovo olje – tradicionalno 100ml',5.4795,5.4795,9.5000,1),(841,320,570,'50043','Refošk AMorus 0,75 l',12.2951,12.2951,22.0000,1),(842,321,4,'10016','Kraški brinjevec 0,5 l -zaščitena geografska označba',24.5902,24.5902,22.0000,1),(843,322,439,'12076','Zeliščni čaj Aelita - Otroški čaj 30g',3.8813,3.8813,9.5000,1),(844,322,582,'12003','Plečnikov čaj 80 g',6.2100,6.2100,9.5000,1),(845,323,123,'12001','Dišavna vrečka sivka',2.8689,2.8689,22.0000,2),(846,324,574,'80030','Bučno olje Pomurje 0,5 l',10.5023,10.5023,9.5000,1),(847,324,591,'80049','Ekstra deviško oljčno olje Kraševka 0,5 l',8.2192,8.2192,9.5000,1),(848,325,198,'80032','Hladno stiskano bučno olje 0,5 l – edinstveno na tržišču',20.5479,20.5479,9.5000,2),(850,327,52,'40002','Kraški gozdni med 950 g - zaščiteno geografsko poreklo',11.4155,11.4155,9.5000,1),(851,327,490,'40017','Kočevski gozdni med 900 g - zaščitena označba porekla',10.0457,10.0457,9.5000,1),(852,327,350,'40002','Med cvetlični-planinski 950 g',10.5023,10.5023,9.5000,2),(853,328,582,'12003','Plečnikov čaj 80 g',6.2100,6.2100,9.5000,3),(854,329,385,'10017','Kraški brinjevec 0,7 l – zaščitena geografska označba',33.6066,33.6066,22.0000,1),(855,330,563,'40045','Marmelada iz hrušk in akacije 300 g',5.3881,5.3881,9.5000,2),(856,331,81,'40042','Borovničeva marmelada 200 g',5.0228,5.0228,9.5000,1),(857,331,453,'40079','Češnjeva marmelada 200 g',4.7488,4.7488,9.5000,1),(858,331,566,'42058','Domača robidova marmelada 120 g',3.4703,3.4703,9.5000,1),(859,332,375,'10042','Tris žganja 3 × 0,2 l - darilno pakiranje',22.9508,22.9508,22.0000,1),(860,333,309,'30036','Jabolčni  kis z dodatkom česna 0,5l',3.6529,3.6529,9.5000,1),(861,333,361,'30051','Čemažev jabolčni kis 0,5l',4.3836,4.3836,9.5000,1),(862,334,173,'90006','Kamniti možnar',45.0820,45.0820,22.0000,1),(863,335,97,'20002','Teranov liker 0,5 l',9.8361,9.8361,22.0000,1),(864,336,248,'30029','Sušen kaki Tipo 250g, celi',6.7580,6.7580,9.5000,1),(866,338,412,'42074','Domači medenjaki 200 g',4.2922,4.2922,9.5000,1),(867,338,456,'42036','Čokolada z jabolki in cimetom 50 g',2.2831,2.2831,9.5000,1),(868,338,480,'20009','Slivov liker 0,5l',7.8689,7.8689,22.0000,1),(869,338,486,'30045','Domači jabolčni sok 1 liter',2.0091,2.0091,9.5000,14),(870,338,209,'','Čokolada z ocvrto čebulo in bučnim oljem 50 g',2.2831,2.2831,9.5000,1),(871,339,580,'42071','Češnjeva marmelada z orehi 300 g',6.1187,6.1187,9.5000,1),(872,339,566,'42058','Domača robidova marmelada 120 g',3.4703,3.4703,9.5000,1),(873,339,605,'40046','Marmelada iz briških marelic 300 g',5.3881,5.3881,9.5000,1),(874,340,606,'40046','Marmelada iz grozdja izabela »amerikana« 300 g',5.3881,5.3881,9.5000,1),(875,340,503,'80092','Hladno stiskano sončnično olje 0,5l',6.5753,6.5753,9.5000,1),(876,341,619,'41006','Malinova marmelada 200 g',4.4749,4.4749,9.5000,1),(877,341,580,'42071','Češnjeva marmelada z orehi 300 g',6.1187,6.1187,9.5000,1),(878,341,578,'40098','Breskov džem z bezgom 300 g',6.6667,6.6667,9.5000,1),(879,342,52,'40002','Kraški gozdni med 950 g - zaščiteno geografsko poreklo',11.4155,11.4155,9.5000,1),(880,343,67,'40012','Med z eteričnim oljem evkaliptusa 230 g',7.1233,7.1233,9.5000,2),(881,344,582,'12003','Plečnikov čaj 80 g',6.2100,6.2100,9.5000,3),(882,345,309,'30036','Jabolčni  kis z dodatkom česna 0,5l',3.6529,3.6529,9.5000,1),(883,345,574,'80030','Bučno olje Pomurje 0,5 l',10.5023,10.5023,9.5000,1),(884,345,235,'','Brinove jagode v kozarčku',3.4703,3.4703,9.5000,1),(885,346,3,'10015','Kraški brinjevec 0,2 l -zaščitena geografska označba',12.2951,12.2951,22.0000,2),(886,347,246,'30027','Sušen kaki Tipo 250g,  rezan',6.7580,6.7580,9.5000,1),(887,347,248,'30029','Sušen kaki Tipo 250g, celi',6.7580,6.7580,9.5000,1),(933,368,4,'10016','Kraški brinjevec 0,5 l -zaščitena geografska označba',24.5902,24.5902,22.0000,1),(890,349,609,'80071','Darilni paket Dežela in morje',18.8525,18.8525,22.0000,3),(894,353,341,'20014','Višnjev liker 0,375 l',7.7869,7.7869,22.0000,1),(892,351,582,'12003','Plečnikov čaj 80 g',6.2100,6.2100,9.5000,4),(893,352,609,'80071','Darilni paket Dežela in morje',18.8525,18.8525,22.0000,1),(895,353,384,'10029','Zeliščno žganje 0,5 l',11.4754,11.4754,22.0000,1),(898,356,349,'80046','Tartufata s črnimi tartufi 90 g',5.4795,5.4795,9.5000,1),(897,355,514,'90071','Visok terilnik',68.0328,68.0328,22.0000,1),(899,356,450,'30018','Fige v refošku 370 ml',8.2192,8.2192,9.5000,3),(900,356,273,'80045','Tartufata z belimi tartufi 90 g',8.0365,8.0365,9.5000,1),(901,356,249,'','Figova marmelada iz Slovenske Istre 370 ml',4.8402,4.8402,9.5000,2),(902,356,562,'40044','Marmelada iz svežih fig in limone 300 g',5.3881,5.3881,9.5000,1),(903,356,289,'12047','Piranska sol 500 g - zaščitena označba porekla',3.6530,3.6530,9.5000,2),(904,357,422,'80085','Hladno stiskano orehovo olje 100 ml',7.1689,7.1689,9.5000,1),(905,357,483,'40084','Cvetni prah 200 g - posušen',10.0457,10.0457,9.5000,2),(906,357,403,'','Darilna ročka C',20.1639,20.1639,22.0000,1),(907,358,588,'80067','Ekstra deviško oljčno olje ekološke pridelave s čilijem 0,25 l',14.1553,14.1553,9.5000,1),(908,359,248,'30029','Sušen kaki Tipo 250g, celi',6.7580,6.7580,9.5000,2),(909,359,396,'','Darilna košara 1',23.3607,23.3607,22.0000,1),(910,360,407,'','Darilna ročka G',18.5246,18.5246,22.0000,1),(911,361,313,'30038','Neolupljeni hruškovi krhlji 200g',3.8357,3.8357,9.5000,1),(912,361,482,'40068','Kočevski gozdni med – Hoja 450 g - zaščitena označba porekla',7.7626,7.7626,9.5000,1),(913,361,109,'50009','Rumeni muškat - vrhunsko deželno vino 0,5 l',9.0164,9.0164,22.0000,1),(914,361,411,'42090','Pirine zvezdice 250g',4.2922,4.2922,9.5000,1),(915,361,435,'12076','Zeliščni čaj Aelita - Čaj za srečo 30g',3.8813,3.8813,9.5000,1),(932,367,615,'40088','Kraški med žepek 450 g – zaščiteno geografsko poreklo',6.5753,6.5753,9.5000,1),(931,367,491,'40020','Kočevski gozdni med 450 g - zaščitena označba porekla',6.5753,6.5753,9.5000,1),(930,367,484,'40030','Kočevski gozdni med – Hoja 250 g - zaščitena označba porekla',5.4795,5.4795,9.5000,1),(929,367,247,'30028','Sušen kaki Tipo 150g, rezan',4.1096,4.1096,9.5000,2),(922,363,173,'90006','Kamniti možnar',45.0820,45.0820,22.0000,1),(923,364,553,'20004','Naravno žganje z 38 kraškimi zdravilnimi zelišči 500 ml',19.2623,19.2623,22.0000,1),(924,364,579,'42072','Marmelada iz svežih jabolk in sivke 300 g',6.1187,6.1187,9.5000,1),(925,364,606,'40046','Marmelada iz grozdja izabela »amerikana« 300 g',5.3881,5.3881,9.5000,1),(926,364,566,'42058','Domača robidova marmelada 120 g',3.4703,3.4703,9.5000,1),(927,365,149,'80001','Ekstra deviško oljčno olje Couvee 0,5 l - zaščiteno geografsko p',22.4658,22.4658,9.5000,1),(934,369,249,'','Figova marmelada iz Slovenske Istre 370 ml',4.8402,4.8402,9.5000,1),(935,370,360,'40033','Apikomplet z matičnim mlečkom 450 g',31.0502,31.0502,9.5000,1),(936,371,289,'12047','Piranska sol 500 g - zaščitena označba porekla',3.6530,3.6530,9.5000,2),(937,372,248,'30029','Sušen kaki Tipo 250g, celi',6.7580,6.7580,9.5000,1),(938,372,246,'30027','Sušen kaki Tipo 250g,  rezan',6.7580,6.7580,9.5000,1),(939,373,173,'90006','Kamniti možnar',45.0820,45.0820,22.0000,1),(940,374,482,'40068','Kočevski gozdni med – Hoja 450 g - zaščitena označba porekla',7.7626,7.7626,9.5000,1),(941,374,291,'12050','Solni cvet v platneni vrečki 250 g',6.2100,6.2100,9.5000,2),(942,375,149,'80001','Ekstra deviško oljčno olje Couvee 0,5 l - zaščiteno geografsko p',22.4658,22.4658,9.5000,2),(943,375,123,'12001','Dišavna vrečka sivka',2.8689,2.8689,22.0000,1),(944,376,123,'12001','Dišavna vrečka sivka',2.8689,2.8689,22.0000,1),(945,377,385,'10017','Kraški brinjevec 0,7 l – zaščitena geografska označba',33.6066,33.6066,22.0000,1),(946,378,578,'40098','Breskov džem z bezgom 300 g',6.6667,6.6667,9.5000,1),(947,378,561,'40037','Marmelada iz sušenega kakija 300 g',6.6667,6.6667,9.5000,1),(948,378,249,'','Figova marmelada iz Slovenske Istre 370 ml',4.8402,4.8402,9.5000,1),(949,379,197,'80031','Hladno stiskano bučno olje 0,25 l – edinstveno na tržišču',10.9589,10.9589,9.5000,1),(950,379,196,'80034','Štajersko Prekmursko bučno olje 0,5 l - zaščitena označba porekl',13.2421,13.2421,9.5000,1),(951,380,360,'40033','Apikomplet z matičnim mlečkom 450 g',31.0502,31.0502,9.5000,1),(952,381,249,'','Figova marmelada iz Slovenske Istre 370 ml',4.8402,4.8402,9.5000,2),(953,382,3,'10015','Kraški brinjevec 0,2 l -zaščitena geografska označba',12.2951,12.2951,22.0000,1),(954,383,173,'90006','Kamniti možnar',45.0820,45.0820,22.0000,1),(955,384,565,'42049','Domača robidova marmelada 230 g',5.8447,5.8447,9.5000,1),(956,384,561,'40037','Marmelada iz sušenega kakija 300 g',6.6667,6.6667,9.5000,1),(957,384,352,'40055','Bršljanov med 950 g – med z Brestovice na Krasu',11.4155,11.4155,9.5000,1),(958,384,624,'40074','Hojev med 900 g – zaščitena geografska označba',13.2420,13.2420,9.5000,1),(959,385,422,'80085','Hladno stiskano orehovo olje 100 ml',7.1689,7.1689,9.5000,3),(960,385,198,'80032','Hladno stiskano bučno olje 0,5 l – edinstveno na tržišču',20.5479,20.5479,9.5000,2),(961,385,539,'42032','Darilni set \'Pet čokolad Strast 5 × 50 g\'',18.0822,18.0822,9.5000,1),(962,385,503,'80092','Hladno stiskano sončnično olje 0,5l',6.5753,6.5753,9.5000,2),(963,386,416,'10045','Borovničevec 0,2 l  - darilno pakiranje',8.1967,8.1967,22.0000,1),(964,386,210,'','Darilni set \'Tri čokolade Strast 3 × 50 g\'',13.2421,13.2421,9.5000,1),(965,386,249,'','Figova marmelada iz Slovenske Istre 370 ml',4.8402,4.8402,9.5000,1),(966,386,208,'','Čokolada z bučnimi semeni in bučnim oljem v darilni leseni škatl',5.2055,5.2055,9.5000,1),(967,387,624,'40074','Hojev med 900 g – zaščitena geografska označba',13.2420,13.2420,9.5000,1),(968,387,621,'40047','Lipov med 900 g – zaščitena geografska označba',10.5023,10.5023,9.5000,1),(969,387,45,'40009','Cvetlični med 250 g',4.3836,4.3836,9.5000,2),(970,388,149,'80001','Ekstra deviško oljčno olje Couvee 0,5 l - zaščiteno geografsko p',22.4658,22.4658,9.5000,1),(971,389,299,'','Okusi Krasa',27.8688,27.8688,22.0000,1),(972,389,220,'91003','Suhe mesnine na Slovenskem',18.2649,18.2649,9.5000,1),(973,390,208,'','Čokolada z bučnimi semeni in bučnim oljem v darilni leseni škatl',5.2055,5.2055,9.5000,1),(974,390,557,'80084','Hladno stiskano bučno olje 100 ml – edinstveno na tržišču',5.9361,5.9361,9.5000,1),(975,391,52,'40002','Kraški gozdni med 950 g - zaščiteno geografsko poreklo',11.6895,11.6895,9.5000,1),(976,391,350,'40002','Med cvetlični-planinski 950 g',10.7763,10.7763,9.5000,1),(977,391,46,'40001','Med akacija 950 g',10.5023,10.5023,9.5000,1),(978,392,577,'42011','Škrlatne noči – pirini piškoti 200 g',4.2922,4.2922,9.5000,1),(979,392,408,'','Darilna ročka H',14.5902,14.5902,22.0000,1),(980,392,396,'','Darilna košara 1',23.3607,23.3607,22.0000,1),(981,393,438,'12076','Zeliščni čaj Aelita - Prečiščevalni čaj 30g',3.8813,3.8813,9.5000,1),(982,393,435,'12076','Zeliščni čaj Aelita - Čaj za srečo 30g',3.8813,3.8813,9.5000,1),(983,393,443,'12076','Zeliščni čaj Aelita - Bronhi čaj 30g',3.8813,3.8813,9.5000,1),(984,393,431,'12076','Zeliščni čaj Aelita - Prijatelj želodčka 30g',3.8813,3.8813,9.5000,1),(985,394,483,'40084','Cvetni prah 200 g - posušen',10.0457,10.0457,9.5000,2),(986,394,298,'10032','Sivkino eterično olje 10 ml',6.1475,6.1475,22.0000,12),(987,395,53,'40006','Kraški gozdni med 450 g - zaščiteno geografsko poreklo',6.5753,6.5753,9.5000,1),(988,395,624,'40074','Hojev med 900 g – zaščitena geografska označba',13.2420,13.2420,9.5000,1),(989,395,43,'40001','Cvetlični med 950 g',10.5023,10.5023,9.5000,1),(990,396,411,'42090','Pirine zvezdice 250g',4.2922,4.2922,9.5000,1),(991,396,603,'42071','Marmelada iz sliv z začimbami 300 g',6.1187,6.1187,9.5000,1),(992,396,291,'12050','Solni cvet v platneni vrečki 250 g',6.8493,6.8493,9.5000,1),(993,396,541,'42102','Konopljini piškoti 200 g',4.2922,4.2922,9.5000,2),(994,396,502,'80024','Eko špargljev namaz 100 ml',3.8356,3.8356,9.5000,1),(995,396,388,'80063','Zeliščna omaka bazilika 125 g – ekološka pridelava',5.0228,5.0228,9.5000,1),(996,397,554,'12025','Brinjevo eterično olje 20 ml',10.6557,10.6557,22.0000,1),(997,397,385,'10017','Kraški brinjevec 0,7 l – zaščitena geografska označba',33.6066,33.6066,22.0000,1),(998,398,608,'80075','Darilni paket čokolada Strast in bučno olje',16.3470,16.3470,9.5000,1),(999,399,502,'80024','Eko špargljev namaz 100 ml',3.8356,3.8356,9.5000,2),(1000,399,632,'80103','Bučko – zelenjavni namaz 200 g',5.7534,5.7534,9.5000,1),(1001,399,633,'80104','Bučko – zelenjavni namaz pekoč 200 g',5.7534,5.7534,9.5000,1),(1002,400,613,'91068','Lesena kuhinjska deska velika',22.1311,22.1311,22.0000,2),(1003,401,67,'40012','Med z eteričnim oljem evkaliptusa 230 g',7.1233,7.1233,9.5000,2),(1004,402,385,'10017','Kraški brinjevec 0,7 l – zaščitena geografska označba',33.6066,33.6066,22.0000,1),(1005,403,559,'80026','Ekstra deviško oljčno olje ekološke pridelave s pomarančo 0,25 l',14.1552,14.1552,9.5000,1),(1006,403,243,'','Ekološko oljčno olje Morgan 0,75 l',19.7260,19.7260,9.5000,1),(1007,404,608,'80075','Darilni paket čokolada Strast in bučno olje',16.3470,16.3470,9.5000,1),(1008,405,624,'40074','Hojev med 900 g – zaščitena geografska označba',13.2420,13.2420,9.5000,2),(1009,405,352,'40055','Bršljanov med 900 g – med z Brestovice na Krasu',11.4155,11.4155,9.5000,1),(1010,405,350,'40002','Med cvetlični-planinski 950 g',10.7763,10.7763,9.5000,1),(1011,406,97,'20002','Teranov liker 0,5 l',9.8361,9.8361,22.0000,2),(1012,407,248,'30029','Sušen kaki Tipo 250g, celi',6.7580,6.7580,9.5000,1),(1013,408,443,'12076','Zeliščni čaj Aelita - Bronhi čaj 30g',3.8813,3.8813,9.5000,1),(1014,408,583,'12005','Plečnikov čaj – mini epruveta za dve skodelici čaja',0.9132,0.9132,9.5000,1),(1015,408,431,'12076','Zeliščni čaj Aelita - Prijatelj želodčka 30g',3.8813,3.8813,9.5000,1),(1016,408,441,'12076','Zeliščni čaj Aelita - Čaj za lahko noč 30g',3.8813,3.8813,9.5000,1),(1017,408,428,'12076','Zeliščni čaj Aelita - Krištofov sadni čaj 30g',3.8813,3.8813,9.5000,1),(1018,408,425,'12076','Zeliščni čaj Aelita - Prijatelj črevesja 30g',3.8813,3.8813,9.5000,1),(1019,409,63,'40043','Darilni paket kraških medov (3 x 250 g)',14.1553,14.1553,9.5000,2),(1020,409,246,'30027','Sušen kaki Tipo 250g,  rezan',6.7580,6.7580,9.5000,2),(1021,409,312,'30037','Neolupljeni jabolčni krhlji 200g',2.9224,2.9224,9.5000,3),(1022,409,313,'30038','Neolupljeni hruškovi krhlji 200g',3.8357,3.8357,9.5000,3),(1023,410,553,'20004','Naravno žganje z 38 kraškimi zdravilnimi zelišči 500 ml',19.2623,19.2623,22.0000,4),(1024,411,582,'12003','Plečnikov čaj 80 g',6.2100,6.2100,9.5000,2),(1033,415,247,'30028','Sušen kaki Tipo 150g, rezan',4.1096,4.1096,9.5000,1),(1032,414,243,'','Ekološko oljčno olje Morgan 0,75 l',19.7260,19.7260,9.5000,1),(1031,414,209,'','Čokolada z ocvrto čebulo in bučnim oljem 50 g',2.2831,2.2831,9.5000,1),(1029,413,555,'10024','Brkinski sadjevec – star 12 let',13.5246,13.5246,22.0000,1),(1030,413,620,'20025','Kraške rožice 0,35 l',9.8361,9.8361,22.0000,1),(1034,415,315,'80110','Ekstra deviško oljčno olje Kraševka 1 liter',16.8950,16.8950,9.5000,1),(1035,415,649,'42040','Razpokani piškoti 200 g',4.1096,4.1096,9.5000,1),(1036,415,507,'80007','Ekstra deviško oljčno olje ekološke pridelave z limono 100 ml',6.4840,6.4840,9.5000,1),(1037,416,385,'10017','Kraški brinjevec 0,7 l – zaščitena geografska označba',33.6066,33.6066,22.0000,1),(1038,417,102,'20007','Refoškov liker 0,5 l',11.0656,11.0656,22.0000,1),(1039,417,96,'20001','Teranov liker 0,5 l',9.8361,9.8361,22.0000,1),(1041,419,243,'','Ekološko oljčno olje Morgan 0,75 l',19.7260,19.7260,9.5000,1),(1042,419,590,'80056','Ekstra deviško oljčno olje ekološke pridelave 0,75 l - zaščiteno',17.8082,17.8082,9.5000,1),(1043,420,666,'12020','Piranska sol z rožmarinom 95 g',4.2922,4.2922,9.5000,1),(1044,420,669,'80108','Namaz iz zelenih oljk in divjih špargljev 170 g',7.3059,7.3059,9.5000,1),(1045,420,291,'12050','Solni cvet v platneni vrečki 250 g',6.8493,6.8493,9.5000,1),(1046,420,315,'80110','Ekstra deviško oljčno olje Kraševka 1 liter',16.8950,16.8950,9.5000,1),(1047,420,247,'30028','Sušen kaki Tipo 150g, rezan',4.1096,4.1096,9.5000,1),(1048,420,649,'42040','Razpokani piškoti 200 g',4.1096,4.1096,9.5000,1),(1049,421,3,'10015','Kraški brinjevec 0,2 l -zaščitena geografska označba',12.2951,12.2951,22.0000,1),(1050,422,308,'10034','Brkinski slivovec 0,5l – zaščitena geografska označba',11.8852,11.8852,22.0000,1),(1051,422,596,'10056','Darilni set Dva kozarčka za brinjevec',35.2459,35.2459,22.0000,2),(1052,422,385,'10017','Kraški brinjevec 0,7 l – zaščitena geografska označba',33.6066,33.6066,22.0000,2),(1053,423,291,'12050','Solni cvet v platneni vrečki 250 g',6.8493,6.8493,9.5000,1),(1054,424,444,'12076','Zeliščni čaj Aelita - 33 rožic 30g',3.8813,3.8813,9.5000,1),(1055,424,123,'12001','Dišavna vrečka sivka',2.8689,2.8689,22.0000,1),(1056,424,149,'80001','Ekstra deviško oljčno olje Couvee 0,5 l - zaščiteno geografsko p',22.4658,22.4658,9.5000,1),(1057,425,196,'80034','Štajersko Prekmursko bučno olje 0,5 l - zaščitena označba porekl',14.2466,14.2466,9.5000,1),(1058,426,149,'80001','Ekstra deviško oljčno olje Couvee 0,5 l - zaščiteno geografsko p',22.4658,22.4658,9.5000,1),(1059,426,153,'80018','Ekstra deviško oljčno olje Maurino 0,25 l',18.7215,18.7215,9.5000,1),(1060,426,243,'','Ekološko oljčno olje Morgan 0,75 l',19.7260,19.7260,9.5000,1),(1061,427,45,'40009','Cvetlični med 250 g',4.3836,4.3836,9.5000,1),(1062,427,59,'40014','Apikomplet 450 g',8.2192,8.2192,9.5000,1),(1063,427,492,'40025','Kočevski gozdni med 250 g - zaščitena označba porekla',4.3836,4.3836,9.5000,1),(1064,427,616,'40089','Kraški med žepek 250 g – zaščiteno geografsko poreklo',4.8402,4.8402,9.5000,1),(1065,427,468,'40007','Kraški med rešelika 250 g',5.0228,5.0228,9.5000,1),(1066,427,54,'40010','Kraški gozdni med 250 g - zaščiteno geografsko poreklo',4.8402,4.8402,9.5000,1),(1067,428,674,'80015','Ekstradeviško oljčno olje Istrska belica 0,25 l',11.4155,11.4155,9.5000,1),(1068,428,159,'80013','Ekstra deviško oljčno olje ekološke pridelave 0,5 l - zaščiteno ',14.6119,14.6119,9.5000,1),(1069,428,242,'','Ekološko oljčno olje Morgan 0,5 l',15.9817,15.9817,9.5000,1),(1070,428,290,'12049','Solni cvet v steklenički 70 g',3.9269,3.9269,9.5000,1),(1071,428,289,'12047','Piranska sol 500 g - zaščitena označba porekla',4.1096,4.1096,9.5000,1),(1072,428,291,'12050','Solni cvet v platneni vrečki 250 g',6.8493,6.8493,9.5000,1),(1073,429,235,'','Brinove jagode v kozarčku',3.4703,3.4703,9.5000,1),(1074,429,554,'12025','Brinjevo eterično olje 20 ml',10.6557,10.6557,22.0000,1),(1075,430,102,'20007','Refoškov liker 0,5 l',11.0656,11.0656,22.0000,2),(1076,431,429,'12076','Zeliščni čaj Aelita - Sladkorček 30g',3.8813,3.8813,9.5000,1),(1077,431,436,'12076','Zeliščni čaj Aelita - Prijatelj mehurja in ledvic 30g',3.8813,3.8813,9.5000,3),(1078,431,425,'12076','Zeliščni čaj Aelita - Prijatelj črevesja 30g',3.8813,3.8813,9.5000,2),(1079,432,385,'10017','Kraški brinjevec 0,7 l – zaščitena geografska označba',33.6066,33.6066,22.0000,1),(1080,433,617,'42098','Džem Lepe Sonje 300 g',6.6667,6.6667,9.5000,1),(1081,433,450,'30018','Fige v refošku 370 ml',8.2192,8.2192,9.5000,1),(1082,433,664,'12020','Piranska sol  s pomarančo 95 g',4.2922,4.2922,9.5000,1),(1083,434,38,'30016','Sušeni kaki 250 g',6.5753,6.5753,9.5000,1),(1084,434,248,'30029','Sušen kaki Tipo 250g, celi',6.7580,6.7580,9.5000,1),(1085,434,247,'30028','Sušen kaki Tipo 150g, rezan',4.1096,4.1096,9.5000,1),(1086,434,313,'30038','Neolupljeni hruškovi krhlji 200g',3.8357,3.8357,9.5000,1),(1087,434,312,'30037','Neolupljeni jabolčni krhlji 200g',2.9224,2.9224,9.5000,1),(1095,439,579,'42072','Marmelada iz svežih jabolk in sivke 300 g',6.1187,6.1187,9.5000,1),(1094,438,362,'20022','Teranov liker Valentin Kras  PTP 0,5l',9.8361,9.8361,22.0000,1),(1093,438,102,'20007','Refoškov liker 0,5 l',11.0656,11.0656,22.0000,1),(1096,439,106,'50002','Izbrani teran - vinorodni okoliš Kras PTP 0,75 l',8.1967,8.1967,22.0000,1),(1097,439,108,'50008','Malvazija - vrhunsko vino 0,75 l',8.6066,8.6066,22.0000,1),(1098,439,207,'','Čokolada z bučnimi semeni in bučnim oljem 50 g',2.2831,2.2831,9.5000,1),(1099,440,360,'40033','Apikomplet z matičnim mlečkom 450 g',31.0502,31.0502,9.5000,2),(1100,441,553,'20004','Naravno žganje z 38 kraškimi zdravilnimi zelišči 500 ml',19.2623,19.2623,22.0000,1),(1101,442,514,'90071','Visok terilnik',68.0328,68.0328,22.0000,1),(1102,443,610,'80073','Darilni komplet vino, bučno olje in dve čokoladi',24.4262,24.4262,22.0000,1),(1103,444,355,'40008','Med divje češnje 450g – zaščitena označba porekla ZOP',6.5753,6.5753,9.5000,1),(1104,444,640,'12044','Čarobne sanje 40 g',4.9315,4.9315,9.5000,1),(1105,444,385,'10017','Kraški brinjevec 0,7 l – zaščitena geografska označba',33.6066,33.6066,22.0000,1),(1106,445,444,'12076','Zeliščni čaj Aelita - 33 rožic 30g',3.8813,3.8813,9.5000,2),(1107,445,435,'12076','Zeliščni čaj Aelita - Čaj za srečo 30g',3.8813,3.8813,9.5000,2),(1108,445,443,'12076','Zeliščni čaj Aelita - Bronhi čaj 30g',3.8813,3.8813,9.5000,1),(1109,445,442,'12076','Zeliščni čaj Aelita - Čaj za dobro jutro 30g',3.8813,3.8813,9.5000,2),(1110,446,591,'80111','Ekstra deviško oljčno olje Kraševka 0,5 l',10.0457,10.0457,9.5000,1),(1111,447,38,'30016','Sušeni kaki 250 g',6.5753,6.5753,9.5000,2),(1112,447,248,'30029','Sušen kaki Tipo 250g, celi',6.7580,6.7580,9.5000,1),(1113,447,246,'30027','Sušen kaki Tipo 250g,  rezan',6.7580,6.7580,9.5000,1),(1114,448,347,'30050','Suhi olupljeni jabolčni krhlji 200g',3.0137,3.0137,9.5000,1),(1115,448,639,'12026','Kulinarična sivka',3.5616,3.5616,9.5000,1),(1116,448,664,'12020','Piranska sol  s pomarančo 95 g',4.2922,4.2922,9.5000,1),(1117,448,249,'','Figova marmelada iz Slovenske Istre 370 ml',4.8402,4.8402,9.5000,2),(1118,448,557,'80084','Hladno stiskano bučno olje 100 ml – edinstveno na tržišču',6.3927,6.3927,9.5000,1),(1119,448,62,'40041','Darilni paket kraških medov (1 x 250 g)',5.2968,5.2968,9.5000,3),(1120,449,482,'40068','Kočevski gozdni med – Hoja 450 g - zaščitena označba porekla',8.4018,8.4018,9.5000,1),(1121,449,44,'40005','Cvetlični med 450 g',6.3927,6.3927,9.5000,1),(1122,449,491,'40020','Kočevski gozdni med 450 g - zaščitena označba porekla',6.5753,6.5753,9.5000,1),(1123,449,59,'40014','Apikomplet 450 g',8.2192,8.2192,9.5000,1),(1124,449,53,'40006','Kraški gozdni med 450 g - zaščiteno geografsko poreklo',6.5753,6.5753,9.5000,1),(1125,449,47,'40005','Med akacija 450 g',6.3927,6.3927,9.5000,1),(1126,449,355,'40008','Med divje češnje 450g – zaščitena označba porekla ZOP',6.5753,6.5753,9.5000,1),(1127,449,196,'80034','Štajersko Prekmursko bučno olje 0,5 l - zaščitena označba porekl',14.2466,14.2466,9.5000,2),(1128,449,578,'40098','Breskov džem z bezgom 300 g',6.6667,6.6667,9.5000,1),(1129,449,565,'42049','Domača robidova marmelada 230 g',5.8447,5.8447,9.5000,1),(1130,449,450,'30018','Fige v refošku 370 ml',8.2192,8.2192,9.5000,1),(1131,449,249,'','Figova marmelada iz Slovenske Istre 370 ml',4.8402,4.8402,9.5000,1),(1132,449,605,'40046','Marmelada iz briških marelic 300 g',5.3881,5.3881,9.5000,1),(1133,449,563,'40045','Marmelada iz hrušk in akacije 300 g',5.3881,5.3881,9.5000,1),(1134,450,450,'30018','Fige v refošku 370 ml',8.2192,8.2192,9.5000,1),(1135,450,356,'40011','Med divje češnje 250g – zaščitena označba porekla ZOP',4.5662,4.5662,9.5000,1),(1136,450,28,'30006','Balzamični slivov kis 0,25 l',4.2922,4.2922,9.5000,1),(1137,450,341,'20014','Višnjev liker 0,375 l',7.7869,7.7869,22.0000,1),(1138,450,586,'10008','Grenčica Klostergeist 50 ml Plečnikov čaj',3.1148,3.1148,22.0000,1),(1139,450,93,'10021','Medeni liker 0.2 l',6.9672,6.9672,22.0000,1),(1156,457,4,'10016','Kraški brinjevec 0,5 l -zaščitena geografska označba',24.5902,24.5902,22.0000,1),(1141,452,355,'40008','Med divje češnje 450g – zaščitena označba porekla ZOP',6.5753,6.5753,9.5000,1),(1142,452,63,'40043','Darilni paket kraških medov (3 x 250 g)',14.1553,14.1553,9.5000,3),(1143,453,656,'42004','Čokolada Slovenija – s kraškim pršutom in figami 135 g',4.9315,4.9315,9.5000,1),(1144,453,208,'','Čokolada z bučnimi semeni in bučnim oljem v darilni leseni škatl',5.2055,5.2055,9.5000,1),(1145,453,286,'42068','Temna čokolada s solnim cvetom 100 g',4.1096,4.1096,9.5000,1),(1146,453,59,'40014','Apikomplet 450 g',8.2192,8.2192,9.5000,1),(1147,453,61,'40040','Darilni paket kraških medov (2 x 450 g)',12.9680,12.9680,9.5000,1),(1148,453,293,'40060','Kremni med 420g',5.8447,5.8447,9.5000,1),(1149,453,355,'40008','Med divje češnje 450g – zaščitena označba porekla ZOP',6.5753,6.5753,9.5000,1),(1150,454,589,'30031','Prunele iz Goriškh Brd 100 g',6.2100,6.2100,9.5000,5),(1151,454,617,'42098','Džem Lepe Sonje 300 g',6.6667,6.6667,9.5000,5),(1152,455,198,'80032','Hladno stiskano bučno olje 0,5 l – edinstveno na tržišču',22.3744,22.3744,9.5000,1),(1153,455,347,'30050','Suhi olupljeni jabolčni krhlji 200g',3.0137,3.0137,9.5000,1),(1154,455,38,'30016','Sušeni kaki 250 g',6.5753,6.5753,9.5000,3),(1175,469,235,'','Brinove jagode v kozarčku',4.1096,4.1096,9.5000,2),(1157,458,248,'30029','Sušen kaki Tipo 250g, celi',6.7580,6.7580,9.5000,2),(1158,459,96,'20001','Teranov liker 0,5 l',9.8361,9.8361,22.0000,1),(1159,460,38,'30016','Sušeni kaki 250 g',6.5753,6.5753,9.5000,1),(1160,461,315,'80110','Ekstra deviško oljčno olje Kraševka 1 liter',16.8950,16.8950,9.5000,1),(1161,461,648,'42040','Gornjakovi medenjaki 200 g',4.2009,4.2009,9.5000,1),(1162,462,16,'10011','Brinjevo eterično olje 50 ml',22.1312,22.1312,22.0000,2),(1163,463,385,'10017','Kraški brinjevec 0,7 l – zaščitena geografska označba',33.6066,33.6066,22.0000,1),(1164,463,572,'40059','Brinjev medeni liker 375 ml',15.5738,15.5738,22.0000,1),(1165,464,406,'','Darilna ročka F',19.4262,19.4262,22.0000,1),(1177,470,680,'40092','Kostanjev med 450 g – zaščitena geografska označba',9.1324,9.1324,9.5000,1),(1176,470,385,'10017','Kraški brinjevec 0,7 l – zaščitena geografska označba',36.8852,36.8852,22.0000,1),(1169,466,102,'20007','Refoškov liker 0,5 l',11.0656,11.0656,22.0000,1),(1170,467,3,'10015','Kraški brinjevec 0,2 l -zaščitena geografska označba',13.9344,13.9344,22.0000,1),(1171,468,249,'','Figova marmelada iz Slovenske Istre 370 ml',4.8402,4.8402,9.5000,1),(1172,468,553,'20004','Naravno žganje z 38 kraškimi zdravilnimi zelišči 500 ml',22.1311,22.1311,22.0000,1),(1173,468,583,'12005','Plečnikov čaj – mini epruveta za dve skodelici čaja',0.9132,0.9132,9.5000,2),(1174,468,4,'10016','Kraški brinjevec 0,5 l -zaščitena geografska označba',27.0492,27.0492,22.0000,1),(1178,471,174,'90005','Stojalo za rezanje pršuta',102.4591,102.4591,22.0000,1),(1179,472,59,'40014','Apikomplet 400 g',9.1324,9.1324,9.5000,1),(1180,472,385,'10017','Kraški brinjevec 0,7 l – zaščitena geografska označba',36.8852,36.8852,22.0000,1),(1191,475,149,'80001','Ekstra deviško oljčno olje Couvee 0,5 l - zaščiteno geografsko p',22.4658,22.4658,9.5000,2),(1182,474,241,'','Ekološko oljčno olje Morgan 0,25 l - zaščitena označba porekla',10.0456,10.0456,9.5000,1),(1183,474,733,'70025','Domača salama',5.0320,5.0320,9.5000,1),(1184,474,732,'70022','Domači pršut',21.1872,21.1872,9.5000,1),(1185,474,726,'60014','Bovški ovčji sir – zaščitena označba porekla, ekološko pridelano',8.4749,8.4749,9.5000,1),(1186,474,632,'80103','Bučko – zelenjavni namaz 200 g',5.7534,5.7534,9.5000,1),(1187,474,720,'60017','Tolminc – zaščitena označba porekla',6.9406,6.9406,9.5000,1),(1188,474,672,'80027','Sušeni paradižniki v bučnem olju 106 ml',4.2009,4.2009,9.5000,1),(1189,474,708,'80064','Ekološke oljke štorta v slanici 300 ml',5.8447,5.8447,9.5000,1),(1190,474,557,'80084','Hladno stiskano bučno olje 100 ml – edinstveno na tržišču',6.3927,6.3927,9.5000,1),(1192,475,207,'','Čokolada z bučnimi semeni in bučnim oljem 50 g',2.5571,2.5571,9.5000,1),(1193,476,674,'80015','Ekstradeviško oljčno olje Istrska belica 0,25 l',11.4155,11.4155,9.5000,1),(1194,476,630,'80025','Ekstra deviško oljčno olje ekološke pridelave 0,5 l – sorta maur',15.5251,15.5251,9.5000,1),(1195,477,149,'80001','Ekstra deviško oljčno olje Couvee 0,5 l - zaščiteno geografsko p',22.4658,22.4658,9.5000,2),(1196,478,3,'10015','Kraški brinjevec 0,2 l -zaščitena geografska označba',13.9344,13.9344,22.0000,1),(1197,479,554,'12025','Brinjevo eterično olje 20 ml',10.6557,10.6557,22.0000,2),(1198,480,578,'40098','Breskov džem z bezgom 300 g',6.6667,6.6667,9.5000,1),(1199,480,238,'300000','Staran vinski kis 0,5l',3.0137,3.0137,9.5000,1),(1205,483,543,'50058','Rose Sveti Martin 0,75 l',9.0164,9.0164,22.0000,1),(1204,483,446,'50052','Zelen vrhunsko vino ZGP 0,75l',11.0656,11.0656,22.0000,1),(1203,482,4,'10016','Kraški brinjevec 0,5 l -zaščitena geografska označba',27.0492,27.0492,22.0000,1),(1206,483,724,'60018','Ekološki brkinski sir žlahtni',3.6256,3.6256,9.5000,1),(1207,483,728,'60009','Ekološki poltrdi kravji sir s tartufato',7.3607,7.3607,9.5000,1),(1208,483,731,'70034','Domače klobase',4.5479,4.5479,9.5000,1),(1209,483,580,'42071','Domača češnjeva marmelada z orehi 300 g',6.1187,6.1187,9.5000,1),(1210,483,733,'70025','Domača salama',5.0320,5.0320,9.5000,1),(1211,483,606,'40046','Marmelada iz grozdja izabela »amerikana« 300 g',5.3881,5.3881,9.5000,1),(1212,483,97,'20002','Teranov liker 0,5 l',9.8361,9.8361,22.0000,1),(1213,484,154,'80022','Ekstra deviško oljčno olje Maurino 0,5 l',35.6165,35.6165,9.5000,1),(1214,484,149,'80001','Ekstra deviško oljčno olje Couvee 0,5 l - zaščiteno geografsko p',22.4658,22.4658,9.5000,1),(1215,485,694,'40070','Medopin 450 g',11.4155,11.4155,9.5000,1),(1216,485,385,'10017','Kraški brinjevec 0,7 l – zaščitena geografska označba',36.8852,36.8852,22.0000,1),(1217,486,385,'10017','Kraški brinjevec 0,7 l – zaščitena geografska označba',36.8852,36.8852,22.0000,1),(1218,487,4,'10016','Kraški brinjevec 0,5 l -zaščitena geografska označba',27.0492,27.0492,22.0000,1),(1219,487,694,'40070','Medopin 450 g',11.4155,11.4155,9.5000,2),(1220,488,714,'80040','Krema z belimi tartufi 50 g',6.2100,6.2100,9.5000,1),(1221,488,197,'80031','Hladno stiskano bučno olje 0,25 l – edinstveno na tržišču',11.8721,11.8721,9.5000,1),(1222,488,717,'80028','Pesto bučno olje in semena 106 ml',5.6621,5.6621,9.5000,1),(1223,488,707,'80054','Ekološke štorte v oljčnem olju 380 g',8.6758,8.6758,9.5000,1),(1224,489,456,'42036','Čokolada z jabolki in cimetom 50 g',2.5571,2.5571,9.5000,1),(1225,489,238,'300000','Staran vinski kis 0,5l',3.0137,3.0137,9.5000,1),(1226,489,735,'40053','Breskova marmelada 230 g Miste',3.6530,3.6530,9.5000,1),(1227,489,3,'10015','Kraški brinjevec 0,2 l -zaščitena geografska označba',13.9344,13.9344,22.0000,1),(1228,489,720,'60017','Tolminc – zaščitena označba porekla',6.9406,6.9406,9.5000,1),(1229,489,731,'70034','Domače klobase',4.5479,4.5479,9.5000,2),(1230,489,730,'70023','Domača panceta',6.9863,6.9863,9.5000,1),(1232,491,724,'60018','Ekološki brkinski sir žlahtni',3.6256,3.6256,9.5000,2),(1233,491,725,'60025','Ekološki brkinski sir tradicionalni',3.6256,3.6256,9.5000,2),(1234,491,733,'70025','Domača salama',5.0320,5.0320,9.5000,4),(1235,491,385,'10017','Kraški brinjevec 0,7 l – zaščitena geografska označba',36.8852,36.8852,22.0000,2);

--
-- Table structure for table `orders_products_attributes`
--

CREATE TABLE `orders_products_attributes` (
  `orders_products_attributes_id` int(11) NOT NULL AUTO_INCREMENT,
  `orders_id` int(11) NOT NULL,
  `orders_products_id` int(11) NOT NULL,
  `products_options` varchar(32) NOT NULL,
  `products_options_values` varchar(32) NOT NULL,
  `options_values_price` decimal(15,4) NOT NULL,
  `price_prefix` char(1) NOT NULL,
  PRIMARY KEY (`orders_products_attributes_id`),
  KEY `idx_orders_products_att_orders_id` (`orders_id`)
) ENGINE=MyISAM DEFAULT CHARSET=utf8;

--
-- Dumping data for table `orders_products_attributes`
--


--
-- Table structure for table `orders_products_download`
--

CREATE TABLE `orders_products_download` (
  `orders_products_download_id` int(11) NOT NULL AUTO_INCREMENT,
  `orders_id` int(11) NOT NULL DEFAULT '0',
  `orders_products_id` int(11) NOT NULL DEFAULT '0',
  `orders_products_filename` varchar(255) NOT NULL,
  `download_maxdays` int(2) NOT NULL DEFAULT '0',
  `download_count` int(2) NOT NULL DEFAULT '0',
  PRIMARY KEY (`orders_products_download_id`),
  KEY `idx_orders_products_download_orders_id` (`orders_id`)
) ENGINE=MyISAM DEFAULT CHARSET=utf8;

--
-- Dumping data for table `orders_products_download`
--


--
-- Table structure for table `orders_status`
--

CREATE TABLE `orders_status` (
  `orders_status_id` int(11) NOT NULL DEFAULT '0',
  `language_id` int(11) NOT NULL DEFAULT '1',
  `orders_status_name` varchar(32) NOT NULL,
  `public_flag` int(11) DEFAULT '1',
  `downloads_flag` int(11) DEFAULT '0',
  PRIMARY KEY (`orders_status_id`,`language_id`),
  KEY `idx_orders_status_name` (`orders_status_name`)
) ENGINE=MyISAM DEFAULT CHARSET=utf8;

--
-- Dumping data for table `orders_status`
--

INSERT INTO `orders_status` VALUES (1,1,'Odprt',1,0),(2,1,'V teku',1,1),(3,1,'Dostavljeno',1,1);

--
-- Table structure for table `orders_status_history`
--

CREATE TABLE `orders_status_history` (
  `orders_status_history_id` int(11) NOT NULL AUTO_INCREMENT,
  `orders_id` int(11) NOT NULL,
  `orders_status_id` int(5) NOT NULL,
  `date_added` datetime NOT NULL,
  `customer_notified` int(1) DEFAULT '0',
  `comments` text,
  PRIMARY KEY (`orders_status_history_id`),
  KEY `idx_orders_status_history_orders_id` (`orders_id`)
) ENGINE=MyISAM AUTO_INCREMENT=1368 DEFAULT CHARSET=utf8;

--
-- Dumping data for table `orders_status_history`
--

INSERT INTO `orders_status_history` VALUES (1,1,1,'2008-07-08 17:34:17',1,''),(2,1,2,'2008-07-09 17:06:40',1,''),(3,1,3,'2008-07-10 17:50:01',1,''),(4,2,1,'2008-08-07 08:43:19',1,''),(5,3,1,'2008-08-08 07:56:31',1,''),(6,2,2,'2008-08-09 13:10:53',1,''),(7,3,2,'2008-08-09 13:11:48',1,''),(8,2,3,'2008-08-11 17:50:18',1,''),(9,3,3,'2008-08-11 17:50:48',1,''),(10,4,1,'2008-08-22 12:31:10',1,''),(11,4,3,'2008-08-25 12:58:18',1,''),(14,6,1,'2008-11-10 15:24:01',1,''),(15,6,2,'2008-11-12 12:57:27',1,''),(16,7,1,'2008-11-13 09:14:57',1,'plačilo po povzetju'),(17,6,3,'2008-11-13 09:19:29',1,''),(18,7,2,'2008-11-13 15:00:43',1,''),(19,7,3,'2008-11-18 09:19:31',1,''),(20,8,1,'2008-11-25 20:30:06',1,''),(21,8,2,'2008-11-26 11:05:06',1,''),(22,9,1,'2008-11-28 11:50:31',1,''),(23,9,2,'2008-11-28 18:28:10',1,''),(24,10,1,'2008-11-30 10:45:03',1,''),(25,8,3,'2008-12-01 09:52:18',1,''),(26,9,3,'2008-12-01 09:52:33',1,''),(27,10,3,'2008-12-09 20:13:33',0,''),(28,11,1,'2008-12-09 20:38:25',1,''),(29,11,3,'2008-12-09 20:39:40',0,''),(30,12,1,'2008-12-10 19:26:47',1,''),(31,13,1,'2008-12-11 09:47:14',1,''),(32,14,1,'2008-12-11 09:53:47',1,''),(33,12,2,'2008-12-11 12:42:34',1,''),(34,13,2,'2008-12-11 12:46:14',1,''),(35,14,2,'2008-12-11 12:52:06',1,''),(36,14,3,'2008-12-13 23:41:05',1,''),(37,15,1,'2008-12-15 08:09:36',1,''),(38,13,3,'2008-12-15 14:40:23',1,''),(39,12,3,'2008-12-15 14:40:31',1,''),(40,15,2,'2008-12-15 14:40:41',1,''),(41,16,1,'2008-12-16 18:41:21',1,''),(42,17,1,'2008-12-17 12:24:33',1,''),(43,17,2,'2008-12-17 17:40:58',1,''),(44,16,3,'2008-12-17 17:41:13',1,''),(45,18,1,'2008-12-19 01:43:46',1,''),(46,18,2,'2008-12-19 16:17:21',1,''),(47,17,3,'2008-12-20 11:08:58',1,''),(48,19,1,'2008-12-22 08:21:42',1,'Pri prejšnjem naročilu, jurčki v kozarčku, je bil en glinen pokrovček zdrobljen, verjetno poškodba pri pošiljanju. Bom obdržala, samo v vednost.'),(49,19,2,'2008-12-22 10:53:31',1,''),(50,15,3,'2008-12-22 12:22:42',1,''),(51,19,3,'2008-12-22 14:17:01',1,''),(52,19,2,'2008-12-22 16:31:23',0,''),(53,18,3,'2008-12-24 05:42:55',1,''),(54,19,3,'2008-12-24 18:48:24',1,''),(55,20,1,'2008-12-26 18:18:29',1,''),(56,20,2,'2008-12-29 09:13:49',1,''),(57,20,3,'2009-01-05 10:11:48',1,''),(58,21,1,'2009-01-08 15:12:01',1,''),(59,22,1,'2009-01-09 08:41:50',1,''),(60,21,2,'2009-01-09 18:40:40',1,''),(61,22,2,'2009-01-09 18:40:59',1,''),(62,21,3,'2009-01-12 16:52:54',1,''),(63,22,3,'2009-01-12 16:53:14',1,''),(64,23,1,'2009-01-13 15:45:18',1,''),(65,23,2,'2009-01-13 16:43:48',1,''),(66,23,3,'2009-01-15 10:20:09',1,''),(67,24,1,'2009-01-20 13:40:48',1,''),(68,24,2,'2009-01-20 15:40:01',1,''),(69,24,3,'2009-01-22 07:07:24',1,''),(70,25,1,'2009-02-10 15:27:21',1,''),(71,25,2,'2009-02-11 18:51:28',1,''),(72,26,1,'2009-02-12 11:54:57',1,''),(73,27,1,'2009-02-12 13:10:28',1,''),(74,28,1,'2009-02-12 14:04:55',1,''),(75,28,2,'2009-02-12 16:39:18',1,''),(76,27,2,'2009-02-12 16:39:46',1,''),(77,25,3,'2009-02-16 13:12:33',1,''),(78,27,3,'2009-02-16 13:13:00',1,''),(79,26,2,'2009-02-16 16:49:31',1,''),(80,28,3,'2009-02-16 19:37:02',1,''),(81,26,3,'2009-02-17 18:38:27',1,''),(82,29,1,'2009-02-19 17:28:17',1,''),(83,29,2,'2009-02-20 12:00:58',1,''),(84,29,3,'2009-02-24 10:43:47',1,''),(85,30,1,'2009-02-25 14:26:03',1,''),(86,30,3,'2009-02-25 17:02:11',1,''),(87,31,1,'2009-03-03 08:38:00',1,''),(88,31,2,'2009-03-03 16:05:30',1,''),(89,32,1,'2009-03-03 19:16:36',1,''),(90,32,2,'2009-03-04 13:19:50',1,''),(91,31,3,'2009-03-04 20:25:34',1,''),(92,32,3,'2009-03-05 18:55:49',1,''),(93,33,1,'2009-03-07 17:43:29',1,''),(94,34,1,'2009-03-09 08:21:26',1,''),(95,34,2,'2009-03-09 13:03:44',1,''),(96,34,3,'2009-03-11 06:32:32',1,''),(97,33,2,'2009-03-11 16:37:55',1,''),(98,33,3,'2009-03-16 14:15:26',1,''),(99,35,1,'2009-04-03 08:36:38',1,''),(100,35,2,'2009-04-06 16:17:33',1,''),(101,36,1,'2009-04-09 19:27:33',1,''),(102,36,2,'2009-04-10 13:26:53',1,''),(103,35,3,'2009-04-14 12:26:14',1,''),(104,36,3,'2009-04-17 06:55:17',1,''),(105,37,1,'2009-05-06 08:37:40',1,''),(106,37,2,'2009-05-06 15:09:04',1,''),(107,38,1,'2009-05-18 22:13:23',1,''),(108,37,3,'2009-05-19 09:08:59',1,''),(109,38,2,'2009-05-19 16:16:47',1,''),(110,39,1,'2009-05-20 12:29:07',1,'AGILA\r\nTo je test, da pregledam tekst naročila v angleščini.'),(111,39,2,'2009-05-20 12:32:32',1,''),(112,39,3,'2009-05-20 12:33:35',1,''),(113,40,1,'2009-05-20 12:56:58',1,'AGILA\r\n\r\nTestiram, če bo sedaj s slovenščino vse OK'),(114,40,2,'2009-05-20 12:57:54',1,'Bomo videli'),(115,40,3,'2009-05-20 13:01:28',1,'OK'),(116,40,3,'2009-05-20 13:04:11',1,'OK'),(117,41,1,'2009-05-20 13:14:05',1,'AGILA\r\n\r\nTest za datumski prikaz'),(118,41,2,'2009-05-20 13:14:49',1,'????????????'),(119,41,3,'2009-05-20 13:15:42',1,'Zgleda vse OK'),(120,38,3,'2009-05-22 06:25:29',1,''),(121,42,1,'2009-05-24 22:14:15',1,'test teksta'),(122,43,1,'2009-05-25 00:12:19',1,''),(123,43,2,'2009-05-25 18:43:49',1,''),(124,44,1,'2009-05-26 09:43:24',1,''),(125,45,1,'2009-05-26 09:46:02',1,''),(126,46,1,'2009-05-26 10:25:49',1,''),(127,47,1,'2009-05-26 10:31:49',1,''),(128,47,2,'2009-05-26 11:37:59',1,''),(129,47,3,'2009-05-26 11:38:07',1,''),(130,44,3,'2009-05-26 11:38:58',1,''),(131,45,3,'2009-05-26 11:39:25',1,''),(132,46,3,'2009-05-26 11:39:40',1,''),(133,42,3,'2009-05-26 11:40:07',1,''),(134,43,3,'2009-05-27 07:08:53',1,''),(135,48,1,'2009-05-27 23:51:01',1,'prosim! če lahko naredite da dobim paket - sokove - že v petek. torej če oddate pošiljko v četrtek, da bi dobil že v petek. če se le da anredite tako. hvala in lep pozdrav.'),(136,48,2,'2009-05-28 10:28:38',1,''),(137,48,3,'2009-06-01 18:20:48',1,''),(138,49,1,'2009-06-08 09:30:26',1,''),(139,49,2,'2009-06-08 16:37:44',1,''),(140,49,3,'2009-06-12 06:39:55',1,''),(141,50,1,'2009-06-12 13:57:08',1,''),(142,50,2,'2009-06-12 17:45:50',1,''),(143,50,3,'2009-06-16 07:22:24',1,''),(144,51,1,'2009-06-17 07:25:53',1,''),(145,51,2,'2009-06-17 09:59:05',1,''),(146,52,1,'2009-06-18 22:20:19',1,''),(147,51,3,'2009-06-19 06:17:33',1,''),(148,52,2,'2009-06-19 10:16:06',1,''),(149,53,1,'2009-06-21 22:39:27',1,''),(150,53,2,'2009-06-22 16:43:40',1,''),(151,52,3,'2009-06-23 06:23:47',1,''),(152,54,1,'2009-06-28 11:09:56',1,''),(153,54,2,'2009-06-29 10:46:28',1,''),(154,53,3,'2009-06-29 18:17:08',1,''),(155,54,3,'2009-07-01 17:34:35',1,''),(156,55,1,'2009-07-05 17:11:36',1,''),(157,55,2,'2009-07-06 11:51:21',1,''),(158,55,3,'2009-07-07 19:58:27',1,''),(159,56,1,'2009-07-20 22:15:33',1,''),(160,56,2,'2009-07-21 10:30:22',1,''),(161,56,3,'2009-07-23 05:45:52',1,''),(162,57,1,'2009-08-11 08:03:08',1,''),(163,57,2,'2009-08-11 13:11:07',1,''),(164,57,3,'2009-08-20 20:10:04',1,''),(165,58,1,'2009-08-25 14:34:37',1,''),(166,58,3,'2009-09-02 15:04:31',0,''),(167,59,1,'2009-09-02 16:09:26',1,''),(168,59,2,'2009-09-03 16:05:15',1,''),(169,59,3,'2009-09-08 09:32:43',1,''),(170,60,1,'2009-09-09 00:08:48',1,''),(171,60,3,'2009-09-10 15:04:19',1,''),(172,61,1,'2009-09-13 01:07:31',1,''),(173,61,2,'2009-09-16 11:47:10',1,''),(174,61,3,'2009-09-23 10:36:17',1,''),(175,62,1,'2009-09-28 09:06:18',1,''),(179,65,1,'2009-09-28 21:57:55',1,''),(178,62,2,'2009-09-28 13:25:10',1,''),(180,65,2,'2009-09-29 11:11:35',1,''),(181,62,3,'2009-09-30 06:39:03',1,''),(182,66,1,'2009-09-30 09:24:45',1,''),(183,67,1,'2009-09-30 09:26:38',1,''),(190,71,1,'2009-10-05 21:30:14',1,''),(191,66,3,'2009-10-06 08:48:50',1,''),(187,67,2,'2009-09-30 12:54:24',1,''),(188,66,2,'2009-09-30 12:54:46',1,''),(189,65,3,'2009-10-02 06:49:21',1,''),(192,67,3,'2009-10-06 08:49:11',1,''),(193,71,2,'2009-10-06 10:54:00',1,''),(195,71,3,'2009-10-10 06:34:17',1,''),(196,73,1,'2009-10-15 19:42:03',1,''),(197,73,2,'2009-10-16 11:38:45',1,''),(198,74,1,'2009-10-17 09:47:01',1,''),(199,74,2,'2009-10-17 10:51:05',1,''),(200,73,3,'2009-10-19 18:27:55',1,''),(201,74,3,'2009-10-20 10:10:57',1,''),(202,75,1,'2009-10-21 11:50:37',1,''),(203,76,1,'2009-10-21 12:02:41',1,'lAHKO SE POŠLJE PREDRAČUN.'),(204,77,1,'2009-10-21 12:07:25',1,''),(205,75,2,'2009-10-22 12:26:06',1,''),(206,77,2,'2009-10-22 12:26:21',1,''),(207,76,2,'2009-10-22 12:26:33',1,''),(208,76,3,'2009-10-22 19:56:23',1,''),(209,77,3,'2009-10-26 18:37:39',1,''),(210,75,3,'2009-10-26 18:37:58',1,''),(211,78,1,'2009-11-02 15:52:21',1,''),(212,78,2,'2009-11-03 19:14:31',1,''),(213,78,3,'2009-11-05 07:03:38',1,''),(214,79,1,'2009-11-10 10:56:36',1,'dostava vsak dan razen četrtka\r\nprosil bi če mi pošljete na mail podatke, da bi plačal preko spleta, v kolikor je to možno.\r\nhvala'),(215,79,2,'2009-11-11 17:19:30',1,''),(216,80,1,'2009-11-13 21:47:49',1,''),(217,79,3,'2009-11-14 06:37:46',1,''),(218,81,1,'2009-11-14 22:37:41',1,''),(219,80,2,'2009-11-16 11:02:00',0,''),(220,81,2,'2009-11-16 11:02:21',0,''),(221,80,3,'2009-11-18 06:18:12',0,''),(222,81,3,'2009-11-18 19:49:16',0,''),(223,82,1,'2009-11-19 11:05:47',1,''),(224,82,2,'2009-11-26 13:18:04',0,''),(225,82,3,'2009-11-27 20:27:20',0,''),(226,83,1,'2009-11-29 15:59:29',1,''),(227,83,2,'2009-11-30 12:54:39',1,''),(228,84,1,'2009-12-02 07:14:59',1,''),(229,84,2,'2009-12-02 16:35:57',1,''),(230,83,3,'2009-12-03 19:43:55',0,''),(231,84,3,'2009-12-04 18:11:02',0,''),(232,85,1,'2009-12-22 15:34:24',1,''),(233,86,1,'2009-12-23 07:18:08',1,''),(234,87,1,'2009-12-23 10:47:03',1,''),(235,88,1,'2009-12-23 12:09:21',1,''),(236,85,2,'2009-12-24 06:39:04',0,''),(237,86,2,'2009-12-24 06:39:24',0,''),(238,87,2,'2009-12-24 06:39:49',0,''),(239,88,2,'2009-12-24 06:40:10',0,''),(240,85,3,'2009-12-28 20:29:07',0,''),(241,86,3,'2009-12-29 21:25:13',0,''),(242,87,3,'2009-12-30 11:10:27',0,''),(243,89,1,'2009-12-30 16:19:49',1,''),(244,90,1,'2010-01-02 12:59:38',1,''),(245,91,1,'2010-01-02 13:01:04',1,''),(246,89,2,'2010-01-04 11:40:55',1,''),(247,91,2,'2010-01-04 11:41:06',1,''),(248,90,2,'2010-01-04 11:41:18',1,''),(249,89,3,'2010-01-06 05:30:17',0,''),(250,88,3,'2010-01-06 07:46:04',0,''),(251,90,3,'2010-01-13 19:57:34',0,''),(252,91,3,'2010-01-13 19:58:00',0,''),(253,92,1,'2010-01-16 19:47:44',1,'Prosim za izstavitev računa z nazivom podjetja. Hotel Marko d.o.o., Obala 28, 6320 Portorož, ID za DDV: SI91593450'),(254,92,2,'2010-01-18 11:44:58',0,''),(255,92,3,'2010-01-20 10:23:13',0,''),(256,93,1,'2010-01-20 23:56:19',1,''),(257,93,2,'2010-01-21 10:55:31',0,''),(258,93,3,'2010-01-23 07:11:15',0,''),(259,94,1,'2010-01-26 21:37:53',1,''),(260,94,2,'2010-01-27 09:50:51',0,''),(261,95,1,'2010-01-29 13:23:16',1,''),(262,95,2,'2010-01-29 15:58:06',0,''),(263,95,3,'2010-02-02 20:17:30',0,''),(264,96,1,'2010-02-09 14:51:32',1,''),(265,96,2,'2010-02-10 12:33:09',0,''),(266,96,3,'2010-02-11 20:07:00',0,''),(267,97,1,'2010-02-12 16:59:00',1,''),(268,97,2,'2010-02-15 11:24:02',0,''),(269,94,3,'2010-02-18 06:20:31',0,''),(270,97,3,'2010-02-19 07:10:21',0,''),(271,98,1,'2010-02-28 19:18:59',1,''),(272,99,1,'2010-03-01 13:38:40',1,''),(273,98,2,'2010-03-01 16:34:17',0,''),(274,99,3,'2010-03-01 18:38:44',0,''),(275,100,1,'2010-03-03 09:43:45',1,''),(276,100,2,'2010-03-03 10:59:14',0,''),(277,100,3,'2010-03-05 06:33:37',0,''),(278,98,3,'2010-03-08 16:34:24',0,''),(279,101,1,'2010-03-21 09:10:31',1,''),(280,101,2,'2010-03-22 11:00:04',0,''),(281,101,3,'2010-03-24 06:01:02',0,''),(282,102,1,'2010-04-06 06:54:42',1,''),(283,102,2,'2010-04-06 10:02:14',0,''),(284,103,1,'2010-04-07 08:53:16',1,'v kolikor je to moje drugo naročilo je neveljavno. prvega sem vam poslala pred prazniki. ker sem imela težave nisem pracv sigurna, če ste ga dobili. če ga niste, velja seveda današnje naročilo. Pozdrav alenka furlan'),(285,103,2,'2010-04-07 13:00:04',1,''),(286,104,1,'2010-04-12 16:46:46',1,''),(287,103,3,'2010-04-12 19:58:11',0,''),(288,104,2,'2010-04-13 09:03:21',0,''),(289,102,3,'2010-04-15 06:58:06',0,''),(290,104,3,'2010-04-19 16:30:37',0,''),(291,105,1,'2010-04-29 21:44:18',1,''),(292,105,2,'2010-04-30 09:56:13',0,''),(293,105,3,'2010-05-03 20:22:16',0,''),(294,106,1,'2010-05-04 06:49:46',1,'Darilo za rojstni dan! Brez racuna prosim ce lahko posljete.'),(295,107,1,'2010-05-27 20:28:14',1,''),(296,106,3,'2010-05-28 06:22:29',0,''),(297,107,2,'2010-05-28 09:43:03',0,''),(298,107,3,'2010-05-31 11:36:23',0,''),(299,108,1,'2010-06-03 14:11:13',1,''),(300,108,2,'2010-06-04 13:04:32',0,''),(301,108,3,'2010-06-07 17:48:12',0,''),(304,110,1,'2010-07-17 18:05:13',1,'Po možnosti v torek (20.7.) ali sredo dopoldne.'),(305,110,2,'2010-07-19 10:49:43',0,''),(306,111,1,'2010-07-20 15:38:19',1,''),(307,111,2,'2010-07-21 08:50:56',0,''),(308,110,3,'2010-07-21 19:53:43',0,''),(309,111,3,'2010-07-23 09:27:28',0,''),(310,112,1,'2010-07-26 11:57:59',1,'pred dostavo pokliči na gsm 041 731 633'),(311,112,2,'2010-07-26 16:22:22',0,''),(312,112,3,'2010-07-28 13:22:06',0,''),(313,113,1,'2010-08-10 22:16:38',1,'Spoštovani!\r\nProsim, če lahko naročeno blago dostavite najkasneje v petek, ker je namenjeno aktualni Kraljici terana v dar ob predji krone s strani ostalih lokalnih vinskih kraljic iz cele Slovenije. v kolikor blago ne bo dostavljeno do petka mi prosim sporočite, da ga pridem osebno dvignit. Hvala!'),(314,113,2,'2010-08-11 09:03:20',0,''),(315,113,3,'2010-08-16 19:28:15',0,''),(316,114,1,'2010-08-23 13:18:24',1,''),(317,114,3,'2010-08-23 17:16:47',0,''),(318,115,1,'2010-08-30 10:23:20',1,''),(319,115,2,'2010-08-30 16:11:46',0,''),(320,115,3,'2010-09-01 06:34:03',0,''),(321,116,1,'2010-09-03 14:34:45',1,''),(322,116,2,'2010-09-03 15:22:32',0,''),(323,116,3,'2010-09-06 19:26:29',0,''),(324,117,1,'2010-09-24 11:37:35',1,''),(325,117,2,'2010-09-27 10:11:43',0,''),(326,117,3,'2010-09-30 20:14:43',0,''),(327,118,1,'2010-10-14 22:48:42',1,''),(328,118,2,'2010-10-15 18:14:57',0,''),(329,118,3,'2010-10-19 09:07:47',0,''),(330,119,1,'2010-10-27 13:54:51',1,''),(331,119,2,'2010-10-29 09:50:58',0,''),(332,119,3,'2010-11-03 19:52:59',0,''),(333,120,1,'2010-11-05 17:29:32',1,''),(334,120,2,'2010-11-08 11:00:59',0,''),(335,120,3,'2010-11-09 17:29:53',0,''),(336,121,1,'2010-11-10 23:33:06',1,''),(337,121,2,'2010-11-11 08:57:29',0,''),(338,122,1,'2010-11-12 10:09:27',1,''),(339,122,2,'2010-11-13 10:28:35',0,''),(340,122,3,'2010-11-16 19:53:45',0,''),(341,121,3,'2010-11-16 19:54:04',0,''),(342,123,1,'2010-11-21 13:02:06',1,''),(343,123,2,'2010-11-22 14:26:43',1,''),(344,124,1,'2010-11-23 01:27:37',1,''),(345,124,2,'2010-11-23 18:57:39',0,''),(346,124,3,'2010-11-26 06:55:21',0,''),(347,125,1,'2010-11-26 20:45:54',1,''),(348,125,2,'2010-11-27 10:44:37',0,''),(349,125,3,'2010-11-29 19:53:26',0,''),(350,123,3,'2010-11-29 19:53:46',0,''),(351,126,1,'2010-12-07 21:13:25',1,''),(352,126,2,'2010-12-08 11:24:04',0,''),(353,127,1,'2010-12-09 16:04:06',1,''),(354,127,2,'2010-12-09 17:54:37',0,''),(355,127,3,'2010-12-11 07:21:36',0,''),(356,128,1,'2010-12-16 15:27:49',1,''),(357,129,1,'2010-12-16 18:56:27',1,''),(358,126,3,'2010-12-16 19:54:14',0,''),(359,129,2,'2010-12-17 17:22:41',0,''),(360,128,2,'2010-12-17 17:23:08',0,''),(361,130,1,'2010-12-17 18:55:10',1,''),(362,131,1,'2010-12-18 00:36:13',1,''),(363,132,1,'2010-12-18 11:26:14',1,''),(364,132,2,'2010-12-18 12:26:43',0,''),(365,131,2,'2010-12-18 12:27:08',0,''),(366,133,1,'2010-12-20 10:24:43',1,'ČIMPREJ'),(367,129,3,'2010-12-20 20:14:56',0,''),(368,128,3,'2010-12-20 20:15:20',0,''),(369,134,1,'2010-12-20 22:42:47',1,''),(370,133,2,'2010-12-21 14:41:26',0,''),(371,134,2,'2010-12-21 14:41:44',0,''),(372,135,1,'2010-12-21 18:28:03',1,''),(373,131,3,'2010-12-21 20:32:54',0,''),(374,132,3,'2010-12-21 20:35:16',0,''),(375,135,2,'2010-12-22 13:01:49',0,''),(376,133,3,'2010-12-22 20:05:30',0,''),(377,135,3,'2010-12-28 20:17:24',0,''),(378,136,1,'2011-01-05 14:21:45',1,''),(379,136,2,'2011-01-06 11:30:31',0,''),(380,137,1,'2011-01-06 23:26:37',1,''),(381,138,1,'2011-01-07 15:46:25',1,''),(382,138,2,'2011-01-10 13:16:42',0,''),(383,137,2,'2011-01-10 13:17:35',1,''),(384,136,3,'2011-01-10 19:38:31',0,''),(385,137,3,'2011-01-11 19:41:59',0,''),(386,138,3,'2011-01-13 06:55:40',0,''),(387,139,1,'2011-01-24 15:20:54',1,'Prosim, če lahko pošljete račun na firmo:\r\nNEBESA d.o.o.\r\nVojkova 10, 5280 Idrija\r\nZA HOTEL JOŽEF\r\ndav. št. - SI 74552384'),(388,139,2,'2011-01-24 16:34:40',0,''),(389,139,3,'2011-01-26 07:23:30',0,''),(390,140,1,'2011-01-31 08:56:05',1,'nimam telefon in dal telefon od sestre.'),(391,140,2,'2011-02-01 16:48:38',0,''),(392,141,1,'2011-02-02 14:37:56',1,'Blago lahko dostavite tudi na naslov Jožica Bregar Leskovšek s.p. ,Cesta zmage 16a, 1410 Zagorje ob Savi.'),(393,142,1,'2011-02-04 09:56:39',1,''),(394,141,2,'2011-02-04 10:24:19',0,''),(395,140,3,'2011-02-04 19:50:38',0,''),(396,142,2,'2011-02-05 10:57:42',0,''),(397,141,3,'2011-02-09 09:02:28',0,''),(398,143,1,'2011-02-21 11:11:10',1,''),(399,143,2,'2011-02-21 14:52:32',0,''),(400,143,3,'2011-02-23 09:26:55',0,''),(401,142,3,'2011-03-02 06:50:28',0,''),(402,144,1,'2011-03-14 08:47:50',1,''),(403,144,2,'2011-03-14 10:10:06',0,''),(404,145,1,'2011-03-16 18:12:43',1,''),(405,145,3,'2011-03-16 19:42:22',0,''),(406,144,3,'2011-03-28 19:47:01',1,''),(407,146,1,'2011-04-07 12:18:26',1,''),(408,146,2,'2011-04-07 17:10:53',0,''),(409,146,3,'2011-04-11 20:00:18',0,''),(410,147,1,'2011-04-19 20:08:32',1,''),(411,147,2,'2011-04-20 17:16:31',0,''),(412,147,3,'2011-04-21 12:02:06',0,''),(413,148,1,'2011-04-29 23:07:55',1,''),(414,148,2,'2011-04-30 11:07:34',0,''),(415,148,3,'2011-05-05 07:22:35',0,''),(416,149,1,'2011-05-05 21:23:58',1,''),(417,149,2,'2011-05-06 13:36:26',1,''),(418,149,3,'2011-05-11 07:08:17',0,''),(419,150,1,'2011-05-16 02:36:39',1,''),(420,150,2,'2011-05-16 09:56:42',0,''),(421,150,3,'2011-05-20 19:54:36',0,''),(422,151,1,'2011-06-02 16:58:14',1,''),(423,151,2,'2011-06-03 10:03:28',0,''),(424,152,1,'2011-06-05 14:06:12',1,''),(425,152,2,'2011-06-06 10:13:50',0,''),(426,151,3,'2011-06-07 08:36:02',0,''),(427,152,3,'2011-06-08 20:05:24',0,''),(428,153,1,'2011-06-11 01:57:40',1,''),(429,153,2,'2011-06-13 11:21:50',0,''),(430,154,1,'2011-06-14 23:32:38',1,''),(431,153,3,'2011-06-16 07:17:34',0,''),(432,154,2,'2011-06-16 10:34:04',0,''),(433,154,3,'2011-06-21 06:24:38',0,''),(437,156,3,'2011-08-08 13:11:34',0,''),(436,156,1,'2011-08-07 16:01:32',1,''),(438,157,1,'2011-08-17 18:38:24',1,''),(439,157,2,'2011-08-18 09:49:26',0,''),(440,157,3,'2011-08-22 20:19:12',0,''),(441,158,1,'2011-08-26 19:44:57',1,''),(442,158,2,'2011-08-27 11:05:19',0,''),(443,158,3,'2011-08-29 20:14:35',0,''),(444,159,1,'2011-08-31 20:39:08',1,''),(445,159,2,'2011-09-01 10:34:32',0,''),(446,159,3,'2011-09-05 12:56:33',0,''),(447,160,1,'2011-09-24 12:00:20',1,''),(448,160,2,'2011-09-26 10:01:13',1,''),(449,161,1,'2011-09-28 10:44:18',1,''),(450,161,2,'2011-09-29 18:40:43',1,''),(451,161,3,'2011-10-01 12:22:52',0,''),(452,160,3,'2011-10-03 10:54:56',0,''),(453,162,1,'2011-10-05 15:34:47',1,''),(454,163,1,'2011-10-05 15:36:05',1,''),(455,164,1,'2011-10-06 08:35:46',1,''),(456,162,2,'2011-10-06 17:49:36',0,''),(457,163,2,'2011-10-06 17:50:06',0,''),(458,164,2,'2011-10-07 11:47:02',0,''),(459,164,3,'2011-10-07 11:51:31',0,''),(460,163,3,'2011-10-08 09:42:40',0,''),(461,162,3,'2011-10-08 09:42:51',0,''),(462,165,1,'2011-10-12 15:29:20',1,''),(463,165,2,'2011-10-14 18:33:04',1,''),(464,166,1,'2011-10-16 20:21:42',1,''),(465,166,2,'2011-10-17 10:44:32',0,''),(466,166,3,'2011-10-20 16:17:34',0,''),(467,165,3,'2011-10-24 10:29:21',0,''),(468,167,1,'2011-11-20 16:16:24',1,''),(469,167,2,'2011-11-21 13:05:00',0,''),(470,168,1,'2011-11-22 11:06:27',1,''),(471,167,3,'2011-11-22 12:35:13',0,''),(472,168,2,'2011-11-23 09:15:09',0,''),(473,169,1,'2011-11-23 21:24:47',1,''),(474,168,3,'2011-11-24 19:02:36',0,''),(475,169,2,'2011-11-25 11:53:01',0,''),(476,170,1,'2011-11-27 18:01:58',1,''),(477,170,2,'2011-11-28 09:46:01',0,''),(478,169,3,'2011-11-28 10:02:48',0,''),(479,170,3,'2011-11-30 08:03:26',0,''),(480,171,1,'2011-12-01 17:56:44',1,''),(481,171,2,'2011-12-02 18:10:36',1,''),(482,171,3,'2011-12-06 13:31:07',0,''),(483,172,1,'2011-12-07 12:21:26',1,''),(484,172,2,'2011-12-07 14:52:09',0,''),(485,173,1,'2011-12-08 07:01:37',1,''),(486,173,2,'2011-12-08 18:09:30',0,''),(487,174,1,'2011-12-09 09:51:57',1,'Prosim za original račun.\r\nMoja davčna številka je SI36772097.'),(488,175,1,'2011-12-09 11:32:45',1,''),(489,172,3,'2011-12-09 13:13:12',0,''),(490,174,2,'2011-12-09 15:06:42',0,''),(491,175,2,'2011-12-09 15:06:58',0,''),(492,174,3,'2011-12-10 16:18:08',0,''),(493,176,1,'2011-12-11 12:11:18',1,''),(494,176,2,'2011-12-12 12:14:54',0,''),(495,173,3,'2011-12-12 12:15:12',0,''),(496,176,3,'2011-12-14 13:05:38',0,''),(497,175,3,'2011-12-14 13:05:59',0,''),(498,177,1,'2011-12-15 22:52:01',1,''),(499,177,2,'2011-12-16 10:11:19',0,''),(500,178,1,'2011-12-17 09:43:08',1,'Prosim za dostavo do četrtka, 22.12.. Hvala.'),(501,179,1,'2011-12-19 09:45:00',1,''),(502,179,2,'2011-12-19 12:58:47',0,''),(503,180,1,'2011-12-19 22:58:31',1,'Prosili bi, če se lahko dostava zgodi do četrtka ali petka dopoldan. Sicer lahko prevzamemo tudi v trgovini. \r\nHvala in lep dan'),(504,177,3,'2011-12-20 09:29:16',0,''),(505,178,2,'2011-12-20 13:27:56',0,''),(506,181,1,'2011-12-20 19:47:12',1,''),(507,179,3,'2011-12-21 13:31:16',0,''),(508,181,2,'2011-12-21 15:15:58',0,''),(509,180,3,'2011-12-22 12:10:59',0,''),(510,178,3,'2011-12-22 13:33:46',0,''),(511,181,3,'2011-12-27 08:12:08',0,''),(512,182,1,'2012-01-07 15:22:03',1,''),(513,182,2,'2012-01-09 10:00:49',0,''),(514,182,3,'2012-01-11 08:11:16',0,''),(515,183,1,'2012-01-16 18:49:07',1,''),(516,183,2,'2012-01-17 14:38:51',0,''),(517,184,1,'2012-01-27 11:24:37',1,''),(518,184,2,'2012-01-27 17:49:48',0,''),(519,184,3,'2012-01-30 10:33:28',0,''),(520,185,1,'2012-02-01 21:52:47',1,''),(521,185,2,'2012-02-02 09:44:46',0,''),(522,186,1,'2012-02-06 22:53:38',1,''),(523,183,3,'2012-02-07 15:14:25',0,''),(524,186,2,'2012-02-09 10:10:46',0,''),(525,186,3,'2012-02-11 09:58:22',0,''),(526,187,1,'2012-02-12 18:37:25',1,''),(527,187,2,'2012-02-13 10:22:38',0,''),(528,185,3,'2012-02-13 10:39:08',0,''),(529,187,3,'2012-02-17 10:50:08',0,''),(530,188,1,'2012-02-18 10:15:00',1,''),(531,188,2,'2012-02-20 10:05:43',0,''),(532,188,3,'2012-02-22 13:10:11',0,''),(533,189,1,'2012-03-01 12:20:37',1,''),(534,189,2,'2012-03-01 14:38:35',0,''),(535,189,3,'2012-03-05 10:34:53',0,''),(536,190,1,'2012-03-17 14:26:34',1,''),(537,190,2,'2012-03-19 11:09:59',0,''),(538,190,3,'2012-03-21 12:40:14',0,''),(539,191,1,'2012-04-15 14:43:41',1,''),(540,191,2,'2012-04-16 10:01:09',0,''),(541,192,1,'2012-04-16 11:18:11',1,''),(542,192,2,'2012-04-16 12:12:01',0,''),(543,191,3,'2012-04-18 06:25:57',0,''),(544,192,3,'2012-04-18 06:26:22',0,''),(545,193,1,'2012-04-23 14:41:06',1,''),(546,193,2,'2012-04-23 18:45:06',0,''),(547,193,3,'2012-05-03 10:51:35',0,''),(548,194,1,'2012-05-04 20:29:34',1,''),(549,194,2,'2012-05-05 10:40:58',0,''),(550,195,1,'2012-05-07 10:39:05',1,''),(551,195,2,'2012-05-07 14:25:29',0,''),(552,194,3,'2012-05-08 12:12:34',0,''),(553,195,3,'2012-05-09 13:31:55',0,''),(554,196,1,'2012-05-13 19:29:45',1,''),(555,196,2,'2012-05-14 10:11:36',0,''),(556,196,3,'2012-05-17 11:55:21',0,''),(557,197,1,'2012-05-28 10:20:44',1,''),(558,197,2,'2012-05-28 12:07:04',0,''),(559,198,1,'2012-05-30 06:31:33',1,''),(560,198,2,'2012-05-30 10:36:55',0,''),(561,197,3,'2012-05-30 11:36:46',0,''),(562,198,3,'2012-06-01 13:25:03',0,''),(563,199,1,'2012-06-03 11:12:26',1,''),(564,199,2,'2012-06-04 10:08:38',0,''),(570,203,1,'2012-06-22 09:17:56',1,'prosim za dostavo v sluzbo(podjeteje TrgoABC d.o.o.) v torek,26/06/12 med 8:00 in 15:30\r\nHvala!'),(569,199,3,'2012-06-07 17:02:27',0,''),(571,203,2,'2012-06-22 14:51:07',0,''),(572,203,3,'2012-06-27 13:04:54',0,''),(573,204,1,'2012-07-10 13:02:34',1,''),(574,204,2,'2012-07-12 06:13:04',0,''),(575,205,1,'2012-07-14 17:01:21',1,''),(576,205,2,'2012-07-16 09:36:03',0,''),(577,204,3,'2012-07-16 12:05:40',0,''),(578,205,3,'2012-07-18 11:47:27',0,''),(579,206,1,'2012-07-22 14:21:29',1,''),(580,207,1,'2012-07-22 14:48:44',1,''),(581,208,1,'2012-07-22 17:38:51',1,''),(582,208,2,'2012-07-23 10:55:29',0,''),(583,207,2,'2012-07-23 10:55:48',0,''),(584,206,2,'2012-07-23 10:56:05',0,''),(585,206,3,'2012-07-25 09:12:32',0,''),(586,208,3,'2012-07-25 11:34:58',0,''),(587,207,3,'2012-07-27 06:19:18',0,''),(588,209,1,'2012-08-20 13:47:19',1,'MARMELADA NAJ BO ISKLJUČNO BOROVNIČEVA ALI RIBEZOVA'),(589,209,3,'2012-08-20 15:51:12',0,''),(590,210,1,'2012-08-21 21:18:26',1,''),(591,211,1,'2012-08-21 22:14:18',1,''),(592,210,2,'2012-08-22 08:56:18',0,''),(593,211,2,'2012-08-22 08:56:35',0,''),(594,212,1,'2012-08-23 18:41:19',1,''),(595,211,3,'2012-08-24 08:29:23',0,''),(596,213,1,'2012-08-26 09:43:58',1,''),(597,213,2,'2012-08-27 09:37:50',0,''),(598,212,2,'2012-08-27 09:38:41',0,''),(599,210,3,'2012-08-27 10:25:51',0,''),(600,212,3,'2012-08-28 17:39:25',0,''),(601,213,3,'2012-08-28 17:39:38',0,''),(602,214,1,'2012-09-02 12:42:47',1,''),(603,214,2,'2012-09-04 15:16:45',0,''),(604,214,3,'2012-09-07 13:32:28',0,''),(605,215,1,'2012-09-13 12:36:41',1,''),(606,215,2,'2012-09-17 14:13:26',0,''),(607,216,1,'2012-09-19 19:46:04',1,''),(608,215,3,'2012-09-20 06:14:46',0,''),(609,216,2,'2012-09-20 15:35:47',0,''),(610,216,3,'2012-09-24 13:39:55',0,''),(611,217,1,'2012-09-24 21:46:04',1,''),(612,217,2,'2012-09-25 16:00:48',0,''),(613,217,3,'2012-09-27 09:46:39',0,''),(614,218,1,'2012-09-28 20:02:18',1,''),(615,218,2,'2012-10-01 10:51:27',0,''),(616,218,3,'2012-10-03 13:33:02',0,''),(617,219,1,'2012-10-03 22:06:01',1,''),(618,219,2,'2012-10-05 09:48:28',0,''),(619,219,3,'2012-10-09 09:57:17',0,''),(620,220,1,'2012-10-19 08:15:16',1,''),(621,220,2,'2012-10-22 11:11:33',0,''),(622,221,1,'2012-10-23 09:37:45',1,''),(623,221,2,'2012-10-23 17:05:57',0,''),(624,220,3,'2012-10-25 09:11:02',0,''),(625,221,3,'2012-10-25 12:54:19',0,''),(626,222,1,'2012-10-31 16:48:00',1,''),(627,223,1,'2012-11-03 14:20:23',1,''),(628,222,3,'2012-11-04 07:30:52',0,''),(629,223,2,'2012-11-05 16:46:13',0,''),(630,223,3,'2012-11-07 10:06:21',0,''),(631,224,1,'2012-11-07 21:15:08',1,''),(632,224,2,'2012-11-08 14:32:10',0,''),(633,225,1,'2012-11-18 09:39:58',1,''),(634,225,2,'2012-11-20 12:43:07',0,''),(635,225,3,'2012-11-23 10:43:52',0,''),(636,226,1,'2012-12-02 11:33:16',1,''),(637,226,2,'2012-12-03 15:20:13',0,''),(638,226,3,'2012-12-06 15:28:16',0,''),(639,227,1,'2012-12-07 12:37:01',1,''),(640,227,2,'2012-12-07 17:15:11',0,''),(641,228,1,'2012-12-09 11:21:17',1,'Spoštovani!\r\n\r\nZa prihajajoče praznične dni bi rabila naštete vrste medu.\r\n\r\nRadi bi vedela če ih imate na raspolago, tudi način plačila in dostava.\r\n\r\nV nasprotnem bi se osebno oglasila v vaši prodajalni.\r\n\r\nPričekujem vaš odgovor in vam želim vesele prihajajoče praznike.\r\n\r\nL.P.\r\n\r\nJasna Šobar'),(642,228,2,'2012-12-10 12:46:44',0,''),(643,227,3,'2012-12-11 11:03:36',0,''),(644,228,3,'2012-12-13 11:43:56',0,''),(645,224,3,'2012-12-14 17:54:16',0,''),(646,229,1,'2012-12-17 16:40:36',1,'Bi prosil, če bi lahko račun na podjetje izstavili (ID za DDV: SI27901181). Upam, da lahko dostavo pričakujemo nekje v sredo ali četrtek.\r\nZa dodatne informacije sme na voljo, hvala... Primož'),(647,230,1,'2012-12-18 17:20:44',1,''),(648,230,2,'2012-12-18 18:00:58',0,''),(649,230,3,'2012-12-20 05:42:07',0,''),(650,229,3,'2012-12-20 05:42:51',0,''),(651,231,1,'2012-12-24 12:00:30',1,''),(652,231,2,'2012-12-27 10:39:57',0,''),(653,232,1,'2012-12-29 09:55:27',1,''),(654,232,2,'2012-12-29 11:28:35',0,''),(655,232,3,'2013-01-01 16:12:46',0,''),(656,233,1,'2013-01-02 20:16:08',1,''),(657,233,2,'2013-01-04 08:22:33',0,''),(658,231,3,'2013-01-08 13:51:41',0,''),(659,234,1,'2013-01-10 07:13:06',1,''),(660,234,2,'2013-01-10 09:56:09',0,''),(661,233,3,'2013-01-10 10:55:11',0,''),(662,235,1,'2013-01-12 13:28:24',1,''),(663,235,2,'2013-01-14 10:01:21',0,''),(664,234,3,'2013-01-15 10:56:29',0,''),(665,236,1,'2013-01-17 02:10:53',1,'Telephone: +420603179425'),(666,235,3,'2013-01-17 17:04:48',0,''),(667,237,1,'2013-01-18 11:44:08',1,''),(668,237,2,'2013-01-18 12:40:35',0,''),(669,238,1,'2013-01-19 17:54:05',1,''),(670,238,2,'2013-01-21 08:35:53',0,''),(671,237,3,'2013-01-22 06:52:50',0,''),(672,238,3,'2013-01-23 11:21:53',0,''),(673,236,3,'2013-02-01 10:28:11',0,''),(674,239,1,'2013-02-09 19:45:45',1,''),(675,239,2,'2013-02-11 10:28:24',0,''),(676,240,1,'2013-02-12 18:37:42',1,''),(677,239,3,'2013-02-13 09:53:35',0,''),(678,240,2,'2013-02-13 09:53:52',0,''),(679,241,1,'2013-02-14 22:20:27',1,''),(680,240,3,'2013-02-15 06:29:42',0,''),(681,241,2,'2013-02-15 09:47:02',0,''),(682,241,3,'2013-02-18 15:30:31',0,''),(683,242,1,'2013-02-19 23:24:53',1,''),(684,242,2,'2013-02-20 09:17:22',0,''),(685,243,1,'2013-03-01 20:57:48',1,''),(686,243,2,'2013-03-02 10:16:01',0,''),(687,244,1,'2013-03-03 22:55:02',1,''),(688,244,2,'2013-03-04 09:54:23',0,''),(689,244,3,'2013-03-07 10:00:50',0,''),(690,242,3,'2013-03-08 17:03:52',0,''),(691,245,1,'2013-03-11 13:48:01',1,''),(692,245,2,'2013-03-11 17:01:21',0,''),(693,245,3,'2013-03-13 11:24:15',0,''),(694,243,3,'2013-03-20 05:57:29',0,''),(695,246,1,'2013-04-02 11:17:16',1,''),(696,246,2,'2013-04-03 08:30:02',0,''),(697,246,3,'2013-04-05 07:03:50',0,''),(708,251,3,'2013-04-19 13:02:55',0,''),(709,252,1,'2013-04-20 14:34:02',1,''),(710,253,1,'2013-04-21 20:40:45',1,''),(711,252,2,'2013-04-22 14:02:56',0,''),(699,248,1,'2013-04-09 15:38:09',1,''),(700,248,2,'2013-04-10 08:59:05',0,''),(701,249,1,'2013-04-10 14:03:44',1,''),(702,249,2,'2013-04-11 09:45:22',0,''),(703,248,3,'2013-04-12 10:55:57',0,''),(704,249,3,'2013-04-15 12:11:05',0,''),(707,251,2,'2013-04-17 09:20:07',0,''),(706,251,1,'2013-04-16 09:28:52',1,''),(712,253,2,'2013-04-22 14:03:16',0,''),(713,252,3,'2013-04-24 12:17:53',0,''),(714,253,3,'2013-04-25 16:41:31',0,''),(715,254,1,'2013-04-28 17:11:57',1,''),(716,254,2,'2013-04-29 08:44:32',0,''),(717,255,1,'2013-04-29 12:27:40',1,''),(718,255,2,'2013-04-29 14:33:46',0,''),(719,255,3,'2013-05-03 12:24:54',0,''),(720,254,3,'2013-05-06 10:44:15',0,''),(721,256,1,'2013-05-06 14:57:51',1,''),(722,256,2,'2013-05-06 17:47:30',0,''),(723,256,3,'2013-05-08 16:34:05',0,''),(724,257,1,'2013-05-28 16:09:05',1,''),(725,257,2,'2013-05-29 12:50:43',0,''),(726,257,3,'2013-05-31 16:20:05',0,''),(727,258,1,'2013-06-06 19:09:49',1,''),(728,259,1,'2013-06-07 15:29:57',1,''),(729,259,2,'2013-06-07 17:15:22',0,''),(730,258,2,'2013-06-12 09:18:12',0,''),(731,258,3,'2013-06-13 11:18:02',0,''),(732,259,3,'2013-06-14 13:46:06',0,''),(733,260,1,'2013-06-17 08:26:31',1,''),(734,260,2,'2013-06-17 10:27:34',0,''),(735,260,3,'2013-06-19 05:42:22',0,''),(736,261,1,'2013-07-08 10:57:29',1,''),(737,261,2,'2013-07-08 11:44:41',0,''),(738,261,3,'2013-07-10 08:49:48',0,''),(739,262,1,'2013-07-22 15:30:01',1,''),(740,262,2,'2013-07-23 08:34:28',0,''),(741,262,3,'2013-07-25 07:19:01',0,''),(742,263,1,'2013-08-17 10:51:19',1,''),(743,263,2,'2013-08-19 11:10:09',0,''),(744,264,1,'2013-08-20 14:30:51',1,''),(745,264,2,'2013-08-21 08:36:18',0,''),(746,263,3,'2013-08-21 14:25:09',0,''),(747,264,3,'2013-08-24 05:50:10',0,''),(748,265,1,'2013-08-24 22:04:25',1,''),(749,265,2,'2013-08-26 12:47:06',0,''),(750,265,3,'2013-09-02 14:03:42',0,''),(751,266,1,'2013-09-05 14:41:42',1,''),(752,266,2,'2013-09-06 06:19:39',0,''),(753,266,3,'2013-09-10 11:34:29',0,''),(754,267,1,'2013-09-16 11:34:57',1,''),(755,267,2,'2013-09-16 12:14:42',0,''),(756,268,1,'2013-09-16 13:57:21',1,''),(757,268,2,'2013-09-16 14:58:57',0,''),(758,267,3,'2013-09-18 09:15:31',0,''),(759,268,3,'2013-09-18 11:38:19',0,''),(760,269,1,'2013-09-20 19:43:44',1,''),(761,269,2,'2013-09-23 09:59:53',0,''),(762,269,3,'2013-09-25 06:27:17',0,''),(763,270,1,'2013-09-28 19:24:33',1,''),(764,270,2,'2013-10-01 09:24:00',0,''),(765,271,1,'2013-10-02 16:58:43',1,''),(766,270,3,'2013-10-03 09:48:01',0,''),(767,271,2,'2013-10-03 10:30:32',0,''),(768,272,1,'2013-10-06 13:12:36',1,''),(769,272,2,'2013-10-07 10:44:17',0,''),(770,271,3,'2013-10-07 12:19:09',0,''),(771,272,3,'2013-10-09 05:42:04',0,''),(772,273,1,'2013-10-23 06:58:26',1,''),(773,273,2,'2013-10-24 10:49:20',0,''),(774,273,3,'2013-10-28 12:16:51',0,''),(775,274,1,'2013-11-07 08:52:53',1,''),(776,274,2,'2013-11-07 12:10:17',0,''),(777,275,1,'2013-11-07 12:47:08',1,''),(778,275,2,'2013-11-07 14:02:59',0,''),(779,276,1,'2013-11-08 09:43:40',1,''),(780,277,1,'2013-11-09 13:00:50',1,''),(781,276,2,'2013-11-11 10:38:35',0,''),(782,277,2,'2013-11-11 10:39:00',0,''),(783,275,3,'2013-11-11 10:55:41',0,''),(784,274,3,'2013-11-11 10:55:59',0,''),(785,277,3,'2013-11-13 11:55:23',0,''),(786,276,3,'2013-11-13 11:55:58',0,''),(787,278,1,'2013-11-13 15:31:25',1,''),(788,278,2,'2013-11-14 11:29:58',0,''),(789,278,3,'2013-11-15 18:20:10',0,''),(790,279,1,'2013-11-16 16:07:31',1,''),(791,279,2,'2013-11-18 10:30:55',0,''),(792,279,3,'2013-11-20 09:03:08',0,''),(793,280,1,'2013-11-26 12:56:54',1,''),(794,280,2,'2013-11-28 11:33:23',0,''),(795,281,1,'2013-12-01 12:17:29',1,''),(796,282,1,'2013-12-01 18:21:50',1,'PayPal'),(797,283,1,'2013-12-01 21:46:31',1,'SI 12390968\r\nZanima me ali je možno po pošti dobiti sire.\r\n\r\nLp\r\nMiha'),(798,283,2,'2013-12-02 11:39:08',0,''),(799,281,2,'2013-12-02 11:39:31',0,''),(800,280,3,'2013-12-02 14:28:05',0,''),(801,283,3,'2013-12-03 16:09:43',0,''),(802,281,3,'2013-12-04 13:15:21',0,''),(803,284,1,'2013-12-05 23:32:47',1,''),(804,284,2,'2013-12-06 10:48:10',0,''),(805,285,1,'2013-12-08 21:12:01',1,''),(806,286,1,'2013-12-09 11:16:08',1,''),(807,285,2,'2013-12-09 13:12:28',0,''),(808,286,2,'2013-12-09 13:12:49',0,''),(809,287,1,'2013-12-10 10:10:40',1,''),(810,284,3,'2013-12-11 08:09:54',0,''),(811,285,3,'2013-12-11 15:37:38',0,''),(812,286,3,'2013-12-11 15:38:09',0,''),(813,288,1,'2013-12-11 21:00:37',1,''),(814,288,2,'2013-12-12 14:15:29',0,''),(815,287,3,'2013-12-13 07:16:17',0,''),(816,289,1,'2013-12-13 13:11:56',1,'plačilo- pošljite predračun'),(817,290,1,'2013-12-14 23:28:52',1,''),(818,291,1,'2013-12-15 11:46:05',1,''),(819,292,1,'2013-12-15 11:49:38',1,''),(820,292,2,'2013-12-16 11:52:05',0,''),(821,291,2,'2013-12-16 11:52:20',0,''),(822,290,2,'2013-12-16 11:52:42',0,''),(823,289,2,'2013-12-16 12:52:32',0,''),(824,289,3,'2013-12-17 10:19:29',0,''),(825,290,3,'2013-12-18 06:05:59',0,''),(826,292,3,'2013-12-18 10:31:32',0,''),(827,288,3,'2013-12-18 10:31:59',0,''),(828,291,3,'2013-12-18 11:20:39',0,''),(829,293,1,'2013-12-18 18:06:33',1,''),(830,293,2,'2013-12-19 10:29:52',0,''),(831,293,3,'2013-12-23 18:35:33',0,''),(832,294,1,'2013-12-30 15:55:06',1,''),(833,294,2,'2013-12-30 16:23:57',0,''),(834,294,3,'2014-01-01 07:26:31',0,''),(835,295,1,'2014-01-08 13:02:44',1,''),(836,295,2,'2014-01-09 14:59:50',0,''),(837,296,1,'2014-01-13 12:50:11',1,''),(838,296,2,'2014-01-13 14:14:38',0,''),(839,295,3,'2014-01-14 06:24:23',0,''),(840,297,1,'2014-01-14 12:46:58',1,''),(841,297,2,'2014-01-15 09:01:50',0,''),(842,296,3,'2014-01-16 06:35:10',0,''),(843,298,1,'2014-01-17 09:30:42',1,''),(844,297,3,'2014-01-17 12:58:43',0,''),(845,298,2,'2014-01-18 08:26:38',0,''),(846,299,1,'2014-01-18 23:03:23',1,''),(847,299,2,'2014-01-20 10:31:54',0,''),(848,298,3,'2014-01-21 11:03:01',0,''),(849,299,3,'2014-01-23 16:34:25',0,''),(850,300,1,'2014-01-31 21:17:23',1,''),(851,300,2,'2014-02-03 10:19:12',0,''),(852,300,3,'2014-02-05 13:11:38',0,''),(853,301,1,'2014-02-05 15:18:14',1,''),(854,302,1,'2014-02-10 11:37:59',1,''),(855,303,1,'2014-02-10 13:23:09',1,''),(856,303,2,'2014-02-11 08:27:45',0,''),(857,302,2,'2014-02-11 08:27:56',0,''),(858,304,1,'2014-02-11 21:17:01',1,''),(859,304,2,'2014-02-12 15:29:26',0,''),(860,302,3,'2014-02-13 13:40:08',0,''),(861,303,3,'2014-02-13 13:40:26',0,''),(862,304,3,'2014-02-17 10:32:51',0,''),(863,305,1,'2014-03-17 19:09:57',1,''),(864,305,2,'2014-03-19 12:14:22',0,''),(865,306,1,'2014-03-20 11:15:29',1,'Prosim za predračun na navedeno podjetje'),(866,306,2,'2014-03-20 15:02:58',1,''),(867,305,3,'2014-04-01 17:54:46',0,''),(868,307,1,'2014-04-04 20:34:33',1,''),(869,307,2,'2014-04-07 09:45:17',0,''),(870,307,3,'2014-04-08 18:44:48',0,''),(871,306,3,'2014-04-17 18:30:43',1,''),(872,308,1,'2014-04-21 12:43:39',1,''),(873,308,2,'2014-04-22 12:24:06',0,''),(874,308,3,'2014-04-25 06:29:32',0,''),(875,309,1,'2014-04-27 13:33:28',1,''),(876,309,2,'2014-04-28 10:23:06',0,''),(877,309,3,'2014-05-01 08:07:18',0,''),(879,311,1,'2014-06-17 12:21:35',1,''),(880,311,2,'2014-06-19 11:46:43',0,''),(881,311,3,'2014-06-24 06:47:28',0,''),(882,312,1,'2014-07-03 08:42:30',1,''),(883,312,2,'2014-07-03 10:46:04',0,''),(884,312,3,'2014-07-07 10:26:12',0,''),(885,313,1,'2014-07-14 10:50:26',1,''),(886,313,2,'2014-07-14 12:51:32',0,''),(887,313,3,'2014-07-16 16:18:04',0,''),(888,314,1,'2014-07-18 17:13:29',1,''),(889,315,1,'2014-07-20 18:22:51',1,''),(890,314,2,'2014-07-21 10:19:09',0,''),(891,315,2,'2014-07-21 10:19:25',0,''),(892,314,3,'2014-07-23 07:14:54',0,''),(893,315,3,'2014-07-24 07:32:43',0,''),(894,316,1,'2014-07-28 10:44:25',1,''),(895,316,2,'2014-07-28 11:43:16',0,''),(896,316,3,'2014-07-30 17:49:22',0,''),(897,317,1,'2014-08-08 09:42:49',1,''),(898,317,2,'2014-08-08 11:36:36',0,''),(899,318,1,'2014-08-10 21:57:31',1,''),(900,318,2,'2014-08-11 09:47:55',0,''),(901,318,3,'2014-08-13 11:31:48',0,''),(902,317,3,'2014-08-13 11:32:06',0,''),(903,319,1,'2014-08-15 19:08:52',1,''),(904,320,1,'2014-08-17 16:56:48',1,''),(905,319,2,'2014-08-18 11:49:21',0,''),(906,320,2,'2014-08-18 12:11:43',0,''),(907,320,3,'2014-08-20 10:21:25',0,''),(908,319,3,'2014-08-23 11:16:29',0,''),(909,321,1,'2014-08-24 23:59:40',1,''),(910,321,2,'2014-08-25 12:31:33',0,''),(911,321,3,'2014-08-27 10:22:51',0,''),(912,322,1,'2014-09-02 21:48:05',1,''),(913,322,2,'2014-09-03 10:11:38',0,''),(914,322,3,'2014-09-05 13:36:33',0,''),(915,323,1,'2014-09-05 21:57:31',1,''),(916,323,2,'2014-09-06 10:22:57',0,''),(917,324,1,'2014-09-07 12:39:11',1,''),(918,325,1,'2014-09-07 17:42:55',1,''),(919,324,2,'2014-09-08 11:44:39',0,''),(920,325,2,'2014-09-08 11:44:57',0,''),(921,325,3,'2014-09-10 06:14:43',0,''),(922,324,3,'2014-09-10 06:15:04',0,''),(923,323,3,'2014-09-12 10:57:48',0,''),(926,327,1,'2014-09-29 19:00:54',1,''),(927,327,2,'2014-09-30 12:57:02',0,''),(928,328,1,'2014-09-30 20:47:23',1,''),(929,327,3,'2014-10-02 06:13:29',0,''),(930,328,2,'2014-10-02 09:39:05',0,''),(931,329,1,'2014-10-08 18:47:30',1,''),(932,329,2,'2014-10-09 10:10:57',0,''),(933,329,3,'2014-10-11 08:14:32',0,''),(934,328,3,'2014-10-13 12:12:21',0,''),(935,330,1,'2014-10-13 12:29:14',1,''),(936,331,1,'2014-10-13 21:27:51',1,''),(937,330,3,'2014-10-14 10:57:14',0,''),(938,331,2,'2014-10-14 13:55:06',0,''),(939,332,1,'2014-10-14 15:14:29',1,''),(940,333,1,'2014-10-15 18:52:46',1,''),(941,332,3,'2014-10-16 11:35:24',0,''),(942,333,2,'2014-10-16 12:05:04',0,''),(943,334,1,'2014-10-16 12:47:13',1,''),(944,334,2,'2014-10-16 14:23:12',0,''),(945,333,3,'2014-10-18 11:47:01',0,''),(946,335,1,'2014-10-18 17:51:16',1,''),(947,334,3,'2014-10-20 12:28:38',0,''),(948,335,2,'2014-10-20 13:58:20',0,''),(949,331,3,'2014-10-23 06:11:51',0,''),(950,336,1,'2014-10-26 18:59:01',1,''),(951,336,2,'2014-10-27 10:28:05',0,''),(952,335,3,'2014-10-27 10:46:01',0,''),(953,336,3,'2014-10-30 06:28:50',0,''),(955,338,1,'2014-11-05 15:55:12',1,'Pozdravljeni,\r\nIMAM VELIKO ZELJO,DA MI POSLJITE ARTIKLE,PO POSTI SLOVENIJA\r\nLep pozdrav,'),(956,338,3,'2014-11-08 05:51:28',0,''),(957,339,1,'2014-11-12 23:57:57',1,''),(958,339,2,'2014-11-13 10:46:59',0,''),(959,340,1,'2014-11-13 11:34:34',1,'Rada bi daljši rok uporabe tako olja kot tudi marmelade.'),(960,341,1,'2014-11-17 18:10:12',1,''),(961,339,3,'2014-11-18 08:19:00',0,''),(962,341,2,'2014-11-18 17:21:05',0,''),(963,340,2,'2014-11-18 17:21:19',0,''),(964,342,1,'2014-11-19 19:25:53',1,''),(965,342,2,'2014-11-20 10:24:05',0,''),(966,341,3,'2014-11-20 12:43:54',0,''),(967,340,3,'2014-11-21 07:23:47',0,''),(968,343,1,'2014-11-23 09:51:02',1,''),(969,343,2,'2014-11-24 12:33:24',0,''),(970,344,1,'2014-11-24 13:13:44',1,''),(971,342,3,'2014-11-24 16:01:26',0,''),(972,344,2,'2014-11-25 12:40:08',0,''),(973,343,3,'2014-11-27 15:15:23',0,''),(974,344,3,'2014-11-27 15:16:03',0,''),(975,345,1,'2014-12-05 23:51:41',1,''),(976,345,3,'2014-12-06 11:02:08',0,''),(977,346,1,'2014-12-07 21:23:19',1,''),(978,346,2,'2014-12-08 13:17:15',0,''),(979,347,1,'2014-12-10 16:01:02',1,''),(980,347,2,'2014-12-11 17:23:45',0,''),(1028,365,3,'2014-12-30 17:02:36',0,''),(982,349,1,'2014-12-12 04:45:00',1,''),(1027,364,3,'2014-12-30 10:46:52',0,''),(984,349,2,'2014-12-12 14:26:16',0,''),(990,351,2,'2014-12-15 16:18:42',0,''),(986,351,1,'2014-12-14 20:10:51',1,''),(987,352,1,'2014-12-15 09:03:39',1,''),(988,347,3,'2014-12-15 11:30:48',0,''),(989,349,3,'2014-12-15 11:58:34',0,''),(991,353,1,'2014-12-15 16:39:59',1,''),(994,356,1,'2014-12-16 19:06:43',1,''),(993,355,1,'2014-12-16 17:04:54',1,''),(995,351,3,'2014-12-17 06:29:17',0,''),(996,346,3,'2014-12-17 12:26:10',0,''),(997,357,1,'2014-12-17 23:17:42',1,''),(998,357,2,'2014-12-18 13:58:38',0,''),(999,356,2,'2014-12-18 14:00:42',0,''),(1000,355,2,'2014-12-18 14:01:19',0,''),(1001,353,2,'2014-12-18 14:01:34',0,''),(1002,352,2,'2014-12-18 14:02:17',0,''),(1003,355,3,'2014-12-20 09:46:05',0,''),(1004,357,3,'2014-12-20 09:46:36',0,''),(1005,358,1,'2014-12-21 13:10:29',1,''),(1006,359,1,'2014-12-21 14:49:41',1,'Prosil bi, če lahko, združite mi oba današnja nakupa (Številka naročila: 358) in pošljite v enem paketu.\r\n\r\nhvala!'),(1007,352,3,'2014-12-22 11:19:31',0,''),(1008,359,2,'2014-12-22 11:39:46',0,''),(1009,358,2,'2014-12-22 11:40:05',0,''),(1010,356,3,'2014-12-22 11:41:53',0,''),(1011,360,1,'2014-12-22 14:48:49',1,'Plačilo po predračunu vključno s poštnimi stroški za podjetje:\r\nIntermatic d.o.o.\r\nGlonarjeva 1\r\n1000 Ljubljana\r\nID DDV: 75089076'),(1012,353,3,'2014-12-22 15:17:46',0,''),(1013,360,2,'2014-12-23 06:06:56',0,''),(1014,361,1,'2014-12-23 13:03:39',1,'Pozdravljeni \r\nprosim če izdelke daste v darilno ročko in jo pošljete na naslov za dostavo kot darilo z dopisom: SREČNO 2015! Družina Vovk - Mavrič\r\n\r\nPošljite mi PROSIM PREDRAČUN ki ga bom poravnala do tretje ure. \r\n\r\nHvala, \r\n\r\nMateja\r\n041563322'),(1015,361,2,'2014-12-23 15:31:40',0,''),(1016,361,3,'2014-12-24 10:54:18',0,''),(1017,358,3,'2014-12-24 10:54:43',0,''),(1018,359,3,'2014-12-24 10:55:02',0,''),(1019,360,3,'2014-12-24 11:15:15',0,''),(1029,367,1,'2015-01-07 13:44:28',1,''),(1021,363,1,'2014-12-24 13:44:28',1,''),(1022,363,3,'2014-12-24 15:04:07',0,''),(1023,364,1,'2014-12-26 15:18:03',1,''),(1024,364,2,'2014-12-27 11:23:05',0,''),(1025,365,1,'2014-12-28 18:43:52',1,''),(1030,367,2,'2015-01-07 17:26:56',0,''),(1031,367,3,'2015-01-09 11:01:30',0,''),(1032,368,1,'2015-01-13 10:15:18',1,''),(1033,368,3,'2015-01-13 11:22:39',0,''),(1034,369,1,'2015-01-14 16:41:41',1,'prosim, da mi pošljete zraven še datum izdelave marmelade, v primeru da je letnik 2013 ali starejše, mi izdelka ne pošiljajte'),(1035,370,1,'2015-01-15 18:26:22',1,''),(1036,369,2,'2015-01-19 10:12:03',0,''),(1037,370,2,'2015-01-19 10:12:18',0,''),(1038,369,3,'2015-01-22 06:38:32',0,''),(1039,370,3,'2015-01-22 06:38:50',0,''),(1040,371,1,'2015-01-25 20:37:22',1,''),(1041,371,2,'2015-01-26 11:05:55',0,''),(1042,372,1,'2015-01-26 11:09:33',1,'Pozdravljeni!\r\nZanima me rok trajanja naročenih izdelkov.\r\nLp,\r\nVanja Nunar'),(1043,372,2,'2015-01-26 12:11:27',0,''),(1044,373,1,'2015-01-27 11:43:27',1,''),(1045,373,2,'2015-01-28 15:57:44',0,''),(1046,372,3,'2015-01-30 07:39:35',0,''),(1047,371,3,'2015-01-30 11:20:03',0,''),(1048,373,3,'2015-02-02 08:55:16',0,''),(1049,374,1,'2015-02-03 12:06:07',1,''),(1050,374,2,'2015-02-04 14:24:28',0,''),(1051,375,1,'2015-02-05 18:13:47',1,''),(1052,374,3,'2015-02-06 10:14:31',0,''),(1053,375,2,'2015-02-06 15:46:51',0,''),(1054,375,3,'2015-02-11 06:29:04',0,''),(1055,376,1,'2015-02-28 16:08:50',1,''),(1056,376,2,'2015-03-02 13:42:21',0,''),(1057,376,3,'2015-03-04 09:10:01',0,''),(1058,377,1,'2015-03-09 11:36:57',1,''),(1059,377,2,'2015-03-09 16:10:08',0,''),(1060,377,3,'2015-03-11 08:59:04',0,''),(1061,378,1,'2015-03-13 18:42:02',1,''),(1062,378,2,'2015-03-16 13:27:18',0,''),(1063,378,3,'2015-03-19 14:03:38',0,''),(1064,379,1,'2015-03-19 18:15:18',1,''),(1065,379,2,'2015-03-20 10:03:55',0,''),(1066,380,1,'2015-03-23 10:39:54',1,''),(1067,380,2,'2015-03-23 15:36:57',0,''),(1068,379,3,'2015-03-23 16:10:19',0,''),(1069,380,3,'2015-03-26 05:00:46',0,''),(1070,381,1,'2015-03-30 17:32:53',1,''),(1071,381,2,'2015-03-31 19:33:35',0,''),(1072,381,3,'2015-04-03 06:42:20',0,''),(1073,382,1,'2015-04-13 10:24:26',1,''),(1074,382,2,'2015-04-13 11:38:01',0,''),(1075,382,3,'2015-04-14 19:19:37',0,''),(1076,383,1,'2015-04-20 09:20:35',1,''),(1077,383,2,'2015-04-20 10:37:07',0,''),(1078,383,3,'2015-04-22 16:58:54',0,''),(1079,384,1,'2015-04-23 11:15:21',1,''),(1080,384,2,'2015-04-23 12:53:59',0,''),(1081,384,3,'2015-04-25 09:54:16',0,''),(1082,385,1,'2015-04-28 20:19:06',1,'Prosim za dostavo do 1.5.2015, ker je čokolada strast namenjena za darilo.\r\nHvala.\r\n\r\nBarbara Jerman'),(1083,385,2,'2015-04-29 09:54:29',0,''),(1084,385,3,'2015-05-04 09:49:27',0,''),(1085,386,1,'2015-05-21 10:24:18',1,''),(1086,386,2,'2015-05-21 13:53:55',0,''),(1087,386,3,'2015-05-28 17:17:27',0,''),(1088,387,1,'2015-05-28 22:33:01',1,''),(1089,387,2,'2015-05-30 09:54:00',0,''),(1090,387,3,'2015-06-01 13:44:28',0,''),(1091,388,1,'2015-06-07 21:24:13',1,''),(1092,388,2,'2015-06-08 13:43:35',0,''),(1093,388,3,'2015-06-10 06:14:26',0,''),(1094,389,1,'2015-06-18 22:14:43',1,''),(1095,389,2,'2015-06-19 10:51:35',0,''),(1096,389,3,'2015-06-23 06:31:09',0,''),(1097,390,1,'2015-07-14 17:51:00',1,''),(1098,390,2,'2015-07-16 17:13:54',0,''),(1099,391,1,'2015-07-21 15:06:33',1,''),(1100,390,3,'2015-07-23 09:51:29',0,''),(1101,391,2,'2015-07-23 12:17:04',0,''),(1102,391,3,'2015-07-25 07:53:55',0,''),(1103,392,1,'2015-08-28 14:07:34',1,''),(1104,392,2,'2015-08-28 18:51:53',0,''),(1105,393,1,'2015-08-30 14:30:04',1,''),(1106,393,2,'2015-08-31 10:49:30',0,''),(1107,393,3,'2015-09-02 05:58:11',0,''),(1108,392,3,'2015-09-02 05:58:32',0,''),(1109,394,1,'2015-09-10 09:18:02',1,''),(1110,395,1,'2015-09-14 15:17:20',1,''),(1111,395,2,'2015-09-15 09:44:30',0,''),(1112,396,1,'2015-09-15 14:01:41',1,'dostava ni možna ob ponedeljkih! Hvala.Lp, Sara'),(1113,397,1,'2015-09-15 17:12:25',1,''),(1114,397,2,'2015-09-17 10:51:21',0,''),(1115,396,2,'2015-09-17 10:52:06',0,''),(1116,395,3,'2015-09-19 06:30:19',0,''),(1117,396,3,'2015-09-21 10:28:37',0,''),(1118,397,3,'2015-09-21 10:28:51',0,''),(1119,394,3,'2015-09-22 12:07:58',0,''),(1120,398,1,'2015-09-29 18:19:40',1,'PROSIM ČE JE LAHKO DOSTAVA NAJKASNEJE DO PETKA, KER POTREBUJEM ZA DARILO V SOBOTO. HVALA IN LP. LIDIJA'),(1121,398,2,'2015-09-30 15:43:38',0,''),(1122,398,3,'2015-10-02 09:23:10',0,''),(1123,399,1,'2015-10-24 23:45:40',1,''),(1124,399,2,'2015-10-26 13:27:22',0,''),(1125,399,3,'2015-10-28 10:32:29',0,''),(1126,400,1,'2015-11-20 14:10:52',1,''),(1127,400,2,'2015-11-23 10:12:52',0,''),(1128,400,3,'2015-11-24 17:17:51',0,''),(1129,401,1,'2015-11-25 17:11:48',1,''),(1130,402,1,'2015-11-26 05:40:47',1,''),(1131,401,2,'2015-11-26 12:08:30',0,''),(1132,402,2,'2015-11-26 12:08:47',0,''),(1133,403,1,'2015-11-28 17:39:47',1,''),(1134,401,3,'2015-11-30 09:58:56',0,''),(1135,403,2,'2015-11-30 15:29:47',0,''),(1136,403,3,'2015-12-02 13:01:16',0,''),(1137,404,1,'2015-12-03 01:31:30',1,''),(1138,402,3,'2015-12-03 06:13:57',0,''),(1139,404,2,'2015-12-03 12:35:48',0,''),(1140,405,1,'2015-12-04 14:06:03',1,''),(1141,405,2,'2015-12-04 16:36:13',0,''),(1142,404,3,'2015-12-07 14:01:21',0,''),(1143,405,3,'2015-12-07 14:01:37',0,''),(1144,406,1,'2015-12-08 10:45:10',1,'Prosim za čimprejšnjo dostavo.Hvala'),(1145,407,1,'2015-12-08 10:49:11',1,''),(1146,408,1,'2015-12-08 19:16:55',1,'Stroški dostave so neverjetno visoki'),(1147,406,2,'2015-12-09 12:20:38',0,''),(1148,408,2,'2015-12-09 12:20:55',0,''),(1149,407,2,'2015-12-09 12:21:18',0,''),(1150,406,3,'2015-12-10 13:33:41',0,''),(1151,408,3,'2015-12-11 18:18:41',0,''),(1152,409,1,'2015-12-17 18:00:04',1,'Sporočite na mail če je vse dobavljivo.LP.'),(1153,410,1,'2015-12-18 12:04:01',1,'prosim za original račun naslovljen na podjetje'),(1154,409,2,'2015-12-21 13:32:03',0,''),(1155,410,3,'2015-12-21 13:32:24',0,''),(1156,411,1,'2015-12-23 07:43:05',1,''),(1157,411,2,'2015-12-23 15:05:24',0,''),(1158,409,3,'2015-12-24 09:15:20',0,''),(1159,411,3,'2015-12-26 12:43:26',0,''),(1163,413,3,'2016-01-03 06:58:37',0,''),(1164,414,1,'2016-03-07 19:30:00',1,''),(1161,413,1,'2015-12-27 20:01:14',1,''),(1162,413,2,'2015-12-28 12:33:42',0,''),(1165,415,1,'2016-03-10 12:05:56',1,''),(1166,414,2,'2016-03-10 15:58:18',0,''),(1167,415,2,'2016-03-10 15:58:38',0,''),(1168,416,1,'2016-03-14 09:05:46',1,''),(1169,414,3,'2016-03-14 10:51:03',0,''),(1170,415,3,'2016-03-14 10:51:17',0,''),(1171,416,2,'2016-03-14 10:51:32',0,''),(1172,416,3,'2016-03-17 14:50:37',0,''),(1173,417,1,'2016-04-02 14:24:00',1,''),(1174,417,2,'2016-04-04 10:55:37',0,''),(1175,417,3,'2016-04-06 09:18:27',0,''),(1177,419,1,'2016-04-14 18:58:04',1,'Prosim za dostavo najkasneje v torek, 19.aprila ker je olje namenjeno v tujino.'),(1178,419,3,'2016-04-15 14:33:51',0,''),(1179,420,1,'2016-04-21 13:10:53',1,''),(1180,420,2,'2016-04-21 15:59:53',0,''),(1181,420,3,'2016-04-28 10:41:34',0,''),(1182,421,1,'2016-04-29 10:34:13',1,''),(1183,421,2,'2016-04-29 11:39:51',0,''),(1184,421,3,'2016-05-03 10:29:57',0,''),(1185,422,1,'2016-05-29 09:48:33',1,''),(1186,423,1,'2016-05-30 09:53:05',1,''),(1187,422,2,'2016-05-30 12:28:29',0,''),(1188,423,2,'2016-05-30 12:28:51',0,''),(1189,422,3,'2016-06-02 06:17:51',0,''),(1190,423,3,'2016-06-02 06:18:14',0,''),(1191,424,1,'2016-06-04 21:14:12',1,'nov naslov \r\nVRATJI VRH 2 9253 APAČE'),(1192,424,2,'2016-06-06 10:52:29',0,''),(1193,424,3,'2016-06-08 17:23:34',0,''),(1194,425,1,'2016-06-11 22:25:59',1,'Prosim za dostavo vsaj do četrtka 16.6. Hvala.'),(1195,425,3,'2016-06-14 11:38:59',0,''),(1196,426,1,'2016-06-15 22:48:51',1,''),(1197,426,2,'2016-06-16 10:27:08',0,''),(1198,426,3,'2016-06-20 10:08:58',0,''),(1199,427,1,'2016-06-25 18:02:44',1,''),(1200,428,1,'2016-06-25 18:28:54',1,''),(1201,427,2,'2016-06-27 18:13:26',0,''),(1202,428,2,'2016-06-27 18:14:47',0,''),(1203,427,3,'2016-07-01 11:27:18',0,''),(1204,428,3,'2016-07-01 11:27:45',0,''),(1205,429,1,'2016-07-16 08:54:26',1,''),(1206,429,2,'2016-07-16 10:01:22',0,''),(1207,429,3,'2016-07-20 08:06:26',0,''),(1208,430,1,'2016-07-26 21:45:57',1,''),(1209,430,2,'2016-07-27 09:05:45',0,''),(1210,430,3,'2016-07-29 06:34:28',0,''),(1211,431,1,'2016-08-01 23:19:22',1,''),(1212,431,2,'2016-08-02 12:07:00',0,''),(1213,431,3,'2016-08-04 06:00:28',0,''),(1214,432,1,'2016-08-07 22:05:43',1,''),(1215,432,2,'2016-08-08 10:51:25',0,''),(1216,432,3,'2016-08-11 06:07:17',0,''),(1217,433,1,'2016-08-13 11:09:30',1,''),(1218,433,2,'2016-08-16 11:28:43',0,''),(1219,433,3,'2016-08-19 08:50:28',0,''),(1220,434,1,'2016-09-22 15:18:33',1,'Rada bi plačala po predračunu.\r\nProsim, če mi predračun pošljete na mail katjababic82@gmail.com. Hvala in lp.'),(1221,434,3,'2016-09-23 10:46:23',1,''),(1225,438,1,'2016-10-16 22:14:51',1,''),(1226,438,2,'2016-10-17 13:19:55',0,''),(1227,438,3,'2016-10-19 12:12:19',0,''),(1228,439,1,'2016-10-20 14:12:39',1,'I would like to buy toasted pumpkin seeds as well\r\nIs it possible?\r\nTHANKS'),(1229,440,1,'2016-10-24 19:05:21',1,''),(1230,440,2,'2016-10-26 13:17:15',0,''),(1231,440,3,'2016-10-28 10:44:13',0,''),(1232,441,1,'2016-10-31 09:25:57',1,'žganje bi bilo za darilo (za 19.11), zato Vam prosim da ga pošljite čimpre.\r\nHvala ze un naprej. lepe pozdrave iz Münchna, Verena Sommerauer-Dani'),(1233,439,2,'2016-11-02 09:57:30',0,''),(1234,442,1,'2016-11-03 08:58:13',1,''),(1235,442,2,'2016-11-03 10:42:23',0,''),(1236,441,2,'2016-11-03 11:03:13',0,''),(1237,441,3,'2016-11-03 12:10:23',0,''),(1238,442,3,'2016-11-05 11:01:01',0,''),(1239,443,1,'2016-11-06 18:57:00',1,''),(1240,443,2,'2016-11-07 11:11:09',0,''),(1241,439,3,'2016-11-08 13:23:43',0,''),(1242,443,3,'2016-11-09 10:18:16',0,''),(1243,444,1,'2016-11-09 14:27:33',1,''),(1244,444,2,'2016-11-10 12:43:29',0,''),(1245,444,3,'2016-11-14 11:15:13',0,''),(1246,445,1,'2016-11-15 10:37:48',1,''),(1247,445,2,'2016-11-16 09:10:04',0,''),(1248,446,1,'2016-11-17 17:30:14',1,''),(1249,445,3,'2016-11-18 10:01:04',0,''),(1250,446,2,'2016-11-18 13:52:38',0,''),(1251,446,3,'2016-11-22 11:48:15',0,''),(1252,447,1,'2016-11-22 21:31:01',1,''),(1253,447,2,'2016-11-23 15:35:18',0,''),(1254,447,3,'2016-11-24 20:16:19',0,''),(1255,448,1,'2016-11-27 12:52:42',1,''),(1256,448,2,'2016-11-28 11:38:08',0,''),(1257,448,3,'2016-11-29 08:13:29',0,''),(1258,449,1,'2016-11-30 01:04:36',1,'Prosim posljite skupaj z prejsnim narocili.\r\n\r\nNajlepsa hvala.\r\nLp\r\nRok'),(1259,449,2,'2016-12-01 11:38:50',0,''),(1260,449,3,'2016-12-05 09:58:12',0,''),(1261,450,1,'2016-12-12 10:53:04',1,''),(1262,450,2,'2016-12-12 13:17:39',0,''),(1263,450,3,'2016-12-15 06:25:10',0,''),(1279,457,1,'2016-12-30 14:04:08',1,''),(1266,452,1,'2016-12-17 00:00:53',1,''),(1267,452,2,'2016-12-17 11:14:28',0,''),(1268,453,1,'2016-12-18 14:34:02',1,''),(1269,453,2,'2016-12-19 12:14:56',0,''),(1270,452,3,'2016-12-20 12:46:01',0,''),(1271,454,1,'2016-12-20 23:22:34',1,''),(1272,453,3,'2016-12-21 13:44:34',0,''),(1273,454,2,'2016-12-22 13:21:41',0,''),(1274,455,1,'2016-12-23 12:04:01',1,''),(1275,455,2,'2016-12-23 17:05:46',0,''),(1276,454,3,'2016-12-24 06:12:36',0,''),(1312,469,1,'2020-05-08 11:49:57',1,''),(1278,455,3,'2016-12-28 11:43:16',0,''),(1280,457,2,'2016-12-30 14:38:32',0,''),(1281,457,3,'2017-01-04 12:35:13',0,''),(1282,458,1,'2017-01-12 00:08:30',1,''),(1283,459,1,'2017-01-12 20:15:03',1,''),(1284,459,2,'2017-01-13 09:41:19',0,''),(1285,459,3,'2017-01-19 09:32:00',0,''),(1286,458,3,'2017-01-19 10:34:59',0,''),(1287,460,1,'2017-01-19 15:23:43',1,''),(1288,460,2,'2017-01-20 09:24:26',0,''),(1289,461,1,'2017-01-23 15:51:05',1,''),(1290,460,3,'2017-01-24 10:29:50',0,''),(1291,461,2,'2017-01-24 12:07:48',0,''),(1292,461,3,'2017-01-30 09:59:02',0,''),(1293,462,1,'2017-02-01 09:18:37',1,''),(1294,462,2,'2017-02-01 15:39:19',0,''),(1295,462,3,'2017-02-04 06:30:22',0,''),(1296,463,1,'2017-02-21 11:40:06',1,''),(1297,464,1,'2017-02-21 19:08:20',1,'prosim, da me pred dostavo pokličete na tel. št. 031/494-476'),(1298,463,2,'2017-02-23 10:23:18',0,''),(1299,464,3,'2017-02-24 11:02:28',0,''),(1300,463,3,'2017-02-27 10:56:33',0,''),(1314,469,3,'2020-05-16 09:08:06',1,''),(1313,469,2,'2020-05-12 14:44:46',0,''),(1303,466,1,'2017-03-05 08:21:01',1,''),(1304,466,2,'2017-03-06 10:01:54',0,''),(1305,466,3,'2017-03-08 09:55:30',0,''),(1306,467,1,'2020-04-21 14:33:47',1,''),(1307,467,2,'2020-04-23 09:23:22',1,''),(1308,468,1,'2020-04-27 20:45:44',1,''),(1309,468,2,'2020-04-28 13:04:36',1,''),(1310,468,3,'2020-04-30 12:35:33',0,''),(1311,467,3,'2020-05-04 09:08:05',0,''),(1315,470,1,'2020-05-18 12:56:30',1,''),(1316,470,2,'2020-05-19 09:34:05',0,''),(1317,471,1,'2020-05-22 07:35:36',1,''),(1318,470,3,'2020-05-22 12:40:24',0,''),(1319,471,3,'2020-05-23 09:40:24',0,''),(1320,472,1,'2020-05-25 16:18:08',1,''),(1321,472,3,'2020-05-27 09:14:22',0,''),(1325,474,3,'2020-06-18 09:24:09',0,''),(1323,474,1,'2020-06-15 10:05:51',1,''),(1324,474,2,'2020-06-15 13:13:40',0,''),(1326,475,1,'2020-06-19 20:21:18',1,''),(1327,475,2,'2020-06-22 15:31:52',0,''),(1328,476,1,'2020-06-23 08:38:09',1,''),(1329,476,2,'2020-06-23 14:07:45',0,''),(1330,475,3,'2020-06-26 11:32:48',0,''),(1331,477,1,'2020-06-26 17:20:48',1,''),(1332,477,2,'2020-06-29 11:53:43',0,''),(1333,476,3,'2020-06-30 12:24:52',0,''),(1334,477,3,'2020-07-03 10:05:33',0,''),(1335,478,1,'2020-07-03 11:11:48',1,''),(1336,478,2,'2020-07-03 12:16:51',0,''),(1337,478,3,'2020-07-14 10:18:42',0,''),(1338,479,1,'2020-07-18 10:15:19',1,''),(1339,479,2,'2020-07-20 12:41:01',0,''),(1340,479,3,'2020-07-24 14:58:37',0,''),(1341,480,1,'2020-08-17 22:32:49',1,''),(1342,480,2,'2020-08-20 17:15:57',0,''),(1343,480,3,'2020-08-21 10:59:31',0,''),(1345,482,1,'2020-09-08 16:02:37',1,''),(1346,482,2,'2020-09-09 12:42:27',0,''),(1347,482,3,'2020-09-15 09:44:12',0,''),(1348,483,1,'2020-09-23 16:28:24',1,''),(1349,483,2,'2020-09-24 10:53:48',1,''),(1350,483,3,'2020-09-29 09:10:47',0,''),(1351,484,1,'2020-10-05 12:49:08',1,''),(1352,484,2,'2020-10-06 12:31:20',0,''),(1353,484,3,'2020-10-09 09:32:16',0,''),(1354,485,1,'2020-10-09 12:24:03',1,''),(1355,486,1,'2020-10-09 18:48:34',1,''),(1356,486,2,'2020-10-12 11:09:11',0,''),(1357,485,3,'2020-10-12 17:46:18',0,''),(1358,487,1,'2020-10-15 12:11:44',1,'Prosim, pošljite predračun. Hvala in lep pozdrav, Miha'),(1359,488,1,'2020-10-15 12:36:44',1,''),(1360,488,3,'2020-10-15 15:44:31',0,''),(1361,486,3,'2020-10-16 09:02:07',0,''),(1362,487,3,'2020-10-16 09:36:08',0,''),(1363,489,1,'2020-10-20 19:40:36',1,'Prosila bi, da mi pošljete predračun, bi vam kar s podjetja plačala'),(1364,489,3,'2020-10-21 14:02:46',0,''),(1367,491,3,'2020-11-06 12:18:03',0,''),(1366,491,1,'2020-11-02 20:37:51',1,'');

--
