--
-- Host: localhost    Database: krasevka_trgovina
-- ------------------------------------------------------


--
-- Table structure for table `address_book`
--

CREATE TABLE `address_book` (
  `address_book_id` int(11) NOT NULL AUTO_INCREMENT,
  `customers_id` int(11) NOT NULL,
  `entry_gender` char(1) NOT NULL,
  `entry_company` varchar(32) DEFAULT NULL,
  `entry_firstname` varchar(32) NOT NULL,
  `entry_lastname` varchar(32) NOT NULL,
  `entry_street_address` varchar(64) NOT NULL,
  `entry_suburb` varchar(32) DEFAULT NULL,
  `entry_postcode` varchar(10) NOT NULL,
  `entry_city` varchar(32) NOT NULL,
  `entry_state` varchar(32) DEFAULT NULL,
  `entry_country_id` int(11) NOT NULL DEFAULT '0',
  `entry_zone_id` int(11) NOT NULL DEFAULT '0',
  PRIMARY KEY (`address_book_id`),
  KEY `idx_address_book_customers_id` (`customers_id`)
) ENGINE=MyISAM AUTO_INCREMENT=557 DEFAULT CHARSET=utf8;

--
-- Dumping data for table `address_book`
--

INSERT INTO `address_book` VALUES (1,1,'m','','Izidor','Sosič','Rojčeva ulica 16',NULL,'1000','Ljubljana',NULL,190,0),(2,2,'m','Agila','Janez','Hrovat','Plešičeva 17',NULL,'1000','Ljubljana',NULL,190,0),(3,3,'f','','Martina','Gobec','Lackova 9',NULL,'2000','Maribor',NULL,190,0),(4,4,'m','','Marko','Kovačič','Stara Fužina 186',NULL,'4265','Bohinjsko jezero',NULL,190,0),(5,5,'m','','Andrej','Sosič','Jakčeva 2',NULL,'1000','Ljubljana',NULL,190,0),(6,6,'m','','Smiljan','Sosič','Rojčeva 16',NULL,'1000','Ljubljana',NULL,190,0),(7,7,'f','','taja','gyergyek','jarnikova 3',NULL,'1000','ljubljana',NULL,190,0),(8,8,'m','','Viktor','Črnigoj','Studeno 7',NULL,'6230','Postojna',NULL,190,0),(9,9,'f','','SELMA','BIZJAK','GORIŠKA CESTA 25/A',NULL,'5270','AJDOVŠČINA',NULL,190,0),(10,10,'m','','SAMO','ČERVEK','VELJKA VLAHOVČA 37',NULL,'2000','MARIBOR',NULL,190,0),(11,11,'f','JEZIKOVNA POMOČ','IRENA','ŠINKOVEC','ŽUPANČIČEVA 8',NULL,'5270','AJDOVŠČINA',NULL,190,0),(12,12,'f','','IVICA','MERHAR','MATENA 44',NULL,'1292','IG PRI LJUBLJANI',NULL,190,0),(13,13,'f','','Biserka','Smolič','Sajenice 11',NULL,'8233','Mirna',NULL,190,0),(14,14,'f','','NINA','BRATOŽ','PŠEVSKA 24',NULL,'4000','KRANJ',NULL,190,0),(15,15,'m','','Janez','Luštrek','Kranjska pot 4',NULL,'1218','Komenda',NULL,190,0),(16,16,'f','','marina','bramc','rateče 49',NULL,'4283','rateče-planica',NULL,190,0),(17,17,'f','','janja','jug','na griču 2',NULL,'3202','ljubečna',NULL,190,0),(18,18,'m','PARKETARSTVO FLORJANČIČ MIRKO s.','MIRKO','FLORJANČIČ','GORIČE 33B',NULL,'4204','GOLNIK',NULL,190,0),(19,19,'f','','Zdenka','Golob','Gubčeva ulica 6',NULL,'2380','Slovenj Gradec',NULL,190,0),(20,20,'f','','marjana','kravogel','Dom in vrt 45',NULL,'1420','trbovlje',NULL,190,0),(21,21,'f','','Alenka','Kosi','Heroja Tomšiča 9',NULL,'2000','Maribor',NULL,190,0),(22,22,'f','','Klavdija','Bodlaj','Smlednik 4c',NULL,'1216','Smlednik',NULL,190,0),(23,23,'f','','Klavdija','Began','Pohorska ulica 30',NULL,'2115','Maribor',NULL,190,0),(24,24,'m','','bojan','preiner','ul.zlatke karer 8',NULL,'2204','miklavž',NULL,190,0),(25,25,'f','','Marjetka','Kožuh','Padlih borcev 16',NULL,'5290','Šempeter',NULL,190,0),(26,26,'f','','Nina','Mauhler','Prežihova 9',NULL,'2392','Mežica',NULL,190,0),(27,27,'f','','FRANJA','GARTNAR','SELCA 26',NULL,'4227','SELCA',NULL,190,0),(28,28,'m','','Miran','Brumec','Zduša 21',NULL,'1241','Kamnik',NULL,190,0),(29,29,'m','','toni','šepec','ul.bračičeve brigade 2',NULL,'1386','stari trg pri ložu',NULL,190,0),(32,32,'m','','Alen','Tokmadžić','Vransko 122b',NULL,'3305','Vransko',NULL,190,0),(31,31,'m','','Uroš','Kovač','Cesta zmage 22',NULL,'1410','Zagorje',NULL,190,0),(33,33,'m','','Miran','Mezgec','Za lekarno 16',NULL,'2212','Šentilj v Slov. goricah',NULL,190,0),(34,34,'f','','Karmen','Fon','Zg. Radovna 8',NULL,'4281','Mojstrana',NULL,190,0),(35,35,'m','','Aleš','Kramolc','Šentanel 21',NULL,'2391','prevalje',NULL,190,0),(36,36,'m','','mladen','knez','strunjan',NULL,'6320','portorž',NULL,190,0),(37,37,'m','','Andrej','Kasaš','Dolina, Glavna ulica 17',NULL,'9220','Lendava',NULL,190,0),(38,38,'f','','Meri','Janša','Koritno 22',NULL,'4260','Bled',NULL,190,0),(39,39,'f','','VERONIKA','PALČIČ','STARETOV TRG 24',NULL,'1275','ŠMARTNO',NULL,190,0),(40,40,'f','','Ljubinka','Jerič','Lokovica 13',NULL,'3325','Šoštanj',NULL,190,0),(41,41,'m','Kompas-Brnik','slavko','Šajn','Kompas Brnik',NULL,'64210','Brnik -Aerodrom',NULL,190,0),(42,42,'m','','Aljoša','Železnik','Vreskovo 58',NULL,'1420','Trbovlje',NULL,190,0),(43,43,'f','','Dragica','Cibic','Kuzmičeva 5',NULL,'1000','Ljubljana',NULL,190,0),(44,44,'m','','jože','goljat','vrhe 13',NULL,'2380','slovenj gradec',NULL,190,0),(45,45,'f','','Špela','Smodiš','Primšarjeva ul. 17',NULL,'1380','Cerknica',NULL,190,0),(46,46,'m','','Benjamin','Črešnik','Meža 118',NULL,'2370','Dravograd',NULL,190,0),(47,47,'m','//','sašo','bedič','mačkovci',NULL,'9202','otovci',NULL,190,0),(48,48,'f','','TJAŠA','GRUDEN','Trg Brolo 12',NULL,'6000','Koper',NULL,190,0),(49,49,'f','','Andreja','Kanovnik','Celjska cesta 116',NULL,'2380','Slovenj Gradec',NULL,190,0),(50,50,'f','','Darja','Ris','Ul.5.prekomorske 16',NULL,'2250','Ptuj',NULL,190,0),(51,51,'f','','Mateja','Košir','Zlato polje 2d',NULL,'4000','Kranj',NULL,190,0),(52,52,'f','','JANJA','ČOPIČ','PREDMEJA 148A',NULL,'5270','AJDOVŠČINA',NULL,190,0),(53,53,'f','','Nina','Ošlak','Na zelenici 8',NULL,'3000','Celje',NULL,190,0),(54,54,'m','','primož','perovec','podgrad 15b',NULL,'3230','šentjur',NULL,190,0),(55,55,'f','','Nina','Renar','Spodnje Škofije 125a',NULL,'6281','Škofije',NULL,190,0),(56,56,'m','','Pavel','Leskovec','Mostaniška 2',NULL,'5282','Cerkno',NULL,190,0),(57,57,'f','','NATAŠA','PROSEN','PREŽIHOVA 10',NULL,'2392','MEŽICA',NULL,190,0),(58,58,'f','','BRIGITA','BAŠIĆ','ŠOLSKA ULICA 40',NULL,'3311','ŠEMPETER',NULL,190,0),(59,59,'m','','marjan','kokalj','krožna c.8',NULL,'6000','koper',NULL,190,0),(60,60,'f','','Brigita','Markovič','Toma Brejca 5a',NULL,'1240','Kamnik',NULL,190,0),(61,61,'f','','Vanda','rupnik','Kajuhova 12A',NULL,'5280','Idrija',NULL,190,0),(62,62,'f','','Dominika','Knežar','Pameče 205b',NULL,'2373','Šentjanž',NULL,190,0),(63,63,'f','','Alja','Žorž','Krakovska ul. 8',NULL,'1000','Ljubljana',NULL,190,0),(64,64,'f','','jasna','grčar','trnoveljska c.80',NULL,'3000','celje',NULL,190,0),(65,65,'f','','Mojca','Jelen','Zg.Bitnje 50',NULL,'4209','Žabnica',NULL,190,0),(66,66,'f','','sandra','mole','cesta dolomitskega odreda 37',NULL,'1358','log pri brezovici',NULL,190,0),(67,67,'f','','ANITA','LAMPIČ','NJIVERCE VAS 15',NULL,'2325','KIDRIČEVO',NULL,190,0),(68,68,'f','','Vesna','Pivk','Scopolijeva ulica 24',NULL,'1000','Ljubljana',NULL,190,0),(69,69,'f','','neza','kozak','rozna',NULL,'1000','ljubljana',NULL,190,0),(70,70,'f','','dominika','fras','paričjak 19',NULL,'9252','radenci',NULL,190,0),(71,71,'m','','Janez','Ciperle','Šutna 116',NULL,'4209','Žabnica',NULL,190,0),(72,72,'m','','Drago','Križaj','Viška cesta 9',NULL,'1000','Ljubljana',NULL,190,0),(73,73,'m','','Jože','Mekis','Cesta talcev 43',NULL,'4220','škofja loka',NULL,190,0),(74,74,'f','','Barbara','Kač','Pod smrekami 11',NULL,'3311','Šempeter v Sav. d.',NULL,190,0),(75,75,'f','','Lidija','Žuran','Levčeva ul. 13 b',NULL,'1234','Mengeš',NULL,190,0),(76,76,'f','','HOZJAN DE GREGORI','BERNARDA','19 rue jorel',NULL,'27190','la bonneville sur iton',NULL,73,0),(77,77,'m','','Marko','Aškerc','Kotnikova ulica 18',NULL,'1000','Ljubljana',NULL,190,0),(78,78,'m','','sebastijan','šega','poh.bataljona 12',NULL,'2314','zg.polskava',NULL,190,0),(79,79,'f','','Karidija','Protman','Dupleška cesta 234',NULL,'2000','Maribor',NULL,190,0),(80,80,'f','','manca','jakše','slavka gruma 110',NULL,'8000','nov mesto',NULL,190,0),(81,81,'f','','TATJANA','LOBOREC','ZBILJSKA CESTA 29',NULL,'1215','MEDVODE',NULL,190,0),(82,82,'f','TRATNJEK D.O.O.','BOJANA','TRATNJEK','PREŽIHOVA ULICA 4',NULL,'9000','MURSKA SOBOTA',NULL,190,0),(83,83,'f','','Alenka','Furlan','kajuhova 11',NULL,'3000','Celje',NULL,190,0),(84,84,'m','','Miloš','Medančič','Pivola 19',NULL,'2311','Hoče',NULL,190,0),(85,85,'m','','Marjan','Brezočnik','Gornji trg 22',NULL,'2344','Lovrenc na Pohorju',NULL,190,0),(86,86,'m','','Ernest','Gungl','Sp. Gasteraj 55',NULL,'2223','Jurovski Dol',NULL,190,0),(87,87,'f','','Valerija','Lešnik','Ljubljanska 88 C',NULL,'2000','Maribor',NULL,190,0),(88,88,'f','fizična oseba','Zdenka','Ferlež','Cigaletova ul.4',NULL,'3000','CELJE',NULL,194,0),(89,89,'f','','Vesnaa','kadunc','Linhartova cesta 104',NULL,'1000','Ljubljana',NULL,190,0),(90,89,'f','','vesna','kadunc','Linhartova cesta 104',NULL,'1000','Ljubljana',NULL,190,0),(91,90,'f','','Mojca','Dvorak','Gorazdova 17',NULL,'1000','Ljubljana',NULL,190,0),(92,91,'f','','Katja','Geršak','Koroška cesta 13e',NULL,'3320','Velenje',NULL,190,0),(93,92,'f','','Mateja','šalamun','nova vas pri ptuju 96a',NULL,'2250','PTUJ',NULL,190,0),(94,93,'m','','Mirko','Brinšek','Hrib 87',NULL,'1318','loški potok',NULL,190,0),(95,94,'m','','rok','podlipec','jesihov',NULL,'stradon','ljubljana',NULL,190,0),(96,95,'f','','Jelkica','Franičević','Jelkica Franičević',NULL,'20236 Moko','Od izvora 59',NULL,53,0),(97,95,'f','','Jera','Jeruc','Grablovičeva 26',NULL,'1000','Ljubljana',NULL,190,0),(98,96,'m','','milan','humer','selo nad polhovim gradcem 28',NULL,'1355','polhov gradec',NULL,190,0),(99,97,'m','','Igor','Beršnak','Ob gozdu 27',NULL,'8290','Sevnica',NULL,190,0),(100,98,'m','','Dušan','Habjan','Kunaverjeva 12',NULL,'1000','Ljubljana',NULL,190,0),(101,99,'f','','MOJCA','FRANK DOBLEKAR','KUNAVERJEVA ULICA 9',NULL,'1117','LJUBLJANA',NULL,190,0),(102,100,'f','','VESNA','DJUKANOVIC','CESTA NA BOKALCE 17',NULL,'1000','LJUBLJANA',NULL,190,0),(103,101,'f','','Nataša','Češko','Petelinkarjeva 1',NULL,'1412','Kisovec',NULL,190,0),(104,102,'m','','miran','satler','zbiljska cesta 83a',NULL,'1215','medvode',NULL,190,0),(105,103,'m','Hotel Marko d.o.o., ID za DDV: S','Marko','Juriševič','Obala 28',NULL,'6322','Portorož',NULL,190,0),(106,103,'m','Hotel Marko d.o.o.','Marko','Juriševič','Obala 28',NULL,'6322','Portorož',NULL,190,0),(107,104,'m','','anton','kolar','zbelovo 50',NULL,'3215','Loče',NULL,190,0),(108,105,'f','','darja','jamnik','sp.senica 10/a',NULL,'1215','medvode',NULL,190,0),(109,106,'f','','MARTA','CERAR','PRESERJE, VII. UL. ŠT. 3',NULL,'1235','RADOMLJE',NULL,190,0),(110,107,'m','','Tadej','Puntar','Puhova 16',NULL,'1000','Ljubljana',NULL,190,0),(111,108,'f','','simona','volaj rakušček','Andričeva 1',NULL,'1000','LJUBLJANA',NULL,190,0),(112,109,'m','','marko','kadunc','kunaverjeva 2',NULL,'1000 ljubl','ljubljana',NULL,190,0),(113,110,'f','','PETRA','MERC','HRASTJE 35J',NULL,'2341','LIMBUŠ',NULL,190,0),(114,111,'f','','Janja','Vrečko','Jemčeva 16a',NULL,'1236','Trzin',NULL,190,0),(115,112,'m','','Ivan','Podpečan','Gotovlje 168 b',NULL,'3310','Žalec',NULL,190,0),(116,113,'f','','Sasha','Jarh','99 Dovercort Rd.',NULL,'M6J3C2','Toronto',NULL,38,0),(117,113,'f','','Erna','Predan','Vosnjakova 8',NULL,'1000','Ljubljana',NULL,190,0),(118,114,'f','','ROBERT','catherine','la clairière 27B rue de montribloud',NULL,'69009','LYON',NULL,73,0),(119,114,'f','','ROBERT','catherine','27B rue de montribloud',NULL,'69009','LYON',NULL,73,0),(120,115,'f','','Erika','Žlogar','Rožna dolina c.VIII/8',NULL,'1000','Ljubljana',NULL,190,0),(121,116,'m','','igor','sevšek','kersnikova 15',NULL,'3320','velenje',NULL,190,0),(122,117,'m','','Stanislav','Segalla','Trg Svobode 24',NULL,'5213','Kanal',NULL,190,0),(123,118,'f','','Alissa','Lents','601 S. Washington 27',NULL,'62901','Carbondale',NULL,223,0),(124,118,'f','Galerija Olja','Olivera','Sisirak','CBE 48',NULL,'8330','Metlika',NULL,190,0),(125,119,'m','','Nikola','Nemet','Dolgovaške Gorice 96',NULL,'9220','Lendava',NULL,190,0),(126,120,'f','','irena','keblič','polzela 119',NULL,'3313','polzela',NULL,190,0),(127,120,'f','','irena','keblič','polzela 119',NULL,'3313','polzela',NULL,190,0),(128,121,'m','','Jure','Brložnik','Koroška cesta 75',NULL,'2000','Maribor',NULL,190,0),(129,122,'m','EKORIST d.o.o.','Jože Andrej','ČIBEJ','Dom in vrt 44',NULL,'1420','Trbovlje',NULL,190,0),(130,123,'m','','JANEZ','ČIZMAZIJA','Žitna ulica 6',NULL,'9224','Turnišče',NULL,190,0),(131,124,'m','','Boštjan','Gaber','Murska ulica 55',NULL,'9000 Mursk','Krog',NULL,190,0),(132,125,'m','','jože','turk','prušnikova 16',NULL,'2000','maribor',NULL,190,0),(133,126,'f','','Nika','Gregorič','Bratuževa ulica 32',NULL,'5290','Šempeter',NULL,190,0),(134,127,'f','KIN.SI D.O.O.','MILENA','KROŠELJ','naselje heroja maroka 17',NULL,'8290','SEVNICA',NULL,190,0),(135,128,'f','','Urša','Opara','Dolenjska cesta 84',NULL,'1000','Ljubljana',NULL,190,0),(136,129,'m','','janez','kert','Čirče 24a',NULL,'4000','kranj',NULL,190,0),(137,130,'f','','martina','červ','šavlijeva 4',NULL,'5220','tolmin',NULL,190,0),(138,131,'f','','Vlasta','čibej','Pod vinogradi 61',NULL,'5250','Solkan',NULL,190,0),(139,132,'m','privatnik','bogdan','ipavec','tartinjeva13',NULL,'6310','izola',NULL,190,0),(140,133,'f','','Karmen','Malečkar','Rozmanova 26',NULL,'6250','Ilirska Bistrica',NULL,190,0),(141,134,'f','','BARBARA','LOZEJ','BUDANJE123A',NULL,'5271','VIPAVA',NULL,190,0),(142,135,'m','','igor','ivanšek','starihov vrh 1',NULL,'8333','semič',NULL,190,0),(143,136,'m','','MILAN','RAMŠAK','Pod Lipami 26',NULL,'3000','Celje',NULL,190,0),(144,137,'m','','Marko','Drnovšek','Radvanjska cesta 54',NULL,'2000','Maribor',NULL,190,0),(145,138,'m','','Aleš','Korenčan','Neubergerjeva 23',NULL,'1000','Ljubljana',NULL,190,0),(146,139,'m','','Davo','Gunzer','Celjska cesta 36',NULL,'2380','Slovenj Gradec',NULL,190,0),(147,140,'f','','Mateja','Prešern','Moste 74a',NULL,'4274','Žirovnica',NULL,190,0),(148,141,'m','','srečlo','dušič','arto 13',NULL,'8290','sevnica',NULL,190,0),(149,142,'f','','marjetka','podgoršek horžen','cerklje ob krki 72',NULL,'8263','cerklje ob krki',NULL,190,0),(150,143,'f','','Tanja','Golli','Dunajska 396',NULL,'1231','Ljubljana - Črnuče',NULL,190,0),(151,144,'f','','Ivica','Vončina','Gorska pot 14',NULL,'5280','Idrija',NULL,190,0),(152,145,'f','','Nina','Mauhler','Prezihova 9',NULL,'2392','Mezica',NULL,190,0),(153,146,'m','','Alojz','Mestek','Udarna 7',NULL,'4270','Jesenice',NULL,190,0),(154,147,'f','','teja','jug','Pod gradom 2',NULL,'5220','Tolmin',NULL,190,0),(155,148,'f','VIVERE D.O.O.','ERIKA','KRAPEŽ','TOVARNIŠKA 2B',NULL,'5270','AJDOVŠČINA',NULL,190,0),(156,149,'m','','matej','mester','cesta maršala tita 17',NULL,'4270','jesenice',NULL,190,0),(157,150,'m','','Uroš','Petronijević','Vodnikova 20',NULL,'5280','Idrija',NULL,190,0),(158,151,'f','','Sandra','Slapar','Obrežna ulica 103',NULL,'2000','Maribor',NULL,190,0),(159,152,'m','','marko','matkovič','zgornje škofije 72c',NULL,'6281','škofije',NULL,190,0),(160,153,'m','','Damjan','Pahor de Maiti','Kuratova 19',NULL,'4000','Kranj',NULL,190,0),(161,154,'m','Nebesa d.o.o. , Hotel Jožef','Aleš','Makuc','Vojkova 9a',NULL,'5280 Idrij','Idrija',NULL,190,0),(162,155,'f','','JOŽICA','BREGAR LESKOVŠEK','Cesta zmage 22',NULL,'1410','Zagorje ob Savi',NULL,190,0),(163,156,'f','','anja','zbašnik','knafljev trg 1',NULL,'1310','ribnica',NULL,190,0),(164,157,'m','','Milenko','Vesel','Krajna pot 1',NULL,'6310','Izola',NULL,190,0),(165,158,'f','','Jana','Triglav','Spodnji kraj 19',NULL,'2391','Prevalje',NULL,190,0),(166,159,'m','','Boštjan','Tertinek','Brezni Vrh 43',NULL,'2363','Podvelka',NULL,190,0),(167,160,'f','','DIANA','JENKO','C.NA MARKOVEC 9',NULL,'6000','KOPER',NULL,190,0),(168,161,'m','','Igor','Justinek','Bevkova 1',NULL,'1240','kamnik',NULL,190,0),(169,162,'f','','Zlatko','Hraš','Bazoviška ul. 12',NULL,'2000','Maribor',NULL,190,0),(170,163,'m','','venčeslav','černe','tesovnikova 64a',NULL,'1000','ljubljana',NULL,190,0),(171,164,'f','','Irena','Cergol','Lepa cesta 37b',NULL,'6320','Portorož',NULL,190,0),(172,165,'m','','Matjaž','Anžič','Pešnica 30',NULL,'4201','Zg. Besnica',NULL,190,0),(173,166,'m','','Benjamin','Jagodic','Vopovlje 19',NULL,'4207','Cerklje na Gorenjskem',NULL,190,0),(174,166,'m','','Benjamin','Jagodic','Baum str. 35',NULL,'Wien','Wien',NULL,14,0),(175,167,'f','','Tina','Tiršek Šindič','GLINŠKOVA PLOŠČAD 12',NULL,'1000','Ljubljana',NULL,190,0),(176,168,'f','','alenka','Kodila','pečarovci 48',NULL,'9202','mačkovci',NULL,190,0),(177,169,'f','','nina','mehanović','herberstinova 14',NULL,'1000','ljubljana',NULL,190,0),(178,170,'f','','Barbara','Tavčar','Partizanska cesta 17',NULL,'4220','Škofja Loka',NULL,190,0),(179,171,'m','','kristjan','klemencic','poljane 52',NULL,'4223','poljane nad skofjo loko',NULL,190,0),(182,174,'f','oš Dekani','nadja','Jakomin','kubed 6b',NULL,'6272 grači','gračišče',NULL,190,0),(181,173,'f','','tanja','princes','goriška cesta 10',NULL,'5271','vipava',NULL,190,0),(183,175,'f','','Vesna','Panić','Podgorska ul. 52',NULL,'1330','Kočevje',NULL,190,0),(184,176,'m','','Geno','Tinev','Jakobovo naselje 79',NULL,'9000','Murska Sobota',NULL,190,0),(185,177,'f','','mira','mikec','rudnik II/1',NULL,'1000','ljubljana',NULL,190,0),(186,178,'m','','Andrej','Pečnik','Gregorčičeva 7',NULL,'2000','Maribor',NULL,190,0),(187,179,'m','','Denis','Stojčič','Čečovje 41c',NULL,'2390','Ravne na Koroškem',NULL,190,0),(188,180,'m','','Aleš','Krošelj','Dolenjska c. 253',NULL,'1291','Škofljica',NULL,190,0),(189,181,'m','','Anton','Kolar','Gubčeva 5',NULL,'4000','Kranj',NULL,190,0),(190,182,'f','','IRENA','BIJOL','MLINSKA ULICA 7',NULL,'2367','VUZENICA',NULL,190,0),(191,183,'f','','Livija','Dolanc','Medijske toplice 33',NULL,'1411','Izlake',NULL,190,0),(192,184,'f','','Tina','Vadas','Brezno 30',NULL,'2363','Podvelka',NULL,190,0),(193,185,'f','','ana','mlakar','Dergomaška ul.40',NULL,'1000','ljubljana',NULL,190,0),(194,186,'f','','Mateja','Delakorda','Sončni log 6',NULL,'1370','Logatec',NULL,190,0),(195,187,'m','','mitja','mitnjek','meškova ulica 14a',NULL,'2380','slovenj gradec',NULL,190,0),(196,188,'f','','Biserka','Matelič','Kogojeva ulica 4',NULL,'1000','Ljubljana',NULL,190,0),(197,189,'m','','Domen','Kalajzic','Zirovnica 114b',NULL,'4274','Zirovnica',NULL,190,0),(198,190,'f','','Mojca','Dovžan','Breg 2',NULL,'4274','Žirovnica',NULL,190,0),(199,191,'f','Design& Andreja Martinc s.p.','Andreja','Martinc','Ivana Regenta 9',NULL,'5000','Nova Gorica',NULL,190,0),(200,192,'f','','Konstantina','Dolenc','Ankaranska cesta 7b',NULL,'6000','Koper',NULL,190,0),(201,193,'f','','NATAŠA','ROGELJ','KURIRSKA POT 29',NULL,'4000','KRANJ',NULL,190,0),(202,194,'m','','Lasse','Bertheussen','Paradisveien 2',NULL,'8072','Bodø',NULL,160,0),(203,195,'m','','Davorin','Poljanec','Ledine 34',NULL,'5000','Nova Gorica',NULL,190,0),(204,196,'m','','Mišel','Sztyc','Vinka Vodopivca 115',NULL,'5000','NOVA GORICA',NULL,190,0),(205,197,'f','','Darja','Mirt','Kremen 3',NULL,'8270','Krško',NULL,190,0),(206,198,'f','','Karmen','Režek','Cerov log 5a',NULL,'8310','Šentjernej',NULL,190,0),(207,199,'m','','Primož','Inkret','Moše 29D',NULL,'1216','Smlednik',NULL,190,0),(208,200,'f','','mojca','strehar','Vipolže 4',NULL,'5212','Dobrovo v Brdih',NULL,190,0),(209,201,'f','','Gea','Gombač','Matavun 3a',NULL,'6215','Divača',NULL,190,0),(210,202,'f','','Tadeja','Gornik','Laze 11',NULL,'1351','Brezovica pri Ljubljani',NULL,190,0),(211,203,'m','','EMIL','SENČAR','GORIŠNICA 81B',NULL,'2272','Gorišnica',NULL,190,0),(212,204,'f','','Suzana','Ribaric','Videm 18c',NULL,'1262','Dol pri Ljubljani',NULL,190,0),(213,205,'f','','Katarina','Peric','Veliko Trebeljevo 46',NULL,'1000','Ljubljana',NULL,190,0),(214,206,'m','','jure','bukovec','vinarska 37',NULL,'2310','slovenska bistrica',NULL,190,0),(215,207,'m','Bojan Senjur s.p. (DŠ: SI8482964','Bojan','Senjur','Mrakova 14',NULL,'1360','Vrhnika',NULL,190,0),(216,208,'f','','KUKOVIČ','DANICA','KAMNIKARJEVA ULICA 13',NULL,'1291','ŠKOFLJICA',NULL,190,0),(217,209,'f','OKREPČEVALNICA MAJOLKA ROMANA ST','ROMANA','STREŽEK','ŠULIGOJEVA 2',NULL,'1293','ŠMARJE SAP',NULL,190,0),(218,210,'f','','Majda','Sernec','Rakovčeva 2',NULL,'6330','Piran',NULL,190,0),(219,211,'f','','Staša','Bradaševič','Brstovnica 7č',NULL,'3272','Rimske Toplice',NULL,190,0),(220,212,'f','','TINA','GALIČ','MEDENSKA 22P',NULL,'1133','LJUBLJANA',NULL,190,0),(221,213,'m','ISC inštitut za znanost in konzu','Milan','Trbižan','Prešernova 1A',NULL,'1235','RADOMLJE',NULL,190,0),(222,214,'f','','Jana','Kaše','Čeče 101a',NULL,'1430','Hrastnik',NULL,190,0),(223,215,'f','','Alenka','Zorc','Spodnje Gorje 136',NULL,'4247','Zgornje Gorje',NULL,190,0),(224,216,'m','','Samo','Košmrlj','Hrib 3',NULL,'1318','Loški Potok',NULL,190,0),(225,217,'m','','Damjan','Delač','Črni Potok pri Kočevju 5',NULL,'1330','Kočevje',NULL,190,0),(226,218,'m','','Matej','Miklavcic','Petkovec 63',NULL,'1373','Rovte',NULL,190,0),(227,219,'m','','Tomaž','Selak','Levstikova ulica 6',NULL,'4000','Kranj',NULL,190,0),(228,220,'f','TrgoABC d.o.o.','Branka','Petelin','istrska 12',NULL,'6000','Koper',NULL,190,0),(229,221,'m','','Marko','Rondic','Goriška cesta 6a',NULL,'5271','Vipava',NULL,190,0),(230,222,'f','','Irena','Uranjek','Stara cesta 47',NULL,'2311','Hoče',NULL,190,0),(233,225,'m','','Danilo','Jezernik','Podvrh 29',NULL,'3330','Mozirje',NULL,190,0),(232,224,'m','Kneipp Hof','Roberto','Kneipp','Via Colle, 36',NULL,'38053','Castello Tesino',NULL,105,0),(234,226,'m','TO BI d.o.o.','Peter','Osterveršnik','Industrijska ulica 33',NULL,'2345','Bistrica ob Dravi',NULL,190,0),(236,228,'m','','Primož','Zalaznik','Drenov Grič 127',NULL,'1360','Vrhnika',NULL,190,0),(237,229,'f','','klementina','križnik','griže 70',NULL,'3302','griže',NULL,190,0),(238,230,'f','','Polona','Strlič','Tavčarjeva 22',NULL,'4000','Kranj',NULL,190,0),(239,231,'f','KIM D.O.O.','SLAVKA','TURK','ulica 11.november',NULL,'8273','LESKOVEC PRI KRŠKEM',NULL,190,0),(240,232,'f','','kaja','bučar','gobnik 14c',NULL,'1247','gabrovka',NULL,190,0),(241,233,'m','','oliver','jovič','vrstna ulica 15',NULL,'1357','Notranje Gorice',NULL,190,0),(242,234,'f','','Janja','Tekavc','Vreskovo 14',NULL,'1420','Trbovlje',NULL,190,0),(243,235,'f','','Laura','Ajster','Nova vas pri Mokricah 24',NULL,'8261','Jesenice na Dolenjskem',NULL,190,0),(244,236,'m','','JAKOB','ŠTEMBERGER','NA ŽAGO 1',NULL,'8310','ŠENTJERNEJ',NULL,190,0),(245,237,'f','','Tanja','Dreo','Praprotnikova ulica 18',NULL,'3330','Mozirje',NULL,190,0),(246,237,'f','','Tanja','Dreo','Nanoška ulica 3',NULL,'1000','Ljubljana',NULL,190,0),(247,238,'f','breko d.o.o.','polona','breški','toledova 9',NULL,'2342','ruše',NULL,190,0),(248,239,'f','','Ana','Cekuta','Kocbekova ulica 5',NULL,'3000','Celje',NULL,190,0),(249,240,'m','GOSTILNA SPARK DAVID KOBAL S.P.','MATJAŽ','KENDA','PARTIZANSKA CESTA 82',NULL,'6210','SEŽANA',NULL,190,0),(250,241,'f','','Ana','Pincolic','Skorkaervej 8',NULL,'6990','Ulfborg',NULL,57,0),(251,241,'f','','Maša','Skušek','Resljeva c. 6',NULL,'8311','Kostanjevica na Krki',NULL,190,0),(252,242,'f','','Fanika','Golub','Draženci 58',NULL,'2288','Hajdina',NULL,190,0),(253,243,'f','','Monika','Humar','Pod gradom 7',NULL,'5220','Tolmin',NULL,190,0),(254,244,'f','','Zvonimira','Noč','C. Toneta Tomšiča 58',NULL,'4270','Jesenice',NULL,190,0),(255,245,'m','','Borut','Skvarča','Smrečje 25',NULL,'1354','horjul',NULL,190,0),(256,246,'m','','Veri','Nanut','Ulica terza armata, 144',NULL,'34170','Gorizia',NULL,105,0),(257,247,'f','','Ana','Petelin Grubišić','Cesta na Lenivec 18',NULL,'6210','Sežana',NULL,190,0),(258,248,'f','','Sonja','Capasso','Terceva ul. 25',NULL,'2000','Maribor',NULL,190,0),(259,248,'m','LPP','Tomaz','Vidmar','Celovska cesta 160',NULL,'1000','Ljubljana',NULL,190,0),(260,249,'m','','ZORAN','STARY','Finžgarjeva cesta 2',NULL,'4260','Bled',NULL,190,0),(261,250,'f','','Zdenka','Mori','Kot pri Prevaljah 24',NULL,'2391','Prevalje',NULL,190,0),(262,251,'f','','JASNA','ŠOBAR','TOMŠIČEVA 9',NULL,'4000','KRANJ',NULL,190,0),(263,199,'m','PM, poslovni mediji d.o.o.','Primož','Inkret','Dunajska 9',NULL,'1000','Ljubljana',NULL,190,0),(264,252,'m','','Rok','Pečar','Studeno 90',NULL,'6230','Postojna',NULL,190,0),(265,253,'m','','Marko','Tominec','Idrijski Log3',NULL,'5274','Črni Vrh',NULL,190,0),(266,253,'m','','Milan','Leskovec','Idrijski Log 3',NULL,'5274','Črni Vrh',NULL,190,0),(267,254,'m','','janez','sternad','zgornje gorče 4',NULL,'3314','braslovče',NULL,190,0),(268,255,'f','','SUZANA','KOTNIK','KOVAŠKA 1',NULL,'2366','MUTA',NULL,190,0),(269,256,'m','','Ivo','Kvapil','Krakovská 19',NULL,'11000','Praha',NULL,56,0),(270,235,'f','','Laura','Ajster','Slovenska vas 44',NULL,'8261','Jesenice na Dolenjskem',NULL,190,0),(271,257,'m','','Marijo','Mlakar','Most na Soči 52',NULL,'5216','Most na Soči',NULL,190,0),(272,258,'m','','Jernej','Kac','ogljensak 34b',NULL,'2314','zgornja polskava',NULL,190,0),(273,259,'f','','biserka','rabrenovič','šuštarjeva kol.26a',NULL,'1420','trbovlje',NULL,190,0),(274,260,'m','','ALEKSANDER','JENKO','Matije Tomca 2',NULL,'1230','Domžale',NULL,190,0),(275,261,'f','','Tina','Lončar','Kropa 17',NULL,'3342','Gornji Grad',NULL,190,0),(276,262,'f','','Teja','Krasovev','Rusjanov trg 4',NULL,'1000','Ljubljana',NULL,190,0),(277,263,'m','','Matjaž','Bergant','Zg.Luša 21',NULL,'4227','Selca',NULL,190,0),(278,264,'m','','Denis','Jurič','Gorkega 45',NULL,'2000','Maribor',NULL,190,0),(279,265,'f','','monika','vrabec','Sipkova ulica 8',NULL,'1241','kamnik',NULL,190,0),(280,266,'f','','Katja','Petruša','Kvedrova cesta 7',NULL,'1000','Ljubljana',NULL,190,0),(281,267,'m','','Peter','Berlec','Podhruška 6',NULL,'1241','Kamnik',NULL,190,0),(282,268,'f','','Mateja','Mavrič','Savska cesta 18a',NULL,'4000','Kraj',NULL,190,0),(283,269,'f','','Katarina','Košmelj','jensenova 4',NULL,'1000','ljubljana',NULL,190,0),(284,270,'f','','Tadeja','Šteharnik','Černigojeva 12',NULL,'1000','Ljubljana',NULL,190,0),(285,271,'m','','Marko','Vajdič','Tezenska 49',NULL,'2204','Miklavž na Dravskem polju',NULL,190,0),(286,272,'m','','Igor','Jurančič','Rašica 5d',NULL,'1211','Ljubljana Šmartno',NULL,190,0),(287,273,'m','','uroš','semenič','rožnik 1',NULL,'6280','ankaran',NULL,190,0),(288,274,'m','','Igor','Železen','Gorička ulica 30 Černelavci',NULL,'9000','Murska Sobota',NULL,190,0),(289,275,'f','','Tjaša','Meden','Notranjska cesta 40',NULL,'1380','Cerknica',NULL,190,0),(290,276,'m','','Mitja','Štrukelj','Kajuhova 3',NULL,'1235','Radomlje',NULL,190,0),(291,277,'f','','Nina','Drašler','Litostrojska 10',NULL,'1000','Ljubljana',NULL,190,0),(292,278,'f','','Zdravka','Jelar','Zadraga 4',NULL,'4203','DUPLJE',NULL,190,0),(293,279,'f','','Tanja','Selan','Dobrunjska cesta 40',NULL,'1261','Ljubljana',NULL,190,0),(294,280,'m','','andrej','potočnik','polzela 86',NULL,'3313','polzela',NULL,190,0),(295,281,'f','','ANA LAURA','Rednak','FLORJAN 37',NULL,'3325','ŠOŠTANJ',NULL,190,0),(296,282,'f','','Marija','Gromova','ul. Znamenskie sadki, d.7 k.2 kv.298',NULL,'117628','Moskva',NULL,176,0),(297,283,'f','','BARBARA','KOGEJ','Ulica Sv. Barbare 3',NULL,'5280','IDRIJA',NULL,190,0),(298,284,'f','TE Brestanica','Romana','Jeršič','CPB 18',NULL,'8280','Brestanica',NULL,190,0),(299,285,'f','','valentina','slanšek','Pintarjeva cesta 28',NULL,'1410','Zagorje ob Savi',NULL,190,0),(300,286,'f','','Zdravka','Plantan','Prijateljeva ul.19',NULL,'1291','Škofljica',NULL,190,0),(301,287,'f','','Valentina','Kočevar','Kidričeva 9',NULL,'6210','Sežana',NULL,190,0),(302,288,'f','','mojca','noc','celovska 336',NULL,'1210','ljubljana',NULL,190,0),(303,288,'f','','Zvonimira','Noč','Tomšičeva 58',NULL,'4270','Jesenice',NULL,190,0),(304,289,'m','','david','krebel','ul. molino a vento 111/1',NULL,'34137','trst',NULL,105,0),(305,289,'m','','David','Krebel','Via Molino a Vento 111/1',NULL,'34137','Trieste',NULL,105,0),(306,290,'m','','MIRAN','KAJTNA','KAJUHOVA ULICA 36',NULL,'6310','IZOLA',NULL,190,0),(307,291,'f','','SILVA','GOLOB','TOMŠIČEVA 27',NULL,'2310','Slovenska Bistrica',NULL,190,0),(308,292,'f','','Klavdija','Krznaric','Delavska ulica 19',NULL,'4281','Mojstrana',NULL,190,0),(309,293,'f','','Tatjana','Iglič','Mahovnik 60a',NULL,'1330','Kočevje',NULL,190,0),(310,294,'m','','Andrej','Opara','Homec II. ulica 8',NULL,'1235','Radomlje',NULL,190,0),(311,295,'f','','Sonja','Kačar','Mlinska pot 21',NULL,'1231','LJ. Črnuče',NULL,190,0),(312,296,'m','','bojan','horvat','hlebce 39',NULL,'4248','lesce',NULL,190,0),(313,297,'m','','slavko','marcen','kovk 21',NULL,'1431','dol pri hrastniku',NULL,190,0),(314,298,'m','','Lojze','Rejc','Vojskarska 23/b',NULL,'5280','Idrija',NULL,190,0),(315,299,'m','pvt','Gorazd','Kozmus','Ulica Milana Platovska 4',NULL,'2000','Maribor',NULL,190,0),(316,300,'f','KPL d.d.','Zvonka','Ptičar','Tbilisijska 61',NULL,'1000','Ljubljana',NULL,190,0),(317,301,'m','','blaž','babnik','pavšičeva 41',NULL,'1000','ljubljana',NULL,190,0),(318,302,'f','','Dora','Rudof','Kamniška c. 12,Sr.Jarše',NULL,'1230','Domžale',NULL,190,0),(319,303,'m','','Milovan','Jelčić','Milovan Jelčić',NULL,'21000','Novi Sad',NULL,236,0),(320,303,'m','','Milovan','Jelčić','jelcic.milovan',NULL,'21000','Novi Sad',NULL,236,0),(321,303,'m','','Milovan','Jelčić','Pavla Simića 3',NULL,'21000','Novi Sad',NULL,236,0),(322,304,'m','Miha Ban d.o.o.','Miha','Ban','Pod Trsko goro 10',NULL,'8000','Novo mesto',NULL,190,0),(323,305,'f','','PETRA','PREBIL BAŠIN','PRESERJE 42 B',NULL,'1352','PRESERJE',NULL,190,0),(324,306,'f','','Mateja','Fošnarič','Trg revolucije 9',NULL,'2000','Maribor',NULL,190,0),(325,307,'f','','Maja','Bohte','Smrečnikova 8',NULL,'8000','Novo mesto',NULL,190,0),(326,308,'f','ALFA SIG d.o.o.','Nadine','Lesjak','Štihova ulica 1, p.p. 5702',NULL,'1001','Ljubljana',NULL,190,0),(327,309,'f','','Sonja','Kaluža','Rožna 13',NULL,'6230','Postojna',NULL,190,0),(328,310,'m','Kostra d.o.o.','JANEZ','SLOKAN','AŠKERČEVA 15',NULL,'3000','CELJE',NULL,190,0),(329,311,'m','','Jernej','Hiti','Hrašče 13',NULL,'6230','Postojna',NULL,190,0),(330,312,'f','','Romana','Vojska','cerkljanski vrh 4',NULL,'5282','cerkno',NULL,190,0),(331,313,'f','','Barbara','Trošt','Vilharjeva ulica 25.b',NULL,'5270','Ajdovščina',NULL,190,0),(332,314,'m','','ROBERT','ROBIČ','ZG RUTE 96',NULL,'4282','GOZD MARTULJEK',NULL,190,0),(333,315,'f','','Tina','Palma','Kebetova 14',NULL,'1241','Kamnik',NULL,190,0),(334,316,'f','','karolina kornelija','logar','gornja ulica 25, kapca',NULL,'9220','lendava',NULL,190,0),(335,317,'m','','dime','rangelov','jerihova 28',NULL,'3320','velenje',NULL,190,0),(336,318,'m','bb','Boris','Srndovic','dumherrevägen 12B',NULL,'76161','Norrtälje',NULL,203,0),(337,318,'m','','Boris','Srndovic','Dumherrevägen 12B',NULL,'76161','Norrtälje',NULL,203,0),(338,319,'f','','LEA','PERŠIČ','ROŽNIK 8A',NULL,'6280','ANKARAN',NULL,190,0),(339,320,'f','','Polona','Žganjar','Malo Trebeljevo 7',NULL,'1129','Lj-Zalog',NULL,190,0),(340,321,'m','','Bostjan','Hazabent','Heroja Bracica 12',NULL,'2000','Maribor',NULL,190,0),(341,322,'m','-','Vlado','Zabkar','Goriska 16',NULL,'2000','Maribor',NULL,190,0),(342,323,'f','Inštitut za transmedijski dizajn','Sabahat','Krasniči','Borovnjakova ulica 6',NULL,'9000','Murska Sobota',NULL,190,0),(343,323,'f','Inštitut za transmedijski dizajn','Sabahat','Krasniči','Hradeckega cesta 49',NULL,'1000','Ljubljana',NULL,190,0),(344,324,'f','','zlatka','cerkvenik','merče 10',NULL,'6210','Sežana',NULL,190,0),(345,325,'m','','rok','kolaric','dolenjska cesta 204',NULL,'1000','ljubljana',NULL,190,0),(346,321,'f','','Marija','Straus','Gunceljska 25',NULL,'1000','Ljubljana',NULL,190,0),(347,326,'m','','Otmar','Potrč','Košenice 96a',NULL,'8000','Novo mesto',NULL,190,0),(348,327,'f','','irena','črep','Badovinčeva 4',NULL,'3270','Laško',NULL,190,0),(349,328,'f','','sandra','nučič','predole 10',NULL,'1290','grosuplje',NULL,190,0),(350,329,'f','','Jožica','Pestotnik','Golice 17',NULL,'1219','Laze v Tuhinju',NULL,190,0),(351,330,'f','','Saša','Aljaž','Zapoge 34',NULL,'1217','Vodice',NULL,190,0),(352,331,'f','','alenka','tanko','jurčkova cesta',NULL,'1000','ljubljana',NULL,190,0),(353,332,'m','','Primož','Puhar','Golnik 46A',NULL,'4204','Golnik',NULL,190,0),(354,333,'m','','Simon','Kranjc','Stara Fužina 202',NULL,'4265','Bohinjsko jezero',NULL,190,0),(355,334,'m','','Urban','Polajnar','Tavčarjeva ulica 12a',NULL,'4220','Škofja Loka',NULL,190,0),(356,335,'f','','Ana','Peternel','Voljčeva cesta 5',NULL,'1360','Vrhnika',NULL,190,0),(357,336,'f','','Suzana','Kostanjšek','Elektrarniška 16',NULL,'8280','Brestanica',NULL,190,0),(358,337,'f','','Ksenija','Rojht','pečarovci 35a',NULL,'9202','pečarovci',NULL,190,0),(359,337,'f','','Ksenija','Rojht','pečarovci 35a',NULL,'9202','mačkovcu',NULL,190,0),(360,338,'f','','anita','pavlin','hrastje 6',NULL,'8310','Šentjernej',NULL,190,0),(361,339,'m','','ziga','kosmac','mengeska c 34b',NULL,'1236','trzin',NULL,190,0),(362,340,'m','','Klemen','Vinazza','Morsko 51',NULL,'5213','Kanal',NULL,190,0),(363,341,'m','','Ernest','Golob','Malenska vas 12',NULL,'8216','Mirna Peč',NULL,190,0),(364,342,'m','','borut','zavrtanik','pavšičevo naselje 13, kromberk',NULL,'5000','nova gorica',NULL,190,0),(365,343,'f','','Jožica','Bojanec','Dol. Sušice 3',NULL,'8350','Dolenjske Toplice',NULL,190,0),(366,344,'f','','Marjana','Novak','Kolk 10a',NULL,'1410','Zagorje ob Savi',NULL,190,0),(367,345,'f','','Damijana','Hrabar','Rozmanova 4c',NULL,'6250','Ilirska Bistrica',NULL,190,0),(368,346,'f','','suzana','Zorko','Log 56',NULL,'8294','Boštanj',NULL,190,0),(369,347,'f','','PETRA','BERTALANIČ','ULICA ANE GALETOVE 2B',NULL,'1290','GROSUPLJE',NULL,190,0),(370,347,'f','PIRNAR D.O.O.','PETRA','BERTALANIČ','Spodnje Gameljne 36',NULL,'1211','Ljubljana-Šmartno',NULL,190,0),(371,348,'m','','Nikola','Pijerov','II.prekomorske brigade 22a',NULL,'6000','Koper',NULL,190,0),(372,349,'f','','Petra','Mrhar','Pod lipami 18',NULL,'1000','Ljubljana',NULL,190,0),(373,350,'f','','Nina','Jerič','Sinja gorica 34',NULL,'1380','Cerknica',NULL,190,0),(374,351,'m','','URBAN','BOŽIČ','KLANEC 19',NULL,'5250','SOLKAN',NULL,190,0),(375,352,'m','','Izidor','Sosič','Jakčeva 2',NULL,'1000','Ljubljana',NULL,190,0),(376,353,'m','///////////////////////////////','srecko','sajnovic','dornava 136',NULL,'2252','dornava',NULL,190,0),(377,354,'f','','Polona','Dornik','Kocljeva ulica 21',NULL,'9250','Gornja Radgona',NULL,190,0),(378,355,'f','','VESNA','COLJA','ŠEMPAS 40A',NULL,'5261','ŠEMPAS',NULL,190,0),(379,356,'f','','ALENKA','OBLAKOVIČ','STARA LOKA 31',NULL,'4220','ŠKOFJA LOKA',NULL,190,0),(380,357,'f','','Sonja','Berdon','Ul.Oktobrske rev.10A',NULL,'6310','Izola',NULL,190,0),(381,358,'f','','marija','marčeta','RETEČE 46',NULL,'4220','ŠKOFJA LOKA',NULL,190,0),(382,359,'m','ara zalozba','joze','vetrovec','trubarjeva 53',NULL,'1000','ljubljana',NULL,190,0),(383,359,'m','','trubar','joze vetrovec','trubarjeva 53',NULL,'1000','ljubljana',NULL,190,0),(384,359,'m','ara zalozba','joze','vetrovec','cigaletova 5',NULL,'1000','ljubljana',NULL,190,0),(385,360,'f','','Sara','Martinjak','Polička vas 11a',NULL,'2221','Jarenina',NULL,190,0),(386,361,'f','','Špela','Kastelic','Mali Lipoglav 2',NULL,'1293','Šmarje - Sap',NULL,190,0),(387,362,'f','','Polona','Pakiž','Partizanska cesta 12b',NULL,'1381','Rakek',NULL,190,0),(388,362,'f','TTN NADGRADNJE d.o.o.','Polona','Pakiž','Podskrajnik 17',NULL,'1380','Cerknica',NULL,190,0),(389,363,'f','','Jana','Preglav','Spodnji trg 48',NULL,'2367','Vuzenica',NULL,190,0),(390,364,'f','','Urška','Ulčar','Nova vas 90',NULL,'1385','Nova vas',NULL,190,0),(391,365,'f','','Marija','Ranzinger','Gladež 24',NULL,'1411','Izlake',NULL,190,0),(392,366,'f','','Mateja','Nograšek','Pot na Poljane 6a',NULL,'1241','Kamnik',NULL,190,0),(393,367,'f','','Andreja','Rednak','Agrokombinatska 4',NULL,'1000','Ljubljana',NULL,190,0),(394,368,'f','','zdravka','godunc','celovška 145 a',NULL,'1000','ljubljana',NULL,190,0),(395,369,'m','','Miran','Fink','Podhosta 28',NULL,'8350','Dolenjske Toplice',NULL,190,0),(396,370,'m','','bojan','preiner','ul.zlatke karer 8',NULL,'2204','miklavz',NULL,190,0),(397,371,'m','','Borut','Tepina','Breg 102',NULL,'4274','Žirovnica',NULL,190,0),(398,372,'m','','Denis','Žganec','Sernčeva 11',NULL,'2000','Maribor',NULL,190,0),(399,373,'f','Intermatic d.o.o.','Urška','Slatenšek','Glonarjeva 1',NULL,'1000','Ljubljana',NULL,190,0),(400,373,'f','','Nada','Šubic','Brodarska 10',NULL,'1270','Litija',NULL,190,0),(401,268,'f','','Brigita','Končan','Podvin 120',NULL,'3310','Žalec',NULL,190,0),(402,374,'f','','Diana','Jezernik','Legen 37',NULL,'2383','Šmratno pri Slovenj Gradcu',NULL,190,0),(403,375,'m','','miha','ferlan','rožanska 3',NULL,'1000','ljubljana',NULL,190,0),(404,376,'m','','Blaž','Čelešnik','Brodarjev trg 10',NULL,'1000','Ljubljana',NULL,190,0),(405,377,'m','','SEJDINOVIČ','ALEN','KOROŠKA CESTA 4',NULL,'3325','šoštanj',NULL,190,0),(406,378,'f','','Marjeta','Oven','Ulica Željka Tonija 3',NULL,'1211','Ljubljana-Šmartno',NULL,190,0),(407,379,'m','','Miha','Mazzini','Fabianijeva 45',NULL,'1000','Ljubljana',NULL,190,0),(408,380,'f','','simona','martinjak','predoslje 2c',NULL,'4000','kranj',NULL,190,0),(409,381,'m','','simon','gaber','vojkova 12',NULL,'3000','celje',NULL,190,0),(410,382,'f','','VANJA','NUNAR','REPNJE 14 G',NULL,'1217','VODICE',NULL,190,0),(411,383,'f','','Nada','Arh','Francarija 33',NULL,'4205','Preddvor',NULL,190,0),(412,384,'f','','Katarina','Žagar','Srednjevaška ulica 43b',NULL,'1291','Škofljica',NULL,190,0),(413,385,'f','','Katja','Pangršič','Cesta 13. julija 8f',NULL,'1000','Ljubljana',NULL,190,0),(414,386,'m','','Miran','Žagar','spodnji slemen 68a',NULL,'2352','selnica ob dravi',NULL,190,0),(415,387,'f','','polona','gungl','zg. velka 82h',NULL,'2213','zg. velka',NULL,190,0),(416,388,'m','','Rok','Jurjec','Trska cesta 69',NULL,'3254','Podcetrtek',NULL,190,0),(417,389,'m','','Janez','Skoporec','Razbor 13A',NULL,'1434','Loka pri Zidanem Mostu',NULL,190,0),(418,390,'f','','Barbara','Marusic','VIPAVSKA CESTA 89',NULL,'5000','NOVA GORICA',NULL,190,0),(419,391,'f','','nina','krajnc','lenartova pot 66',NULL,'8250','brežice',NULL,190,0),(420,392,'f','','Zvezdana','Mirkovic','Pri vodnjaku 3',NULL,'6000','Koper',NULL,190,0),(421,393,'f','','Marta','Mrzlikar','Brezje pri grosupljem 70',NULL,'1290','Grosuplje',NULL,190,0),(422,394,'m','','Tomaz','Bolka','Srednje Gameljne 62',NULL,'1211','Ljubljana Smartno',NULL,190,0),(423,395,'f','/','Anja','Boštjančič','Harije 8',NULL,'6250','Ilirska Bistrica',NULL,190,0),(424,396,'f','','barbara','jerman','veliki slatnik 11a',NULL,'8000','novo mesto',NULL,190,0),(425,397,'m','','boris','bjelica','dantejeva 35',NULL,'6310','izola',NULL,190,0),(426,398,'f','','Helena','Kacijan','Cesta ob Barju 56f',NULL,'1291','ŠKOFLJICA',NULL,190,0),(427,399,'f','','Danica','Tavčar','Godnje 20',NULL,'6221','Dutovlje',NULL,190,0),(428,400,'m','','Uroš','Džolić','Podgorje 131',NULL,'1241','Kamnik',NULL,190,0),(429,401,'f','','Maja','Peterkovic','Mala colnarska 3',NULL,'1000','LJUBLJANA',NULL,190,0),(430,402,'m','','BOŠTJAN','PEROŠA','MEDVOŠKA CESTA 16',NULL,'1215','MEDVODE',NULL,190,0),(431,403,'m','','David','Golić','Gasilska pot 21',NULL,'8323','Uršna sela',NULL,190,0),(432,404,'f','','Ana','Gligorijević','Trg Presernove brigade 7',NULL,'4000','Kranj',NULL,190,0),(433,405,'f','','Sarka','Wurmova','Sezemicka 531',NULL,'50011','Hradec Kralove',NULL,56,0),(434,406,'f','','sara','berginc','trg golobarskih žrtev 27',NULL,'5230','berginc',NULL,190,0),(435,407,'f','','Andreja','Čušin Gostiša','Kalce 25 C',NULL,'1371','Logatec',NULL,190,0),(436,408,'f','','saša','gorše','prešernova ulica 32',NULL,'1330','kočevje',NULL,190,0),(437,409,'f','Tim International d.o.o.','Manja','Fišter','Obala 101',NULL,'6320','Lucija',NULL,190,0),(438,409,'f','Tim International d.o.o.','Cappuccino','Bar','Obala 101',NULL,'6320','Portorož',NULL,190,0),(439,410,'f','','LIDIJA','KOVAČ','IRJE 1A',NULL,'3250','ROGAŠKA SLATINA',NULL,190,0),(440,411,'f','','Svetlana','Bušen','Med ogradami 9',NULL,'5250','Solkan',NULL,190,0),(441,412,'f','','Lara','Jelen','šentrupert 93f',NULL,'3271','šentrupert',NULL,190,0),(442,413,'f','','Mojca','Fric','Dramlje 79',NULL,'3222','Dramlje',NULL,190,0),(443,414,'m','','Matic','Vrabic','Vodnikov trg 5',NULL,'1000','Ljubljana',NULL,190,0),(444,415,'f','','Petra','Žirovnik Grudnik','Rožičeva 3',NULL,'1230','Domžale',NULL,190,0),(445,416,'m','Gold Club d.o.o.','dejan','gasparini','Lipica 21',NULL,'6210','Sežana',NULL,190,0),(446,417,'m','','Urban','Grubar','Maistrova ulica 24',NULL,'2000','Maribor',NULL,190,0),(447,418,'m','','Aleš','Berdon','Oktobrske revolucije 10a',NULL,'6310','Izola',NULL,190,0),(448,419,'m','','VLADO','VENUTI','BEZENŠKOVA 63',NULL,'2000','MARIBOR',NULL,190,0),(449,420,'f','','Marija','Gorenc Novak','Hleviše 18',NULL,'1371','Rovte',NULL,190,0),(450,421,'m','','Goran','Stumergar','Ulica 25 Maja 7',NULL,'2250','Ptuj',NULL,190,0),(451,422,'m','','Primož','Jelinčič','Soča 50',NULL,'5232','soča',NULL,190,0),(452,423,'m','Ales Surina s.p.','Aleš','Surina','Nova Vas pri Jelsanah 7',NULL,'6254','Jelsane',NULL,190,0),(453,424,'f','','tatjana','dežman markič','primožičeva ul. 35',NULL,'1231','ljubljana',NULL,190,0),(454,425,'m','','Andrej','Korošec','Miševa ulica 11',NULL,'1230','Domžale',NULL,190,0),(455,426,'m','HP-HIŠA PROJEKTOV d.o.o.','Ivo','Hafner','Preloge 15',NULL,'1211','Ljubljana-Šmartno',NULL,190,0),(456,427,'m','PB Janez Jerina s.p.','Janez','Jerina','Stara cesta 73',NULL,'1370','LOGATEC',NULL,190,0),(457,428,'f','','Maja','Ogrič','MLADINSKA 4',NULL,'5281','SPODNJA IDRIJA',NULL,190,0),(458,429,'f','','Tjaša','Logaj','Log pri Mlinšah 5',NULL,'1411','Izlake',NULL,190,0),(459,430,'f','','Katja','Klemenšek','Robanov Kot 8',NULL,'3335','Solčava',NULL,190,0),(460,431,'m','','Miha','Vergelj','Sončni log 3b',NULL,'1370','Logatec',NULL,190,0),(461,432,'m','','Sandi','Voršič','Pavlovci 15a',NULL,'2270','ORMOŽ',NULL,190,0),(462,433,'f','','valentina','pocic','zbelovo 10',NULL,'3215','loce',NULL,190,0),(463,434,'f','','TINA','KOŠENINA','CANKARJEVA 23',NULL,'1241','KAMNIK',NULL,190,0),(464,435,'m','','Žiga','Smiljanič','Krivec 6',NULL,'1000','Ljubljana',NULL,190,0),(465,436,'f','','Mija','Cerjak','Žiče 97',NULL,'3215','Loče',NULL,190,0),(466,437,'f','','Samantha','Malok','Stara ulica 10',NULL,'9000','Murska Sobota',NULL,190,0),(467,437,'m','','Roman','Pungartnik','Gabrsko 41/a',NULL,'1420','Trbovlje',NULL,190,0),(468,438,'m','','Jaka','Slavinec','Mackovci 58',NULL,'1230','Domzale',NULL,190,0),(469,439,'m','','Danilo','Špitalar','Trg revolucije 17E',NULL,'1420','Trbovlje',NULL,190,0),(470,440,'f','','Natasa','Škrlj','Planina 76/B',NULL,'5270','Ajdovščina',NULL,190,0),(471,441,'m','Hoby','Josip','Gregorčič','Kratka ulica 5',NULL,'1351','Brezovica',NULL,190,0),(472,442,'f','','Urška','Kavalar','Moste 77',NULL,'4274','Žirovnica',NULL,190,0),(473,443,'f','','Janja','Reberšak','Sedlarjevo 11',NULL,'3255','Buče',NULL,190,0),(474,387,'f','','POLONA','GUNGL','VRATJI VRH 2',NULL,'9253 APAČE','APAČE',NULL,190,0),(475,444,'f','','Lucija','Norčič','Marinovševa 3a',NULL,'1000','Ljubljana',NULL,190,0),(476,445,'f','Sensum d.o.o.','Sabina','Alihodžić','Tehnološki park 21',NULL,'1000','Ljubljana',NULL,190,0),(477,446,'m','','Roman','Stropnik','Ravne 21',NULL,'3325','Šoštanj',NULL,190,0),(478,447,'m','','Rok','Spanring','Ul. Milke Volk 47',NULL,'2312','Orehova Vas',NULL,190,0),(479,448,'f','','Marta','Prezelj','čopičeva 14a',NULL,'5280','Idrija',NULL,190,0),(480,449,'m','','dušan','kočevar','lož, smelijevo naselje 35',NULL,'1386','stari trg',NULL,190,0),(481,450,'f','','Nataša','Kokar Zakrajšek','Bratovševa pl. 26',NULL,'1000','Ljubljana',NULL,190,0),(482,451,'m','','Urban','Čizmarevič','Ulica Pohorskega bataljona 36',NULL,'2310','Slovenska Bistrica',NULL,190,0),(483,452,'f','zptm brežice','mateja','gerjevič','gubčeva 10a',NULL,'8250','brežice',NULL,190,0),(484,453,'f','','Melita','Meglič','Podvrh 12',NULL,'8292','Zabukovje',NULL,190,0),(485,454,'m','','Primož','Trček','Tržaška cesta 107a',NULL,'1370','Logatec',NULL,190,0),(486,455,'f','','Denisa','Lavrencic','Trnovec 4 a',NULL,'1215','Medvode',NULL,190,0),(487,456,'f','','Katja','Babič Kaligarič','Cetore 16',NULL,'6310','Izola',NULL,190,0),(488,457,'m','','YAO WEI','CHAO','No.660, Sec. 2, Liming Rd.,',NULL,'40449','Taichung City',NULL,206,0),(489,458,'m','','danijel','mithans','istrska 50',NULL,'2000','maribor',NULL,190,0),(490,459,'m','','Roberto','Ramundo','Martiri della Libertà 13',NULL,'80046','San Giorgio a Cremano - NAPOLI',NULL,105,0),(491,460,'f','','Katarina','Fajfar','Pokopaliska pot 5',NULL,'4202','Naklo',NULL,190,0),(492,461,'f','','Verena','Sommerauer-Dani','Johann-Fichte-Str. 11',NULL,'80850','München',NULL,81,0),(493,461,'f','Österreichisches Generalkonsulat','Verena','Sommerauer-Dani','Ismaninger Str. 136',NULL,'81675','München',NULL,81,0),(494,462,'m','Bevog d.o.o.','Janko','Šantavec','Grajska Cesta 27',NULL,'9250','Gornja Radgona',NULL,190,0),(495,463,'m','','Rok','Živkovič','trg prešernove brigade 7',NULL,'4000','kranj',NULL,190,0),(496,464,'f','','Klavdija','Pfeifer','Zgornji brnik 67',NULL,'4207','Cerklje',NULL,190,0),(497,465,'m','','PRIMOŽ','KRAMER','PROŽINSKA VAS 22/D',NULL,'3220','Store',NULL,190,0),(498,466,'f','','Barbara','Urek','Frankovo naselje 70',NULL,'4220','Škofja Loka',NULL,190,0),(499,466,'m','','Roman','Pušavec','Tenetiše 16A',NULL,'4204','Golnik',NULL,190,0),(500,467,'f','','maja','sirca','kolodvorska 3a',NULL,'6215','divača',NULL,190,0),(501,468,'f','','Nina','Skitek','V Boršt 1',NULL,'1235','Radomlje',NULL,190,0),(502,469,'f','','helena','gajšek','bodrisna vas 8',NULL,'3231','grobelno',NULL,190,0),(503,470,'f','','sandra','nučič','predole 10',NULL,'1290','grosuplje',NULL,190,0),(504,471,'f','','Petra','Komac','Postaja 14',NULL,'5216','Most na Soči',NULL,190,0),(505,472,'m','','Mirko','Blažič','Cesta treh talcev 28',NULL,'1240','kamnik',NULL,190,0),(506,473,'f','','Karmen','Bencik','BREZNIKOVA CESTA 61A, IHAN',NULL,'1230','Domžale',NULL,190,0),(507,474,'f','','TADEJA','OBRADOVIČ','ŠKRJANČEVO 102',NULL,'1235','RADOMLJE',NULL,190,0),(512,479,'f','','Nusa','Hocevar','Selo 18',NULL,'4274','Žirovnica',NULL,190,0),(509,476,'f','','Tanja','Lužnik','Selo 28',NULL,'4274','Žirovnica',NULL,190,0),(510,477,'f','','Maja','Lazar Jančič','Hermana Potočnika 9',NULL,'1000','Ljubljana',NULL,190,0),(511,478,'m','JAC, Jasko Kambur s.p.','jasko','kambur','kotlje 195',NULL,'2394','kotlje',NULL,190,0),(513,480,'m','','Luka','Mohar','Kuclerjeva ulica 1',NULL,'1360','Vrhnika',NULL,190,0),(514,481,'f','','RUDI','KLARIČ','PODGOZD 5',NULL,'1292','IG',NULL,190,0),(515,482,'f','','Sonja','Cvjetinovic','Slovenska cesta 82',NULL,'1234','Menges',NULL,190,0),(516,482,'f','','Jozi','Cvjetinovic','Slovenska cesta 82',NULL,'1234','Menges',NULL,190,0),(517,483,'f','','Sara','Zalezina','Zabukovje nad Sevnico 69',NULL,'8292','Zabukovje',NULL,190,0),(518,483,'m','','Dejan','Romih','Mrzla planina 45',NULL,'8292','Zabukovje',NULL,190,0),(519,484,'f','','Jasmina','Strnad','Podpeč 17',NULL,'1312','Videm-Dobrepolje',NULL,190,0),(520,484,'f','Onkološki inštitut Ljubjana','Jasmina','Strnad','Zaloška 2',NULL,'1000','Ljubljana',NULL,190,0),(521,485,'f','1988','Nataša','Kranjčič','Mestne njive 3',NULL,'8000','Novo mesto',NULL,190,0),(522,486,'f','','Nea','Hladnik Štucin','Visoče 16',NULL,'4290','Tržič',NULL,190,0),(523,487,'f','','Tinkara Roza','Kosi','Goriška 22',NULL,'2000','Maribor',NULL,190,0),(524,488,'m','','MARKO','FERK','glavni trg 24',NULL,'2000','Maribor',NULL,190,0),(525,489,'m','','Anton','Kresal','Frajhajm 32',NULL,'2315','Šmartno na Pohorju',NULL,190,0),(526,490,'f','','Ksenija','Stopar','Slap 75',NULL,'5271','Vipava',NULL,190,0),(527,491,'m','','Marcel','Kukovec','Zgornja Kungota 13g',NULL,'2201','Zgornja Kungota',NULL,190,0),(528,492,'m','Miha Podbevšek s.p.','Miha','Podbevšek','Špruha 4',NULL,'1236','Trzin',NULL,190,0),(529,493,'f','','Tina','Tajner','Litijska cesta 300g',NULL,'1261','Ljubljana Dobrunje',NULL,190,0),(530,494,'f','','PETRA','CERAR','LJUBLLJANSKA 24',NULL,'1230','DOMŽALE',NULL,190,0),(531,495,'f','','Janja','Kranjc','Maistrova 6',NULL,'8250','Brežice',NULL,190,0),(532,496,'m','','Vinko','Kavčič','Vojsko 12',NULL,'8282','Koprivnica',NULL,190,0),(533,497,'f','','Elizabeta','Praprotnik','Ročevnica 10',NULL,'4290','Tržič',NULL,190,0),(534,498,'m','','Joze','Kosmrl','Trata IX/9, Slovenija',NULL,'1330','Kocevje',NULL,190,0),(535,499,'m','','jaša','kramaršič','Zgornja javoršica 56',NULL,'1251','moravče',NULL,190,0),(537,501,'m','','Alen','Plut','Prisojna pot 22',NULL,'8000','Novo mesto',NULL,190,0),(538,502,'f','','Herta','Oresic','Gosposvetska 3',NULL,'2000','Maribor',NULL,190,0),(539,503,'f','','Nina','Lokovšek','Bajtova ulica 3',NULL,'1000','Ljubljana',NULL,190,0),(540,504,'f','','Katja','Širca','Vena Pilona 2',NULL,'6000','Koper',NULL,190,0),(541,505,'f','','Milena','Škrabl','Goriška 6',NULL,'2000','Maribor',NULL,190,0),(542,505,'m','','Albin','Škrabl','Goriška 6',NULL,'2000','Maribor',NULL,190,0),(543,506,'f','','Petra','Rozman','Besnica 56',NULL,'1000','Ljubljana',NULL,190,0),(544,507,'f','','Katarina','Hafner','Dražgoška ulica 14',NULL,'1000','Ljubljana',NULL,190,0),(545,508,'f','','Nataša','Tomić Daničić','Preglov trg 2',NULL,'1000','Ljubljana',NULL,190,0),(546,509,'f','Alumatik d.o.o.','Tjasa','Fidler Jasnic','Mokrska, 51f',NULL,'1000','Ljubljana',NULL,190,0),(547,510,'f','--','Mia','Dintinjana','Rusjanov trg 6',NULL,'1120','Ljubljana',NULL,190,0),(548,511,'m','Natura Classica','Vojo','Lukic','Monte Rosa 30',NULL,'1186 BZ','Amstelveen',NULL,150,0),(549,512,'f','Outfit7 Limited','Tina','Podgornik','Agiou Georgiou',NULL,'4607','Pissouri',NULL,55,0),(550,513,'m','','SLAVICA','GREGOR','VELIKI KAMEN 49',NULL,'8282','8282 KOPRIVNICA',NULL,190,0),(551,514,'f','','Alenka','Kljun','ul. Oktobrske revolucije 19b',NULL,'6310','Izola',NULL,190,0),(552,515,'f','','Maja','Kuralt','Dezmanova 1',NULL,'4248','Lesce',NULL,190,0),(553,516,'m','LGM d.o.o.','Gregor','Gregorc','Gorenjska cesta 20',NULL,'1234','Mengeš',NULL,190,0),(554,516,'m','','Gregor','Gregorc','Utik 53',NULL,'1217','Vodice',NULL,190,0),(555,517,'f','','Nataša','Sax','Trnovski pristan 4a',NULL,'1000','Ljubljana',NULL,190,0),(556,518,'f','','Barbara','Kvac','Sončni log 3',NULL,'1370','Logatec',NULL,190,0);

--
-- Table structure for table `address_format`
--

CREATE TABLE `address_format` (
  `address_format_id` int(11) NOT NULL AUTO_INCREMENT,
  `address_format` varchar(128) NOT NULL,
  `address_summary` varchar(48) NOT NULL,
  PRIMARY KEY (`address_format_id`)
) ENGINE=MyISAM AUTO_INCREMENT=7 DEFAULT CHARSET=utf8;

--
-- Dumping data for table `address_format`
--

INSERT INTO `address_format` VALUES (1,'$firstname $lastname$cr$streets$cr$city, $postcode$cr$statecomma$country','$city / $country'),(2,'$firstname $lastname$cr$streets$cr$city, $state    $postcode$cr$country','$city, $state / $country'),(3,'$firstname $lastname$cr$streets$cr$city$cr$postcode - $statecomma$country','$state / $country'),(4,'$firstname $lastname$cr$streets$cr$city ($postcode)$cr$country','$postcode / $country'),(5,'$firstname $lastname$cr$streets$cr$postcode $city$cr$country','$city / $country'),(6,'$firstname $lastname$cr$streets$cr SI-$postcode $city$cr$country','$city/$country');

--
-- Table structure for table `administrators`
--

CREATE TABLE `administrators` (
  `id` int(11) NOT NULL AUTO_INCREMENT,
  `user_name` varchar(32) NOT NULL,
  `user_password` varchar(40) NOT NULL,
  PRIMARY KEY (`id`)
) ENGINE=MyISAM AUTO_INCREMENT=3 DEFAULT CHARSET=utf8;

--
-- Dumping data for table `administrators`
--

INSERT INTO `administrators` VALUES (1,'agila','aa4cab2f090bdf0a924573cdd09b73d4:d8'),(2,'krasevka','b83ca8de0f83d00b358780cea9bfb853:3e');

--
-- Table structure for table `banners`
--

CREATE TABLE `banners` (
  `banners_id` int(11) NOT NULL AUTO_INCREMENT,
  `banners_title` varchar(64) NOT NULL,
  `banners_url` varchar(255) NOT NULL,
  `banners_image` varchar(64) NOT NULL,
  `banners_group` varchar(10) NOT NULL,
  `banners_html_text` text,
  `expires_impressions` int(7) DEFAULT '0',
  `expires_date` datetime DEFAULT NULL,
  `date_scheduled` datetime DEFAULT NULL,
  `date_added` datetime NOT NULL,
  `date_status_change` datetime DEFAULT NULL,
  `status` int(1) NOT NULL DEFAULT '1',
  PRIMARY KEY (`banners_id`),
  KEY `idx_banners_group` (`banners_group`)
) ENGINE=MyISAM DEFAULT CHARSET=utf8;

--
-- Dumping data for table `banners`
--


--
-- Table structure for table `banners_history`
--

CREATE TABLE `banners_history` (
  `banners_history_id` int(11) NOT NULL AUTO_INCREMENT,
  `banners_id` int(11) NOT NULL,
  `banners_shown` int(5) NOT NULL DEFAULT '0',
  `banners_clicked` int(5) NOT NULL DEFAULT '0',
  `banners_history_date` datetime NOT NULL,
  PRIMARY KEY (`banners_history_id`),
  KEY `idx_banners_history_banners_id` (`banners_id`)
) ENGINE=MyISAM DEFAULT CHARSET=utf8;

--
-- Dumping data for table `banners_history`
--


--
-- Table structure for table `categories`
--

CREATE TABLE `categories` (
  `categories_id` int(11) NOT NULL AUTO_INCREMENT,
  `categories_image` varchar(64) DEFAULT NULL,
  `parent_id` int(11) NOT NULL DEFAULT '0',
  `sort_order` int(3) DEFAULT NULL,
  `date_added` datetime DEFAULT NULL,
  `last_modified` datetime DEFAULT NULL,
  PRIMARY KEY (`categories_id`),
  KEY `idx_categories_parent_id` (`parent_id`)
) ENGINE=MyISAM AUTO_INCREMENT=62 DEFAULT CHARSET=utf8;

--
-- Dumping data for table `categories`
--

INSERT INTO `categories` VALUES (1,'pixel_trans.gif',0,50,'2009-01-09 10:00:00','2009-01-23 17:44:55'),(2,'pixel_trans.gif',1,1,'2009-01-09 10:00:01',NULL),(3,'pixel_trans.gif',1,2,'2009-01-09 10:00:02',NULL),(4,'pixel_trans.gif',1,3,'2009-01-09 10:00:03',NULL),(5,'pixel_trans.gif',0,51,'2009-01-09 10:00:04','2009-01-23 17:45:10'),(7,'pixel_trans.gif',0,3,'2009-01-09 10:00:06',NULL),(8,'pixel_trans.gif',7,1,'2009-01-09 10:00:07',NULL),(9,'pixel_trans.gif',7,2,'2009-01-09 10:00:08',NULL),(10,'pixel_trans.gif',0,4,'2009-01-09 10:00:09','2011-12-08 23:17:27'),(11,'pixel_trans.gif',10,1,'2009-01-09 10:00:10',NULL),(12,'pixel_trans.gif',10,2,'2009-01-09 10:00:11',NULL),(13,'pixel_trans.gif',10,3,'2009-01-09 10:00:12',NULL),(14,'pixel_trans.gif',10,4,'2009-01-09 10:00:13','2016-03-09 23:01:11'),(15,'pixel_trans.gif',10,5,'2009-01-09 10:00:14',NULL),(16,'pixel_trans.gif',0,5,'2009-01-09 10:00:15','2010-11-08 23:57:37'),(17,'pixel_trans.gif',16,1,'2009-01-09 10:00:16',NULL),(18,'pixel_trans.gif',16,2,'2009-01-09 10:00:17',NULL),(20,'pixel_trans.gif',0,6,'2009-01-09 10:00:19',NULL),(21,'pixel_trans.gif',0,7,'2009-01-09 10:00:20',NULL),(22,'pixel_trans.gif',21,1,'2009-01-09 10:00:21',NULL),(23,'pixel_trans.gif',21,2,'2009-01-09 10:00:22',NULL),(24,'pixel_trans.gif',21,3,'2009-01-09 10:00:23',NULL),(25,'pixel_trans.gif',0,8,'2009-01-09 10:00:24','2020-05-05 22:00:20'),(26,'pixel_trans.gif',25,1,'2009-01-09 10:00:25',NULL),(27,'pixel_trans.gif',25,2,'2009-01-09 10:00:26','2020-04-30 10:18:00'),(28,'pixel_trans.gif',25,3,'2009-01-09 10:00:27',NULL),(29,'pixel_trans.gif',0,9,'2009-01-09 10:00:28',NULL),(48,NULL,16,0,'2009-12-07 18:12:10','2009-12-07 18:12:18'),(31,'pixel_trans.gif',0,11,'2009-01-09 10:00:30','2020-04-23 21:12:12'),(32,'pixel_trans.gif',31,1,'2009-01-09 10:00:31',NULL),(33,'pixel_trans.gif',31,2,'2009-01-09 10:00:32',NULL),(35,'pixel_trans.gif',0,12,'2009-01-09 10:00:34',NULL),(36,'pixel_trans.gif',0,13,'2009-01-09 10:00:35',NULL),(37,'pixel_trans.gif',36,1,'2009-01-09 10:00:36',NULL),(38,'pixel_trans.gif',36,2,'2009-01-09 10:00:37',NULL),(39,'pixel_trans.gif',36,3,'2009-01-09 10:00:38',NULL),(40,'pixel_trans.gif',0,14,'2009-01-09 10:00:39',NULL),(41,'pixel_trans.gif',0,15,'2009-01-09 10:00:40','2012-10-30 23:53:41'),(43,'pladenj_za_prsut.jpg',47,1,'2009-01-09 10:00:42','2014-10-07 09:17:20'),(61,NULL,47,0,'2016-02-16 09:33:48',NULL),(45,'Kras_kamen_zivljenje.jpg',47,3,'2009-01-09 10:00:44','2009-03-06 20:21:01'),(47,'Knjiga Vremska dolina.JPG',0,16,'2009-03-06 20:03:36','2009-03-06 20:21:45'),(52,NULL,25,4,'2010-01-31 23:46:18','2010-01-31 23:47:50'),(53,NULL,0,11,'2011-04-14 21:38:01','2012-05-07 19:03:28'),(54,NULL,36,0,'2011-09-06 20:35:40',NULL),(55,NULL,36,0,'2011-10-19 22:52:28',NULL),(56,NULL,0,11,'2012-05-07 19:02:45','2012-05-07 19:03:17'),(57,NULL,47,0,'2012-10-15 20:59:08','2012-10-15 21:00:25'),(58,NULL,36,0,'2013-08-29 23:28:25',NULL),(59,NULL,16,0,'2014-02-27 22:24:39',NULL),(60,NULL,47,0,'2014-02-27 22:29:22',NULL);

--
-- Table structure for table `categories1`
--

CREATE TABLE `categories1` (
  `categories_id` int(11) NOT NULL AUTO_INCREMENT,
  `categories_image` varchar(64) DEFAULT NULL,
  `parent_id` int(11) NOT NULL DEFAULT '0',
  `sort_order` int(3) DEFAULT NULL,
  `date_added` datetime DEFAULT NULL,
  `last_modified` datetime DEFAULT NULL,
  PRIMARY KEY (`categories_id`),
  KEY `idx_categories_parent_id` (`parent_id`)
) ENGINE=MyISAM AUTO_INCREMENT=16 DEFAULT CHARSET=utf8;

--
-- Dumping data for table `categories1`
--

INSERT INTO `categories1` VALUES (1,'pixel_trans.gif',0,1,'2008-06-28 21:10:19',NULL),(2,'pixel_trans.gif',0,2,'2008-06-28 21:10:20',NULL),(3,'pixel_trans.gif',0,3,'2008-06-28 21:10:21',NULL),(4,'pixel_trans.gif',0,4,'2008-06-28 21:10:22',NULL),(5,'pixel_trans.gif',0,5,'2008-06-28 21:10:24',NULL),(6,'pixel_trans.gif',0,6,'2008-06-28 21:10:25',NULL),(7,'pixel_trans.gif',0,7,'2008-06-28 21:10:25',NULL),(8,'pixel_trans.gif',0,8,'2008-06-28 21:10:27',NULL),(9,'pixel_trans.gif',0,9,'2008-06-28 21:10:28',NULL),(10,'pixel_trans.gif',0,10,'2008-06-28 21:10:29',NULL),(11,'pixel_trans.gif',0,11,'2008-06-28 21:10:30',NULL),(12,'pixel_trans.gif',0,12,'2008-06-28 21:10:32',NULL),(13,'pixel_trans.gif',0,13,'2008-06-28 21:10:34',NULL),(14,'pixel_trans.gif',0,1,'2008-06-28 21:10:41','2008-10-29 16:14:19'),(15,'štaj-prem0,5l.JPG',0,0,'2008-10-17 17:55:24','2008-10-25 11:35:30');

--
-- Table structure for table `categories_description`
--

CREATE TABLE `categories_description` (
  `categories_id` int(11) NOT NULL DEFAULT '0',
  `language_id` int(11) NOT NULL DEFAULT '1',
  `categories_name` varchar(60) NOT NULL,
  PRIMARY KEY (`categories_id`,`language_id`),
  KEY `idx_categories_name` (`categories_name`)
) ENGINE=MyISAM DEFAULT CHARSET=utf8;

--
-- Dumping data for table `categories_description`
--

INSERT INTO `categories_description` VALUES (1,1,'Siri'),(2,1,'kravji siri'),(3,1,'ovčji siri'),(4,1,'kozji siri'),(5,1,'Mesnine'),(7,1,'Marmelade in sokovi'),(8,1,'marmelade'),(9,1,'sokovi'),(10,1,'Sladki program'),(11,1,'čokolade'),(12,1,'čokoladni bonboni in praline'),(13,1,'slano pecivo'),(14,1,'piškoti'),(15,1,'namazi'),(16,1,'Med in medica'),(17,1,'kraški med'),(18,1,'med izpod Snežnika'),(20,1,'Sušeno sadje'),(21,1,'Kisi'),(22,1,'sadni kisi'),(23,1,'balzamični kisi'),(24,1,'vinski kis'),(25,1,'Oljčna olja, pesto, namazi, vložene oljke'),(26,1,'oljčna olja'),(27,1,'pesto in namazi'),(28,1,'izdelki v oljčnem olju'),(29,1,'Bučna olja'),(48,1,'kočevski med'),(31,1,'Zelišča, čaji'),(32,1,'zelišča'),(33,1,'čaji'),(35,1,'Likerji'),(36,1,'Vina'),(37,1,'kraški vinorodni okoliš'),(38,1,'vina Slovenske Istre'),(39,1,'penine'),(40,1,'Žganja'),(41,1,'Darilne košare, ročke in kompleti'),(43,1,'izdelki iz kraškega kamna in lesa'),(61,1,'Naravna kozmetika'),(45,1,'knjige in vodniki'),(47,1,'Neživila'),(52,1,'zelenjava'),(53,1,'Orehova olja'),(54,1,'vipavski vinorodni okoliš'),(55,1,'štajerski vinorodni okoliš'),(56,1,'Sončnična olja'),(57,1,'voščilnice'),(58,1,'koprski vinorodni okoliš'),(59,1,'Plečnikov med'),(60,1,'Plečnikova skodelica');

--
-- Table structure for table `categories_description1`
--

CREATE TABLE `categories_description1` (
  `categories_id` int(11) NOT NULL DEFAULT '0',
  `language_id` int(11) NOT NULL DEFAULT '1',
  `categories_name` varchar(60) NOT NULL,
  PRIMARY KEY (`categories_id`,`language_id`),
  KEY `idx_categories_name` (`categories_name`)
) ENGINE=MyISAM DEFAULT CHARSET=utf8;

--
-- Dumping data for table `categories_description1`
--

INSERT INTO `categories_description1` VALUES (15,1,'Bučno olje'),(10,1,'Čokolade, slaščice, krekerji'),(14,1,'Darilni seti in košare'),(13,1,'Izdelki iz kamna, knjige'),(1,1,'Kraška in brkinska žganja'),(4,1,'Kraški med'),(8,1,'Likerji'),(7,1,'Marmelade in namazi'),(6,1,'Med izpod Snežnika'),(5,1,'Med z dodanimi eteričnimi olji'),(12,1,'Oljčno olje,vložene olive,pesto'),(2,1,'Sadni kisi in sokovi'),(3,1,'Suho sadje in moka'),(9,1,'Vina'),(11,1,'Zelišča in čaji, jurčki');

--
-- Table structure for table `configuration`
--

CREATE TABLE `configuration` (
  `configuration_id` int(11) NOT NULL AUTO_INCREMENT,
  `configuration_title` varchar(255) NOT NULL,
  `configuration_key` varchar(255) NOT NULL,
  `configuration_value` varchar(255) NOT NULL,
  `configuration_description` varchar(255) NOT NULL,
  `configuration_group_id` int(11) NOT NULL,
  `sort_order` int(5) DEFAULT NULL,
  `last_modified` datetime DEFAULT NULL,
  `date_added` datetime NOT NULL,
  `use_function` varchar(255) DEFAULT NULL,
  `set_function` varchar(255) DEFAULT NULL,
  PRIMARY KEY (`configuration_id`)
) ENGINE=MyISAM AUTO_INCREMENT=152 DEFAULT CHARSET=utf8;

--
-- Dumping data for table `configuration`
--

INSERT INTO `configuration` VALUES (1,'Store Name','STORE_NAME','Kraševka','The name of my store',1,1,'2011-07-25 19:53:50','2008-07-04 09:27:37',NULL,NULL),(2,'Store Owner','STORE_OWNER','Krasevka','The name of my store owner',1,2,'2008-07-08 10:48:19','2008-07-04 09:27:37',NULL,NULL),(3,'E-Mail Address','STORE_OWNER_EMAIL_ADDRESS','info@krasevka.si','The e-mail address of my store owner',1,3,'2008-07-04 15:04:17','2008-07-04 09:27:37',NULL,NULL),(4,'E-Mail From','EMAIL_FROM','info@krasevka.si','The e-mail address used in (sent) e-mails',1,4,'2008-07-04 15:06:28','2008-07-04 09:27:37',NULL,NULL),(5,'Country','STORE_COUNTRY','190','The country my store is located in <br><br><b>Note: Please remember to update the store zone.</b>',1,6,'2008-07-04 15:04:56','2008-07-04 09:27:37','tep_get_country_name','tep_cfg_pull_down_country_list('),(6,'Zone','STORE_ZONE','','The zone my store is located in',1,7,'2008-07-04 15:05:03','2008-07-04 09:27:37','tep_cfg_get_zone_name','tep_cfg_pull_down_zone_list('),(7,'Expected Sort Order','EXPECTED_PRODUCTS_SORT','desc','This is the sort order used in the expected products box.',1,8,NULL,'2008-07-04 09:27:37',NULL,'tep_cfg_select_option(array(\'asc\', \'desc\'), '),(8,'Expected Sort Field','EXPECTED_PRODUCTS_FIELD','date_expected','The column to sort by in the expected products box.',1,9,NULL,'2008-07-04 09:27:37',NULL,'tep_cfg_select_option(array(\'products_name\', \'date_expected\'), '),(9,'Switch To Default Language Currency','USE_DEFAULT_LANGUAGE_CURRENCY','false','Automatically switch to the language\'s currency when it is changed',1,10,NULL,'2008-07-04 09:27:37',NULL,'tep_cfg_select_option(array(\'true\', \'false\'), '),(10,'Send Extra Order Emails To','SEND_EXTRA_ORDER_EMAILS_TO','','Send extra order emails to the following email addresses, in this format: Name 1 &lt;email@address1&gt;, Name 2 &lt;email@address2&gt;',1,11,NULL,'2008-07-04 09:27:37',NULL,NULL),(11,'Use Search-Engine Safe URLs (still in development)','SEARCH_ENGINE_FRIENDLY_URLS','false','Use search-engine safe urls for all site links',1,12,NULL,'2008-07-04 09:27:37',NULL,'tep_cfg_select_option(array(\'true\', \'false\'), '),(12,'Display Cart After Adding Product','DISPLAY_CART','true','Display the shopping cart after adding a product (or return back to their origin)',1,14,NULL,'2008-07-04 09:27:37',NULL,'tep_cfg_select_option(array(\'true\', \'false\'), '),(13,'Allow Guest To Tell A Friend','ALLOW_GUEST_TO_TELL_A_FRIEND','false','Allow guests to tell a friend about a product',1,15,NULL,'2008-07-04 09:27:37',NULL,'tep_cfg_select_option(array(\'true\', \'false\'), '),(14,'Default Search Operator','ADVANCED_SEARCH_DEFAULT_OPERATOR','and','Default search operators',1,17,NULL,'2008-07-04 09:27:37',NULL,'tep_cfg_select_option(array(\'and\', \'or\'), '),(15,'Store Address and Phone','STORE_NAME_ADDRESS','Store Name\nAddress\nCountry\nPhone','This is the Store Name, Address and Phone used on printable documents and displayed online',1,18,NULL,'2008-07-04 09:27:37',NULL,'tep_cfg_textarea('),(16,'Show Category Counts','SHOW_COUNTS','true','Count recursively how many products are in each category',1,19,NULL,'2008-07-04 09:27:37',NULL,'tep_cfg_select_option(array(\'true\', \'false\'), '),(17,'Tax Decimal Places','TAX_DECIMAL_PLACES','0','Pad the tax value this amount of decimal places',1,20,NULL,'2008-07-04 09:27:37',NULL,NULL),(18,'Display Prices with Tax','DISPLAY_PRICE_WITH_TAX','true','Display prices with tax included (true) or add the tax at the end (false)',1,21,'2008-07-08 14:23:51','2008-07-04 09:27:37',NULL,'tep_cfg_select_option(array(\'true\', \'false\'), '),(19,'First Name','ENTRY_FIRST_NAME_MIN_LENGTH','2','Minimum length of first name',2,1,NULL,'2008-07-04 09:27:37',NULL,NULL),(20,'Last Name','ENTRY_LAST_NAME_MIN_LENGTH','2','Minimum length of last name',2,2,NULL,'2008-07-04 09:27:37',NULL,NULL),(21,'Date of Birth','ENTRY_DOB_MIN_LENGTH','10','Minimum length of date of birth',2,3,NULL,'2008-07-04 09:27:37',NULL,NULL),(22,'E-Mail Address','ENTRY_EMAIL_ADDRESS_MIN_LENGTH','6','Minimum length of e-mail address',2,4,NULL,'2008-07-04 09:27:37',NULL,NULL),(23,'Street Address','ENTRY_STREET_ADDRESS_MIN_LENGTH','5','Minimum length of street address',2,5,NULL,'2008-07-04 09:27:37',NULL,NULL),(24,'Company','ENTRY_COMPANY_MIN_LENGTH','2','Minimum length of company name',2,6,NULL,'2008-07-04 09:27:37',NULL,NULL),(25,'Post Code','ENTRY_POSTCODE_MIN_LENGTH','4','Minimum length of post code',2,7,NULL,'2008-07-04 09:27:37',NULL,NULL),(26,'City','ENTRY_CITY_MIN_LENGTH','2','Minimum length of city',2,8,'2008-08-13 10:35:01','2008-07-04 09:27:37',NULL,NULL),(27,'State','ENTRY_STATE_MIN_LENGTH','2','Minimum length of state',2,9,NULL,'2008-07-04 09:27:37',NULL,NULL),(28,'Telephone Number','ENTRY_TELEPHONE_MIN_LENGTH','3','Minimum length of telephone number',2,10,NULL,'2008-07-04 09:27:37',NULL,NULL),(29,'Password','ENTRY_PASSWORD_MIN_LENGTH','5','Minimum length of password',2,11,NULL,'2008-07-04 09:27:37',NULL,NULL),(30,'Credit Card Owner Name','CC_OWNER_MIN_LENGTH','3','Minimum length of credit card owner name',2,12,NULL,'2008-07-04 09:27:37',NULL,NULL),(31,'Credit Card Number','CC_NUMBER_MIN_LENGTH','10','Minimum length of credit card number',2,13,NULL,'2008-07-04 09:27:37',NULL,NULL),(32,'Review Text','REVIEW_TEXT_MIN_LENGTH','50','Minimum length of review text',2,14,NULL,'2008-07-04 09:27:37',NULL,NULL),(33,'Best Sellers','MIN_DISPLAY_BESTSELLERS','1','Minimum number of best sellers to display',2,15,NULL,'2008-07-04 09:27:37',NULL,NULL),(34,'Also Purchased','MIN_DISPLAY_ALSO_PURCHASED','1','Minimum number of products to display in the \'This Customer Also Purchased\' box',2,16,NULL,'2008-07-04 09:27:37',NULL,NULL),(35,'Address Book Entries','MAX_ADDRESS_BOOK_ENTRIES','5','Maximum address book entries a customer is allowed to have',3,1,NULL,'2008-07-04 09:27:37',NULL,NULL),(36,'Search Results','MAX_DISPLAY_SEARCH_RESULTS','20','Amount of products to list',3,2,'2008-07-04 14:35:19','2008-07-04 09:27:37',NULL,NULL),(37,'Page Links','MAX_DISPLAY_PAGE_LINKS','5','Number of \'number\' links use for page-sets',3,3,NULL,'2008-07-04 09:27:37',NULL,NULL),(38,'Special Products','MAX_DISPLAY_SPECIAL_PRODUCTS','9','Maximum number of products on special to display',3,4,NULL,'2008-07-04 09:27:37',NULL,NULL),(39,'New Products Module','MAX_DISPLAY_NEW_PRODUCTS','9','Maximum number of new products to display in a category',3,5,'2008-07-04 14:34:12','2008-07-04 09:27:37',NULL,NULL),(40,'Products Expected','MAX_DISPLAY_UPCOMING_PRODUCTS','10','Maximum number of products expected to display',3,6,NULL,'2008-07-04 09:27:37',NULL,NULL),(41,'Manufacturers List','MAX_DISPLAY_MANUFACTURERS_IN_A_LIST','0','Used in manufacturers box; when the number of manufacturers exceeds this number, a drop-down list will be displayed instead of the default list',3,7,NULL,'2008-07-04 09:27:37',NULL,NULL),(42,'Manufacturers Select Size','MAX_MANUFACTURERS_LIST','1','Used in manufacturers box; when this value is \'1\' the classic drop-down list will be used for the manufacturers box. Otherwise, a list-box with the specified number of rows will be displayed.',3,7,NULL,'2008-07-04 09:27:37',NULL,NULL),(43,'Length of Manufacturers Name','MAX_DISPLAY_MANUFACTURER_NAME_LEN','15','Used in manufacturers box; maximum length of manufacturers name to display',3,8,NULL,'2008-07-04 09:27:37',NULL,NULL),(44,'New Reviews','MAX_DISPLAY_NEW_REVIEWS','6','Maximum number of new reviews to display',3,9,NULL,'2008-07-04 09:27:37',NULL,NULL),(45,'Selection of Random Reviews','MAX_RANDOM_SELECT_REVIEWS','10','How many records to select from to choose one random product review',3,10,NULL,'2008-07-04 09:27:37',NULL,NULL),(46,'Selection of Random New Products','MAX_RANDOM_SELECT_NEW','10','How many records to select from to choose one random new product to display',3,11,'2008-07-04 14:31:28','2008-07-04 09:27:37',NULL,NULL),(47,'Selection of Products on Special','MAX_RANDOM_SELECT_SPECIALS','10','How many records to select from to choose one random product special to display',3,12,NULL,'2008-07-04 09:27:37',NULL,NULL),(48,'Categories To List Per Row','MAX_DISPLAY_CATEGORIES_PER_ROW','3','How many categories to list per row',3,13,NULL,'2008-07-04 09:27:37',NULL,NULL),(49,'New Products Listing','MAX_DISPLAY_PRODUCTS_NEW','10','Maximum number of new products to display in new products page',3,14,'2008-07-04 14:29:52','2008-07-04 09:27:37',NULL,NULL),(50,'Best Sellers','MAX_DISPLAY_BESTSELLERS','10','Maximum number of best sellers to display',3,15,NULL,'2008-07-04 09:27:37',NULL,NULL),(51,'Also Purchased','MAX_DISPLAY_ALSO_PURCHASED','6','Maximum number of products to display in the \'This Customer Also Purchased\' box',3,16,NULL,'2008-07-04 09:27:37',NULL,NULL),(52,'Customer Order History Box','MAX_DISPLAY_PRODUCTS_IN_ORDER_HISTORY_BOX','6','Maximum number of products to display in the customer order history box',3,17,NULL,'2008-07-04 09:27:37',NULL,NULL),(53,'Order History','MAX_DISPLAY_ORDER_HISTORY','10','Maximum number of orders to display in the order history page',3,18,NULL,'2008-07-04 09:27:37',NULL,NULL),(54,'Product Quantities In Shopping Cart','MAX_QTY_IN_CART','0','Maximum number of product quantities that can be added to the shopping cart (0 for no limit)',3,19,'2008-07-17 14:08:14','2008-07-04 09:27:37',NULL,NULL),(55,'Small Image Width','SMALL_IMAGE_WIDTH','','The pixel width of small images',4,1,'2008-07-06 10:56:14','2008-07-04 09:27:37',NULL,NULL),(56,'Small Image Height','SMALL_IMAGE_HEIGHT','80','The pixel height of small images',4,2,NULL,'2008-07-04 09:27:37',NULL,NULL),(57,'Heading Image Width','HEADING_IMAGE_WIDTH','57','The pixel width of heading images',4,3,NULL,'2008-07-04 09:27:37',NULL,NULL),(58,'Heading Image Height','HEADING_IMAGE_HEIGHT','40','The pixel height of heading images',4,4,NULL,'2008-07-04 09:27:37',NULL,NULL),(59,'Subcategory Image Width','SUBCATEGORY_IMAGE_WIDTH','100','The pixel width of subcategory images',4,5,NULL,'2008-07-04 09:27:37',NULL,NULL),(60,'Subcategory Image Height','SUBCATEGORY_IMAGE_HEIGHT','57','The pixel height of subcategory images',4,6,NULL,'2008-07-04 09:27:37',NULL,NULL),(61,'Calculate Image Size','CONFIG_CALCULATE_IMAGE_SIZE','true','Calculate the size of images?',4,7,NULL,'2008-07-04 09:27:37',NULL,'tep_cfg_select_option(array(\'true\', \'false\'), '),(62,'Image Required','IMAGE_REQUIRED','true','Enable to display broken images. Good for development.',4,8,NULL,'2008-07-04 09:27:37',NULL,'tep_cfg_select_option(array(\'true\', \'false\'), '),(63,'Gender','ACCOUNT_GENDER','true','Display gender in the customers account',5,1,NULL,'2008-07-04 09:27:37',NULL,'tep_cfg_select_option(array(\'true\', \'false\'), '),(64,'Date of Birth','ACCOUNT_DOB','false','Display date of birth in the customers account',5,2,'2008-07-04 12:24:15','2008-07-04 09:27:37',NULL,'tep_cfg_select_option(array(\'true\', \'false\'), '),(65,'Company','ACCOUNT_COMPANY','true','Display company in the customers account',5,3,NULL,'2008-07-04 09:27:37',NULL,'tep_cfg_select_option(array(\'true\', \'false\'), '),(66,'Suburb','ACCOUNT_SUBURB','false','Display suburb in the customers account',5,4,'2008-07-04 12:24:21','2008-07-04 09:27:37',NULL,'tep_cfg_select_option(array(\'true\', \'false\'), '),(67,'State','ACCOUNT_STATE','false','Display state in the customers account',5,5,'2008-07-08 09:28:34','2008-07-04 09:27:37',NULL,'tep_cfg_select_option(array(\'true\', \'false\'), '),(68,'Installed Modules','MODULE_PAYMENT_INSTALLED','cod.php','List of payment module filenames separated by a semi-colon. This is automatically updated. No need to edit. (Example: cc.php;cod.php;paypal.php)',6,0,'2020-04-17 09:03:14','2008-07-04 09:27:37',NULL,NULL),(69,'Installed Modules','MODULE_ORDER_TOTAL_INSTALLED','ot_subtotal.php;ot_shipping.php;ot_tax.php;ot_total.php','List of order_total module filenames separated by a semi-colon. This is automatically updated. No need to edit. (Example: ot_subtotal.php;ot_tax.php;ot_shipping.php;ot_total.php)',6,0,'2008-07-14 12:15:16','2008-07-04 09:27:37',NULL,NULL),(70,'Installed Modules','MODULE_SHIPPING_INSTALLED','flat.php;table.php','List of shipping module filenames separated by a semi-colon. This is automatically updated. No need to edit. (Example: ups.php;flat.php;item.php)',6,0,'2008-07-04 14:46:06','2008-07-04 09:27:37',NULL,NULL),(71,'Enable Cash On Delivery Module','MODULE_PAYMENT_COD_STATUS','True','Do you want to accept Cash On Delevery payments?',6,1,NULL,'2008-07-04 09:27:37',NULL,'tep_cfg_select_option(array(\'True\', \'False\'), '),(72,'Payment Zone','MODULE_PAYMENT_COD_ZONE','0','If a zone is selected, only enable this payment method for that zone.',6,2,NULL,'2008-07-04 09:27:37','tep_get_zone_class_title','tep_cfg_pull_down_zone_classes('),(73,'Sort order of display.','MODULE_PAYMENT_COD_SORT_ORDER','0','Sort order of display. Lowest is displayed first.',6,0,NULL,'2008-07-04 09:27:37',NULL,NULL),(74,'Set Order Status','MODULE_PAYMENT_COD_ORDER_STATUS_ID','0','Set the status of orders made with this payment module to this value',6,0,NULL,'2008-07-04 09:27:37','tep_get_order_status_name','tep_cfg_pull_down_order_statuses('),(80,'Enable Flat Shipping','MODULE_SHIPPING_FLAT_STATUS','False','Do you want to offer flat rate shipping?',6,0,NULL,'2008-07-04 09:27:37',NULL,'tep_cfg_select_option(array(\'True\', \'False\'), '),(81,'Shipping Cost','MODULE_SHIPPING_FLAT_COST','5,33','The shipping cost for all orders using this shipping method.',6,0,NULL,'2008-07-04 09:27:37',NULL,NULL),(82,'Tax Class','MODULE_SHIPPING_FLAT_TAX_CLASS','1','Use the following tax class on the shipping fee.',6,0,NULL,'2008-07-04 09:27:37','tep_get_tax_class_title','tep_cfg_pull_down_tax_classes('),(83,'Shipping Zone','MODULE_SHIPPING_FLAT_ZONE','1','If a zone is selected, only enable this shipping method for that zone.',6,0,NULL,'2008-07-04 09:27:37','tep_get_zone_class_title','tep_cfg_pull_down_zone_classes('),(84,'Sort Order','MODULE_SHIPPING_FLAT_SORT_ORDER','0','Sort order of display.',6,0,NULL,'2008-07-04 09:27:37',NULL,NULL),(85,'Default Currency','DEFAULT_CURRENCY','EUR','Default Currency',6,0,NULL,'2008-07-04 09:27:37',NULL,NULL),(86,'Default Language','DEFAULT_LANGUAGE','si','Default Language',6,0,NULL,'2008-07-04 09:27:37',NULL,NULL),(87,'Default Order Status For New Orders','DEFAULT_ORDERS_STATUS_ID','1','When a new order is created, this order status will be assigned to it.',6,0,NULL,'2008-07-04 09:27:37',NULL,NULL),(88,'Display Shipping','MODULE_ORDER_TOTAL_SHIPPING_STATUS','true','Do you want to display the order shipping cost?',6,1,NULL,'2008-07-04 09:27:37',NULL,'tep_cfg_select_option(array(\'true\', \'false\'), '),(89,'Sort Order','MODULE_ORDER_TOTAL_SHIPPING_SORT_ORDER','2','Sort order of display.',6,2,NULL,'2008-07-04 09:27:37',NULL,NULL),(90,'Allow Free Shipping','MODULE_ORDER_TOTAL_SHIPPING_FREE_SHIPPING','false','Do you want to allow free shipping?',6,3,NULL,'2008-07-04 09:27:37',NULL,'tep_cfg_select_option(array(\'true\', \'false\'), '),(91,'Free Shipping For Orders Over','MODULE_ORDER_TOTAL_SHIPPING_FREE_SHIPPING_OVER','50','Provide free shipping for orders over the set amount.',6,4,NULL,'2008-07-04 09:27:37','currencies->format',NULL),(92,'Provide Free Shipping For Orders Made','MODULE_ORDER_TOTAL_SHIPPING_DESTINATION','national','Provide free shipping for orders sent to the set destination.',6,5,NULL,'2008-07-04 09:27:37',NULL,'tep_cfg_select_option(array(\'national\', \'international\', \'both\'), '),(93,'Display Sub-Total','MODULE_ORDER_TOTAL_SUBTOTAL_STATUS','true','Do you want to display the order sub-total cost?',6,1,NULL,'2008-07-04 09:27:37',NULL,'tep_cfg_select_option(array(\'true\', \'false\'), '),(94,'Sort Order','MODULE_ORDER_TOTAL_SUBTOTAL_SORT_ORDER','1','Sort order of display.',6,2,NULL,'2008-07-04 09:27:37',NULL,NULL),(95,'Display Tax','MODULE_ORDER_TOTAL_TAX_STATUS','true','Do you want to display the order tax value?',6,1,NULL,'2008-07-04 09:27:37',NULL,'tep_cfg_select_option(array(\'true\', \'false\'), '),(96,'Sort Order','MODULE_ORDER_TOTAL_TAX_SORT_ORDER','3','Sort order of display.',6,2,NULL,'2008-07-04 09:27:37',NULL,NULL),(97,'Display Total','MODULE_ORDER_TOTAL_TOTAL_STATUS','true','Do you want to display the total order value?',6,1,NULL,'2008-07-04 09:27:37',NULL,'tep_cfg_select_option(array(\'true\', \'false\'), '),(98,'Sort Order','MODULE_ORDER_TOTAL_TOTAL_SORT_ORDER','4','Sort order of display.',6,2,NULL,'2008-07-04 09:27:37',NULL,NULL),(99,'Country of Origin','SHIPPING_ORIGIN_COUNTRY','223','Select the country of origin to be used in shipping quotes.',7,1,NULL,'2008-07-04 09:27:37','tep_get_country_name','tep_cfg_pull_down_country_list('),(100,'Postal Code','SHIPPING_ORIGIN_ZIP','NONE','Enter the Postal Code (ZIP) of the Store to be used in shipping quotes.',7,2,NULL,'2008-07-04 09:27:37',NULL,NULL),(101,'Enter the Maximum Package Weight you will ship','SHIPPING_MAX_WEIGHT','50','Carriers have a max weight limit for a single package. This is a common one for all.',7,3,NULL,'2008-07-04 09:27:37',NULL,NULL),(102,'Package Tare weight.','SHIPPING_BOX_WEIGHT','3','What is the weight of typical packaging of small to medium packages?',7,4,NULL,'2008-07-04 09:27:37',NULL,NULL),(103,'Larger packages - percentage increase.','SHIPPING_BOX_PADDING','10','For 10% enter 10',7,5,NULL,'2008-07-04 09:27:37',NULL,NULL),(104,'Display Product Image','PRODUCT_LIST_IMAGE','1','Do you want to display the Product Image?',8,1,NULL,'2008-07-04 09:27:37',NULL,NULL),(105,'Display Product Manufaturer Name','PRODUCT_LIST_MANUFACTURER','0','Do you want to display the Product Manufacturer Name?',8,2,NULL,'2008-07-04 09:27:37',NULL,NULL),(106,'Display Product Model','PRODUCT_LIST_MODEL','0','Do you want to display the Product Model?',8,3,NULL,'2008-07-04 09:27:37',NULL,NULL),(107,'Display Product Name','PRODUCT_LIST_NAME','2','Do you want to display the Product Name?',8,4,NULL,'2008-07-04 09:27:37',NULL,NULL),(108,'Display Product Price','PRODUCT_LIST_PRICE','3','Do you want to display the Product Price',8,5,NULL,'2008-07-04 09:27:37',NULL,NULL),(109,'Display Product Quantity','PRODUCT_LIST_QUANTITY','0','Do you want to display the Product Quantity?',8,6,NULL,'2008-07-04 09:27:37',NULL,NULL),(110,'Display Product Weight','PRODUCT_LIST_WEIGHT','0','Do you want to display the Product Weight?',8,7,NULL,'2008-07-04 09:27:37',NULL,NULL),(111,'Display Buy Now column','PRODUCT_LIST_BUY_NOW','4','Do you want to display the Buy Now column?',8,8,NULL,'2008-07-04 09:27:37',NULL,NULL),(112,'Display Category/Manufacturer Filter (0=disable; 1=enable)','PRODUCT_LIST_FILTER','1','Do you want to display the Category/Manufacturer Filter?',8,9,NULL,'2008-07-04 09:27:37',NULL,NULL),(113,'Location of Prev/Next Navigation Bar (1-top, 2-bottom, 3-both)','PREV_NEXT_BAR_LOCATION','2','Sets the location of the Prev/Next Navigation Bar (1-top, 2-bottom, 3-both)',8,10,NULL,'2008-07-04 09:27:37',NULL,NULL),(114,'Check stock level','STOCK_CHECK','true','Check to see if sufficent stock is available',9,1,'2016-05-26 11:56:37','2008-07-04 09:27:37',NULL,'tep_cfg_select_option(array(\'true\', \'false\'), '),(115,'Subtract stock','STOCK_LIMITED','false','Subtract product in stock by product orders',9,2,'2008-07-08 09:02:54','2008-07-04 09:27:37',NULL,'tep_cfg_select_option(array(\'true\', \'false\'), '),(116,'Allow Checkout','STOCK_ALLOW_CHECKOUT','true','Allow customer to checkout even if there is insufficient stock',9,3,NULL,'2008-07-04 09:27:37',NULL,'tep_cfg_select_option(array(\'true\', \'false\'), '),(117,'Mark product out of stock','STOCK_MARK_PRODUCT_OUT_OF_STOCK','***','Display something on screen so customer can see which product has insufficient stock',9,4,NULL,'2008-07-04 09:27:37',NULL,NULL),(118,'Stock Re-order level','STOCK_REORDER_LEVEL','5','Define when stock needs to be re-ordered',9,5,NULL,'2008-07-04 09:27:37',NULL,NULL),(119,'Store Page Parse Time','STORE_PAGE_PARSE_TIME','false','Store the time it takes to parse a page',10,1,NULL,'2008-07-04 09:27:37',NULL,'tep_cfg_select_option(array(\'true\', \'false\'), '),(120,'Log Destination','STORE_PAGE_PARSE_TIME_LOG','/var/log/www/tep/page_parse_time.log','Directory and filename of the page parse time log',10,2,NULL,'2008-07-04 09:27:37',NULL,NULL),(121,'Log Date Format','STORE_PARSE_DATE_TIME_FORMAT','%d/%m/%Y %H:%M:%S','The date format',10,3,NULL,'2008-07-04 09:27:37',NULL,NULL),(122,'Display The Page Parse Time','DISPLAY_PAGE_PARSE_TIME','true','Display the page parse time (store page parse time must be enabled)',10,4,NULL,'2008-07-04 09:27:37',NULL,'tep_cfg_select_option(array(\'true\', \'false\'), '),(123,'Store Database Queries','STORE_DB_TRANSACTIONS','false','Store the database queries in the page parse time log (PHP4 only)',10,5,NULL,'2008-07-04 09:27:37',NULL,'tep_cfg_select_option(array(\'true\', \'false\'), '),(124,'Use Cache','USE_CACHE','false','Use caching features',11,1,'2020-04-17 13:04:09','2008-07-04 09:27:37',NULL,'tep_cfg_select_option(array(\'true\', \'false\'), '),(125,'Cache Directory','DIR_FS_CACHE','tmp/','The directory where the cached files are saved',11,2,'2020-04-17 13:02:30','2008-07-04 09:27:37',NULL,NULL),(126,'E-Mail Transport Method','EMAIL_TRANSPORT','smtp','Defines if this server uses a local connection to sendmail or uses an SMTP connection via TCP/IP. Servers running on Windows and MacOS should change this setting to SMTP.',12,1,'2008-07-08 09:07:07','2008-07-04 09:27:37',NULL,'tep_cfg_select_option(array(\'sendmail\', \'smtp\'),'),(127,'E-Mail Linefeeds','EMAIL_LINEFEED','LF','Defines the character sequence used to separate mail headers.',12,2,NULL,'2008-07-04 09:27:37',NULL,'tep_cfg_select_option(array(\'LF\', \'CRLF\'),'),(128,'Use MIME HTML When Sending Emails','EMAIL_USE_HTML','false','Send e-mails in HTML format',12,3,NULL,'2008-07-04 09:27:37',NULL,'tep_cfg_select_option(array(\'true\', \'false\'),'),(129,'Verify E-Mail Addresses Through DNS','ENTRY_EMAIL_ADDRESS_CHECK','false','Verify e-mail address through a DNS server',12,4,NULL,'2008-07-04 09:27:37',NULL,'tep_cfg_select_option(array(\'true\', \'false\'), '),(130,'Send E-Mails','SEND_EMAILS','true','Send out e-mails',12,5,NULL,'2008-07-04 09:27:37',NULL,'tep_cfg_select_option(array(\'true\', \'false\'), '),(131,'Enable download','DOWNLOAD_ENABLED','false','Enable the products download functions.',13,1,NULL,'2008-07-04 09:27:37',NULL,'tep_cfg_select_option(array(\'true\', \'false\'), '),(132,'Download by redirect','DOWNLOAD_BY_REDIRECT','false','Use browser redirection for download. Disable on non-Unix systems.',13,2,NULL,'2008-07-04 09:27:37',NULL,'tep_cfg_select_option(array(\'true\', \'false\'), '),(133,'Expiry delay (days)','DOWNLOAD_MAX_DAYS','7','Set number of days before the download link expires. 0 means no limit.',13,3,NULL,'2008-07-04 09:27:37',NULL,''),(134,'Maximum number of downloads','DOWNLOAD_MAX_COUNT','5','Set the maximum number of downloads. 0 means no download authorized.',13,4,NULL,'2008-07-04 09:27:37',NULL,''),(135,'Enable GZip Compression','GZIP_COMPRESSION','false','Enable HTTP GZip compression.',14,1,NULL,'2008-07-04 09:27:37',NULL,'tep_cfg_select_option(array(\'true\', \'false\'), '),(136,'Compression Level','GZIP_LEVEL','5','Use this compression level 0-9 (0 = minimum, 9 = maximum).',14,2,NULL,'2008-07-04 09:27:37',NULL,NULL),(137,'Session Directory','SESSION_WRITE_DIRECTORY','tmp','If sessions are file based, store them in this directory.',15,1,NULL,'2008-07-04 09:27:37',NULL,NULL),(138,'Force Cookie Use','SESSION_FORCE_COOKIE_USE','False','Force the use of sessions when cookies are only enabled.',15,2,'2020-04-17 13:22:38','2008-07-04 09:27:37',NULL,'tep_cfg_select_option(array(\'True\', \'False\'), '),(139,'Check SSL Session ID','SESSION_CHECK_SSL_SESSION_ID','False','Validate the SSL_SESSION_ID on every secure HTTPS page request.',15,3,NULL,'2008-07-04 09:27:37',NULL,'tep_cfg_select_option(array(\'True\', \'False\'), '),(140,'Check User Agent','SESSION_CHECK_USER_AGENT','False','Validate the clients browser user agent on every page request.',15,4,NULL,'2008-07-04 09:27:37',NULL,'tep_cfg_select_option(array(\'True\', \'False\'), '),(141,'Check IP Address','SESSION_CHECK_IP_ADDRESS','False','Validate the clients IP address on every page request.',15,5,NULL,'2008-07-04 09:27:37',NULL,'tep_cfg_select_option(array(\'True\', \'False\'), '),(142,'Prevent Spider Sessions','SESSION_BLOCK_SPIDERS','True','Prevent known spiders from starting a session.',15,6,NULL,'2008-07-04 09:27:37',NULL,'tep_cfg_select_option(array(\'True\', \'False\'), '),(143,'Recreate Session','SESSION_RECREATE','False','Recreate the session to generate a new session ID when the customer logs on or creates an account (PHP >=4.1 needed).',15,7,NULL,'2008-07-04 09:27:37',NULL,'tep_cfg_select_option(array(\'True\', \'False\'), '),(144,'Enable Table Method','MODULE_SHIPPING_TABLE_STATUS','True','Do you want to offer table rate shipping?',6,0,NULL,'2008-07-04 14:46:06',NULL,'tep_cfg_select_option(array(\'True\', \'False\'), '),(145,'Shipping Table','MODULE_SHIPPING_TABLE_COST','50:5.33,999:0','The shipping cost is based on the total cost or weight of items. Example: 25:8.50,50:5.50,etc.. Up to 25 charge 8.50, from there to 50 charge 5.50, etc',6,0,NULL,'2008-07-04 14:46:06',NULL,NULL),(146,'Table Method','MODULE_SHIPPING_TABLE_MODE','price','The shipping cost is based on the order total or the total weight of the items ordered.',6,0,NULL,'2008-07-04 14:46:06',NULL,'tep_cfg_select_option(array(\'weight\', \'price\'), '),(147,'Handling Fee','MODULE_SHIPPING_TABLE_HANDLING','0','Handling fee for this shipping method.',6,0,NULL,'2008-07-04 14:46:06',NULL,NULL),(148,'Tax Class','MODULE_SHIPPING_TABLE_TAX_CLASS','1','Use the following tax class on the shipping fee.',6,0,NULL,'2008-07-04 14:46:06','tep_get_tax_class_title','tep_cfg_pull_down_tax_classes('),(149,'Shipping Zone','MODULE_SHIPPING_TABLE_ZONE','0','If a zone is selected, only enable this shipping method for that zone.',6,0,NULL,'2008-07-04 14:46:06','tep_get_zone_class_title','tep_cfg_pull_down_zone_classes('),(150,'Sort Order','MODULE_SHIPPING_TABLE_SORT_ORDER','0','Sort order of display.',6,0,NULL,'2008-07-04 14:46:06',NULL,NULL);

--
-- Table structure for table `configuration_group`
--

CREATE TABLE `configuration_group` (
  `configuration_group_id` int(11) NOT NULL AUTO_INCREMENT,
  `configuration_group_title` varchar(64) NOT NULL,
  `configuration_group_description` varchar(255) NOT NULL,
  `sort_order` int(5) DEFAULT NULL,
  `visible` int(1) DEFAULT '1',
  PRIMARY KEY (`configuration_group_id`)
) ENGINE=MyISAM AUTO_INCREMENT=16 DEFAULT CHARSET=utf8;

--
-- Dumping data for table `configuration_group`
--

INSERT INTO `configuration_group` VALUES (1,'My Store','General information about my store',1,1),(2,'Minimum Values','The minimum values for functions / data',2,1),(3,'Maximum Values','The maximum values for functions / data',3,1),(4,'Images','Image parameters',4,1),(5,'Customer Details','Customer account configuration',5,1),(6,'Module Options','Hidden from configuration',6,0),(7,'Shipping/Packaging','Shipping options available at my store',7,1),(8,'Product Listing','Product Listing    configuration options',8,1),(9,'Stock','Stock configuration options',9,1),(10,'Logging','Logging configuration options',10,1),(11,'Cache','Caching configuration options',11,1),(12,'E-Mail Options','General setting for E-Mail transport and HTML E-Mails',12,1),(13,'Download','Downloadable products options',13,1),(14,'GZip Compression','GZip compression options',14,1),(15,'Sessions','Session options',15,1);

--
-- Table structure for table `counter`
--

CREATE TABLE `counter` (
  `startdate` char(8) DEFAULT NULL,
  `counter` int(12) DEFAULT NULL
) ENGINE=MyISAM DEFAULT CHARSET=utf8;

--
-- Dumping data for table `counter`
--

INSERT INTO `counter` VALUES ('20080708',5051726);

--
-- Table structure for table `counter_history`
--

CREATE TABLE `counter_history` (
  `month` char(8) DEFAULT NULL,
  `counter` int(12) DEFAULT NULL
) ENGINE=MyISAM DEFAULT CHARSET=utf8;

--
-- Dumping data for table `counter_history`
--


--
-- Table structure for table `countries`
--

CREATE TABLE `countries` (
  `countries_id` int(11) NOT NULL AUTO_INCREMENT,
  `countries_name` varchar(64) NOT NULL,
  `countries_iso_code_2` char(2) NOT NULL,
  `countries_iso_code_3` char(3) NOT NULL,
  `address_format_id` int(11) NOT NULL,
  PRIMARY KEY (`countries_id`),
  KEY `IDX_COUNTRIES_NAME` (`countries_name`)
) ENGINE=MyISAM AUTO_INCREMENT=240 DEFAULT CHARSET=utf8;

--
-- Dumping data for table `countries`
--

INSERT INTO `countries` VALUES (1,'Afghanistan','AF','AFG',1),(2,'Albania','AL','ALB',1),(3,'Algeria','DZ','DZA',1),(4,'American Samoa','AS','ASM',1),(5,'Andorra','AD','AND',1),(6,'Angola','AO','AGO',1),(7,'Anguilla','AI','AIA',1),(8,'Antarctica','AQ','ATA',1),(9,'Antigua and Barbuda','AG','ATG',1),(10,'Argentina','AR','ARG',1),(11,'Armenia','AM','ARM',1),(12,'Aruba','AW','ABW',1),(13,'Australia','AU','AUS',1),(14,'Austria','AT','AUT',5),(15,'Azerbaijan','AZ','AZE',1),(16,'Bahamas','BS','BHS',1),(17,'Bahrain','BH','BHR',1),(18,'Bangladesh','BD','BGD',1),(19,'Barbados','BB','BRB',1),(20,'Belarus','BY','BLR',1),(21,'Belgium','BE','BEL',1),(22,'Belize','BZ','BLZ',1),(23,'Benin','BJ','BEN',1),(24,'Bermuda','BM','BMU',1),(25,'Bhutan','BT','BTN',1),(26,'Bolivia','BO','BOL',1),(27,'Bosnia and Herzegowina','BA','BIH',1),(28,'Botswana','BW','BWA',1),(29,'Bouvet Island','BV','BVT',1),(30,'Brazil','BR','BRA',1),(31,'British Indian Ocean Territory','IO','IOT',1),(32,'Brunei Darussalam','BN','BRN',1),(33,'Bulgaria','BG','BGR',1),(34,'Burkina Faso','BF','BFA',1),(35,'Burundi','BI','BDI',1),(36,'Cambodia','KH','KHM',1),(37,'Cameroon','CM','CMR',1),(38,'Canada','CA','CAN',1),(39,'Cape Verde','CV','CPV',1),(40,'Cayman Islands','KY','CYM',1),(41,'Central African Republic','CF','CAF',1),(42,'Chad','TD','TCD',1),(43,'Chile','CL','CHL',1),(44,'China','CN','CHN',1),(45,'Christmas Island','CX','CXR',1),(46,'Cocos (Keeling) Islands','CC','CCK',1),(47,'Colombia','CO','COL',1),(48,'Comoros','KM','COM',1),(49,'Congo','CG','COG',1),(50,'Cook Islands','CK','COK',1),(51,'Costa Rica','CR','CRI',1),(52,'Cote D\'Ivoire','CI','CIV',1),(53,'Croatia','HR','HRV',1),(54,'Cuba','CU','CUB',1),(55,'Cyprus','CY','CYP',1),(56,'Czech Republic','CZ','CZE',1),(57,'Denmark','DK','DNK',1),(58,'Djibouti','DJ','DJI',1),(59,'Dominica','DM','DMA',1),(60,'Dominican Republic','DO','DOM',1),(61,'East Timor','TP','TMP',1),(62,'Ecuador','EC','ECU',1),(63,'Egypt','EG','EGY',1),(64,'El Salvador','SV','SLV',1),(65,'Equatorial Guinea','GQ','GNQ',1),(66,'Eritrea','ER','ERI',1),(67,'Estonia','EE','EST',1),(68,'Ethiopia','ET','ETH',1),(69,'Falkland Islands (Malvinas)','FK','FLK',1),(70,'Faroe Islands','FO','FRO',1),(71,'Fiji','FJ','FJI',1),(72,'Finland','FI','FIN',1),(73,'France','FR','FRA',1),(74,'France, Metropolitan','FX','FXX',1),(75,'French Guiana','GF','GUF',1),(76,'French Polynesia','PF','PYF',1),(77,'French Southern Territories','TF','ATF',1),(78,'Gabon','GA','GAB',1),(79,'Gambia','GM','GMB',1),(80,'Georgia','GE','GEO',1),(81,'Germany','DE','DEU',5),(82,'Ghana','GH','GHA',1),(83,'Gibraltar','GI','GIB',1),(84,'Greece','GR','GRC',1),(85,'Greenland','GL','GRL',1),(86,'Grenada','GD','GRD',1),(87,'Guadeloupe','GP','GLP',1),(88,'Guam','GU','GUM',1),(89,'Guatemala','GT','GTM',1),(90,'Guinea','GN','GIN',1),(91,'Guinea-bissau','GW','GNB',1),(92,'Guyana','GY','GUY',1),(93,'Haiti','HT','HTI',1),(94,'Heard and Mc Donald Islands','HM','HMD',1),(95,'Honduras','HN','HND',1),(96,'Hong Kong','HK','HKG',1),(97,'Hungary','HU','HUN',1),(98,'Iceland','IS','ISL',1),(99,'India','IN','IND',1),(100,'Indonesia','ID','IDN',1),(101,'Iran (Islamic Republic of)','IR','IRN',1),(102,'Iraq','IQ','IRQ',1),(103,'Ireland','IE','IRL',1),(104,'Israel','IL','ISR',1),(105,'Italy','IT','ITA',1),(106,'Jamaica','JM','JAM',1),(107,'Japan','JP','JPN',1),(108,'Jordan','JO','JOR',1),(109,'Kazakhstan','KZ','KAZ',1),(110,'Kenya','KE','KEN',1),(111,'Kiribati','KI','KIR',1),(112,'Korea, Democratic People\'s Republic of','KP','PRK',1),(113,'Korea, Republic of','KR','KOR',1),(114,'Kuwait','KW','KWT',1),(115,'Kyrgyzstan','KG','KGZ',1),(116,'Lao People\'s Democratic Republic','LA','LAO',1),(117,'Latvia','LV','LVA',1),(118,'Lebanon','LB','LBN',1),(119,'Lesotho','LS','LSO',1),(120,'Liberia','LR','LBR',1),(121,'Libyan Arab Jamahiriya','LY','LBY',1),(122,'Liechtenstein','LI','LIE',1),(123,'Lithuania','LT','LTU',1),(124,'Luxembourg','LU','LUX',1),(125,'Macau','MO','MAC',1),(126,'Macedonia, The Former Yugoslav Republic of','MK','MKD',1),(127,'Madagascar','MG','MDG',1),(128,'Malawi','MW','MWI',1),(129,'Malaysia','MY','MYS',1),(130,'Maldives','MV','MDV',1),(131,'Mali','ML','MLI',1),(132,'Malta','MT','MLT',1),(133,'Marshall Islands','MH','MHL',1),(134,'Martinique','MQ','MTQ',1),(135,'Mauritania','MR','MRT',1),(136,'Mauritius','MU','MUS',1),(137,'Mayotte','YT','MYT',1),(138,'Mexico','MX','MEX',1),(139,'Micronesia, Federated States of','FM','FSM',1),(140,'Moldova, Republic of','MD','MDA',1),(141,'Monaco','MC','MCO',1),(142,'Mongolia','MN','MNG',1),(143,'Montserrat','MS','MSR',1),(144,'Morocco','MA','MAR',1),(145,'Mozambique','MZ','MOZ',1),(146,'Myanmar','MM','MMR',1),(147,'Namibia','NA','NAM',1),(148,'Nauru','NR','NRU',1),(149,'Nepal','NP','NPL',1),(150,'Netherlands','NL','NLD',1),(151,'Netherlands Antilles','AN','ANT',1),(152,'New Caledonia','NC','NCL',1),(153,'New Zealand','NZ','NZL',1),(154,'Nicaragua','NI','NIC',1),(155,'Niger','NE','NER',1),(156,'Nigeria','NG','NGA',1),(157,'Niue','NU','NIU',1),(158,'Norfolk Island','NF','NFK',1),(159,'Northern Mariana Islands','MP','MNP',1),(160,'Norway','NO','NOR',1),(161,'Oman','OM','OMN',1),(162,'Pakistan','PK','PAK',1),(163,'Palau','PW','PLW',1),(164,'Panama','PA','PAN',1),(165,'Papua New Guinea','PG','PNG',1),(166,'Paraguay','PY','PRY',1),(167,'Peru','PE','PER',1),(168,'Philippines','PH','PHL',1),(169,'Pitcairn','PN','PCN',1),(170,'Poland','PL','POL',1),(171,'Portugal','PT','PRT',1),(172,'Puerto Rico','PR','PRI',1),(173,'Qatar','QA','QAT',1),(174,'Reunion','RE','REU',1),(175,'Romania','RO','ROM',1),(176,'Russian Federation','RU','RUS',1),(177,'Rwanda','RW','RWA',1),(178,'Saint Kitts and Nevis','KN','KNA',1),(179,'Saint Lucia','LC','LCA',1),(180,'Saint Vincent and the Grenadines','VC','VCT',1),(181,'Samoa','WS','WSM',1),(182,'San Marino','SM','SMR',1),(183,'Sao Tome and Principe','ST','STP',1),(184,'Saudi Arabia','SA','SAU',1),(185,'Senegal','SN','SEN',1),(186,'Seychelles','SC','SYC',1),(187,'Sierra Leone','SL','SLE',1),(188,'Singapore','SG','SGP',4),(189,'Slovakia (Slovak Republic)','SK','SVK',1),(190,'Slovenija','SI','SVN',6),(191,'Solomon Islands','SB','SLB',1),(192,'Somalia','SO','SOM',1),(193,'South Africa','ZA','ZAF',1),(194,'South Georgia and the South Sandwich Islands','GS','SGS',1),(195,'Spain','ES','ESP',3),(196,'Sri Lanka','LK','LKA',1),(197,'St. Helena','SH','SHN',1),(198,'St. Pierre and Miquelon','PM','SPM',1),(199,'Sudan','SD','SDN',1),(200,'Suriname','SR','SUR',1),(201,'Svalbard and Jan Mayen Islands','SJ','SJM',1),(202,'Swaziland','SZ','SWZ',1),(203,'Sweden','SE','SWE',1),(204,'Switzerland','CH','CHE',1),(205,'Syrian Arab Republic','SY','SYR',1),(206,'Taiwan','TW','TWN',1),(207,'Tajikistan','TJ','TJK',1),(208,'Tanzania, United Republic of','TZ','TZA',1),(209,'Thailand','TH','THA',1),(210,'Togo','TG','TGO',1),(211,'Tokelau','TK','TKL',1),(212,'Tonga','TO','TON',1),(213,'Trinidad and Tobago','TT','TTO',1),(214,'Tunisia','TN','TUN',1),(215,'Turkey','TR','TUR',1),(216,'Turkmenistan','TM','TKM',1),(217,'Turks and Caicos Islands','TC','TCA',1),(218,'Tuvalu','TV','TUV',1),(219,'Uganda','UG','UGA',1),(220,'Ukraine','UA','UKR',1),(221,'United Arab Emirates','AE','ARE',1),(222,'United Kingdom','GB','GBR',1),(223,'United States','US','USA',2),(224,'United States Minor Outlying Islands','UM','UMI',1),(225,'Uruguay','UY','URY',1),(226,'Uzbekistan','UZ','UZB',1),(227,'Vanuatu','VU','VUT',1),(228,'Vatican City State (Holy See)','VA','VAT',1),(229,'Venezuela','VE','VEN',1),(230,'Viet Nam','VN','VNM',1),(231,'Virgin Islands (British)','VG','VGB',1),(232,'Virgin Islands (U.S.)','VI','VIR',1),(233,'Wallis and Futuna Islands','WF','WLF',1),(234,'Western Sahara','EH','ESH',1),(235,'Yemen','YE','YEM',1),(236,'Yugoslavia','YU','YUG',1),(237,'Zaire','ZR','ZAR',1),(238,'Zambia','ZM','ZMB',1),(239,'Zimbabwe','ZW','ZWE',1);

--
-- Table structure for table `currencies`
--

CREATE TABLE `currencies` (
  `currencies_id` int(11) NOT NULL AUTO_INCREMENT,
  `title` varchar(32) NOT NULL,
  `code` char(3) NOT NULL,
  `symbol_left` varchar(12) DEFAULT NULL,
  `symbol_right` varchar(12) DEFAULT NULL,
  `decimal_point` char(1) DEFAULT NULL,
  `thousands_point` char(1) DEFAULT NULL,
  `decimal_places` char(1) DEFAULT NULL,
  `value` float(13,8) DEFAULT NULL,
  `last_updated` datetime DEFAULT NULL,
  PRIMARY KEY (`currencies_id`),
  KEY `idx_currencies_code` (`code`)
) ENGINE=MyISAM AUTO_INCREMENT=3 DEFAULT CHARSET=utf8;

--
-- Dumping data for table `currencies`
--

INSERT INTO `currencies` VALUES (1,'US Dollar','USD','$','','.',',','2',1.42789996,'2008-09-09 02:47:09'),(2,'Euro','EUR','','€',',','.','2',1.00000000,'2008-09-09 02:47:10');

--
-- Table structure for table `customers`
--

CREATE TABLE `customers` (
  `customers_id` int(11) NOT NULL AUTO_INCREMENT,
  `customers_gender` char(1) NOT NULL,
  `customers_firstname` varchar(32) NOT NULL,
  `customers_lastname` varchar(32) NOT NULL,
  `customers_dob` datetime NOT NULL DEFAULT '0000-00-00 00:00:00',
  `customers_email_address` varchar(96) NOT NULL,
  `customers_default_address_id` int(11) DEFAULT NULL,
  `customers_telephone` varchar(32) NOT NULL,
  `customers_fax` varchar(32) DEFAULT NULL,
  `customers_password` varchar(40) NOT NULL,
  `customers_newsletter` char(1) DEFAULT NULL,
  PRIMARY KEY (`customers_id`),
  KEY `idx_customers_email_address` (`customers_email_address`)
) ENGINE=MyISAM AUTO_INCREMENT=519 DEFAULT CHARSET=utf8;

--
-- Dumping data for table `customers`
--

INSERT INTO `customers` VALUES (1,'m','Izidor','Sosič','0000-00-00 00:00:00','izidor.sosic@siol.net',1,'031655952','','ce0da34fa9732442d4e6f6cfbf5bee56:5e',''),(2,'m','Janez','Hrovat','0000-00-00 00:00:00','janez.hrovat@agila.si',2,'030383838','','ce0da34fa9732442d4e6f6cfbf5bee56:5e',''),(3,'f','Martina','Gobec','0000-00-00 00:00:00','martina.gobec@gmail.com',3,'031731641','','85d37dd933af1863da5dc934a1c53a76:88',''),(4,'m','Marko','Kovačič','0000-00-00 00:00:00','marko.kovacic1@volja.net',4,'045746631, 070817531','','4e2b9c875051356d456d7d58088c7291:f3','1'),(5,'m','Andrej','Sosič','0000-00-00 00:00:00','Andrejsosic@yahoo.com',5,'041956708','','abf14042a9478fd41e79678f87401241:6e','0'),(6,'m','Smiljan','Sosič','0000-00-00 00:00:00','smiljan.sosic@email.si',6,'041989182','','61c06d3118556686c296944a53d16d01:89','1'),(7,'f','taja','gyergyek','0000-00-00 00:00:00','tatjana.gyergyek@energetika-lj.si',7,'040565611','','ba606293a89f57d5f0b38e95adfbbc16:b0','1'),(8,'m','Viktor','Črnigoj','0000-00-00 00:00:00','Viktor.Crnigoj@siol.net',8,'031 690 883','','d647a50df3fce75c63243c99fa9b89ae:69',''),(9,'f','SELMA','BIZJAK','0000-00-00 00:00:00','sandi.sojer@kabelnet.net',9,'041 457 783','','cf4a34fa13409db2d7116deaa65ee46e:c4','1'),(10,'m','SAMO','ČERVEK','0000-00-00 00:00:00','micek1@gmail.com',10,'031687824','','b6e4043a3ff5887c629c23f9434d1ca2:47',''),(11,'f','IRENA','ŠINKOVEC','0000-00-00 00:00:00','SINKOVEC.GRAVERSTVO@AMIS.NET',11,'041465317','053681423','1b58ac747b644a777267a7b0e2e01a2d:c1','1'),(12,'f','IVICA','MERHAR','0000-00-00 00:00:00','ivica.merhar@gmail.com',12,'041484933','','d92d3ccc6e2f540573657ea1c0867b12:ba','1'),(13,'f','Biserka','Smolič','0000-00-00 00:00:00','biserkasmolic@gmail.com',13,'051340874','','e7bd31d2adea730b2277fc790140edf2:a4',''),(14,'f','NINA','BRATOŽ','0000-00-00 00:00:00','david_lampret@t-2.net',14,'031/524-004','','648a94e3ee8bc57d90c4b71aa0772138:0b',''),(15,'m','Janez','Luštrek','0000-00-00 00:00:00','jani.lustrek@siol.net',15,'01-8343020','','0d862d8d620557288c03dc11aaf26fbd:9b',''),(16,'f','marina','bramc','0000-00-00 00:00:00','marina.branc@siol.net',16,'040 220 891','','14125be9af845a907156cef0d80da71d:f4','0'),(17,'f','janja','jug','0000-00-00 00:00:00','janja.jug@hotmail.com',17,'031583014','','ccc59985b974556d0f696b373b4f0d6a:41','1'),(18,'m','MIRKO','FLORJANČIČ','0000-00-00 00:00:00','florjancic.mirko@siol.net',18,'041386809','042565291','751f0999785b8283ba7d912663d2a51a:95','1'),(19,'f','Zdenka','Golob','0000-00-00 00:00:00','zdenka.golob@email.si',19,'051 235 359','','0839df6c98a802aee5742930dc858ed6:93','0'),(20,'f','marjana','kravogel','0000-00-00 00:00:00','marjana.kravogel@ngt.ibt.si',20,'040 385 570','','3a3e6ec141f5c2021add8f1fd9675101:85','0'),(21,'f','Alenka','Kosi','0000-00-00 00:00:00','kosial@email.si',21,'000','','540bad3301461b9536d3dc837c29ef77:ef','1'),(22,'f','Klavdija','Bodlaj','0000-00-00 00:00:00','klavdija.bodlaj@hotmail.com',22,'031527352','','7de258b178a0c98d8f262562bf9a45d0:96',''),(23,'f','Klavdija','Began','0000-00-00 00:00:00','claudia13@siol.net',23,'031 651 678','','c3a1cc68af1208c19ca85e7404098369:59','1'),(24,'m','bojan','preiner','0000-00-00 00:00:00','bojan.preiner@mlm-mb.si',24,'041 578 793','','09d748d3621e6f3eaf9711e17791e135:d4',''),(25,'f','Marjetka','Kožuh','0000-00-00 00:00:00','marjetka.kozuh@elektro-primorska.si',25,'041 454 850','','ebd0d66e15999ebcc148552c99a4f0ef:84',''),(26,'f','Nina','Mauhler','0000-00-00 00:00:00','nina.mauhler@sandoz.com',26,'051 345 220','','f097d335afc405715e77f36ab37aa279:24',''),(27,'f','FRANJA','GARTNAR','0000-00-00 00:00:00','FRANJA@KOPLA.SI',27,'041 48 92 73','04 51 51 129','4a3759192bc2e4458bbdd9efd277ad56:32','1'),(28,'m','Miran','Brumec','0000-00-00 00:00:00','miran.brumec@lgb.si',28,'041379629','','2c7aab779de4eb5152f22bc74c167535:a6','1'),(29,'m','toni','šepec','0000-00-00 00:00:00','toni.sepec@gmail.com',29,'041 438634','','697edf743a7b5561e3302c979d0c1d9a:ce','1'),(32,'m','Alen','Tokmadžić','0000-00-00 00:00:00','alen.tokmadzic@telemach.net',32,'070443625','','60300b6e7c3bb89f48ca0db529e4eba9:b0','1'),(31,'m','Uroš','Kovač','0000-00-00 00:00:00','uros.kovac1608@gmail.com',31,'040 235 703','','faecaa430fc35749797cbdc7f5477c2d:1f',''),(33,'m','Miran','Mezgec','0000-00-00 00:00:00','mezgec33@hotamil.com',33,'040 321 779','','c2b951995af6fea0fd0911af1dd4d4f1:ca',''),(34,'f','Karmen','Fon','0000-00-00 00:00:00','gregor.verbic@telemach.net',34,'041 217 301','','8943af4c970cde31d13e221d7f25aa23:53',''),(35,'m','Aleš','Kramolc','0000-00-00 00:00:00','ales.kramolc@gmail.com',35,'070875123','','8ed26ff36b1cdf72ca3401faf23abfdf:3c',''),(36,'m','mladen','knez','0000-00-00 00:00:00','mladen@full-poin.net',36,'041 639 166','','f4577fde979e605350f6604d939e3548:0e',''),(37,'m','Andrej','Kasaš','0000-00-00 00:00:00','kaszas.endre@gmail.com',37,'040535359','','950724530e217ba1a381387723813a17:ad',''),(38,'f','Meri','Janša','0000-00-00 00:00:00','jansa.meri¨@gmail.com',38,'040583062','','4a487cac2b46f08fe70e7435460fadda:b8','1'),(39,'f','VERONIKA','PALČIČ','0000-00-00 00:00:00','veronika@palcic.si',39,'031/615 059','','79a82d507566210161ea00a64dd82cc2:56',''),(40,'f','Ljubinka','Jerič','0000-00-00 00:00:00','ljubinka.jeric@gmail.com',40,'03/5881-633','03/5869-039','a35024131b91712094789c387e9b2366:bd','1'),(41,'m','slavko','Šajn','0000-00-00 00:00:00','slavko.sajn@gmail.com',41,'041-350 532','04 2014278','37a6207a0b6b41ae0a769ff4c4ace396:e3',''),(42,'m','Aljoša','Železnik','0000-00-00 00:00:00','info@afnadesign.com',42,'041343087','','6a4e3022a7857af055e67716cb0e7d45:cb','1'),(43,'f','Dragica','Cibic','0000-00-00 00:00:00','Cibic.Dragica@Masicom.net',43,'040 256 242','','1e66f8b639a13799eae3ea8df25e1102:8f','1'),(44,'m','jože','goljat','0000-00-00 00:00:00','andreyarutnik@gmail.com',44,'028858144','','2551eec5f395cd098167472bbda9e392:e3',''),(45,'f','Špela','Smodiš','0000-00-00 00:00:00','spela_smodis@yahoo.com',45,'031 652 475','','279f1e3d1508f1a72ad550e9f5094ec0:26',''),(46,'m','Benjamin','Črešnik','0000-00-00 00:00:00','benjamin.cresnik@kanet.si',46,'386028783888','','a2c3636bc8e59ca5a9b9a55e78d995b1:f6','1'),(47,'m','sašo','bedič','0000-00-00 00:00:00','saso.bedic@siol.net',47,'040703930','//','23e93e6bf8f4feac645b4850b8b90861:ba',''),(48,'f','TJAŠA','GRUDEN','0000-00-00 00:00:00','tjasa.gruden@gov.si',48,'051693448','','d121923d7044c6f78ce545c03fdf00e4:a0',''),(49,'f','Andreja','Kanovnik','0000-00-00 00:00:00','andreja.kanovnik@siol.net',49,'041 477 466','','91510b1a787017647581c9517b011c70:3c','1'),(50,'f','Darja','Ris','0000-00-00 00:00:00','darja.ris@siol.net',50,'041589714','','1b01ad6f7c2d54262914069b7a97b538:35','1'),(51,'f','Mateja','Košir','0000-00-00 00:00:00','mateja39@gmail.com',51,'040 750 240','','3452b3e5a909baf51d1a26a3c473bf6b:32','1'),(52,'f','JANJA','ČOPIČ','0000-00-00 00:00:00','JANJA.BIZJAK1@SIOL.NET',52,'053649064','','79bb3ef92641f32e13b96646df18bfb8:89',''),(53,'f','Nina','Ošlak','0000-00-00 00:00:00','ninaoslak@gmail.com',53,'040419617','','8e9fefd2780f0a60800931838f187d8a:fe',''),(54,'m','primož','perovec','0000-00-00 00:00:00','zoomirp@gmail.com',54,'041465352','','761d7405728baeca4c22cc37718ecce8:2c','1'),(55,'f','Nina','Renar','0000-00-00 00:00:00','nina.renar@siol.net',55,'031302577','','9489ea0abe41b62dfbb93ec498d1c1df:19',''),(56,'m','Pavel','Leskovec','0000-00-00 00:00:00','Pavel.Leskovec@gmail.com',56,'041677829','','f42fd04fcf4cbc063710df19fde6fe9c:86',''),(57,'f','NATAŠA','PROSEN','0000-00-00 00:00:00','borgis@t-2.net',57,'031 662 067','02 82 77 457','2c1b461583d1252bd81a85df59cf6406:9d','1'),(58,'f','BRIGITA','BAŠIĆ','0000-00-00 00:00:00','brigita.basic@siol.net',58,'041921857','','52959ed33f37feee8ad67543a3581145:78','1'),(59,'m','marjan','kokalj','0000-00-00 00:00:00','kmarjan@siol.net',59,'040 287 436','','2d3e10016fd50c9dfef3eecd1d0a595e:c3',''),(60,'f','Brigita','Markovič','0000-00-00 00:00:00','brigitam64@gmail.com',60,'031512567','','accbaa8667834e5a140bf31640732a8b:97',''),(61,'f','Vanda','rupnik','0000-00-00 00:00:00','vandarupnik@gmail.com',61,'051400939','','c2fa26d032d7c087072986e46eadad16:2c',''),(62,'f','Dominika','Knežar','0000-00-00 00:00:00','dominika.knezar@si.preventgroup.com',62,'051 316 022','','329154c286ff86b7cb87f9df98c870b9:e5',''),(63,'f','Alja','Žorž','0000-00-00 00:00:00','dinalike@hotmail.com',63,'0038614262502','','bc9479300b523040f55beea7c67911b3:45',''),(64,'f','jasna','grčar','0000-00-00 00:00:00','vojko.grcar@amis.net',64,'040 471077','','69874f274b82f2129f32e8fbcb346ecb:01',''),(65,'f','Mojca','Jelen','0000-00-00 00:00:00','yorky@mail386.com',65,'031779866','','5e4202d7b5928dd54f3cee18bee33d43:9a','1'),(66,'f','sandra','mole','0000-00-00 00:00:00','sandra_mole@yahoo.com',66,'041776974','','11c873fd7a927d48ba402b753407fb12:95','1'),(67,'f','ANITA','LAMPIČ','0000-00-00 00:00:00','anita.lampic@gmail.com',67,'031 341 179','','04ddc219e067857e119f0dd9408a638b:e5',''),(68,'f','Vesna','Pivk','0000-00-00 00:00:00','vesna@krofek.net',68,'041480666','','ecef84c30b3e7bb4e7fac6430e8296c4:0c',''),(69,'f','neza','kozak','0000-00-00 00:00:00','NEZA.KOZAK@gmail.com',69,'040418452','','157054a909059718c210f77cbbccc068:1a',''),(70,'f','dominika','fras','0000-00-00 00:00:00','dominika.fras@gmail.com',70,'041371326','','84bf95cf140afa5325ba45665d2b65ff:b9','1'),(71,'m','Janez','Ciperle','0000-00-00 00:00:00','ciperle.janez@gmail.com',71,'040425411','','b1af3f9f048548876369ec546021d749:0e',''),(72,'m','Drago','Križaj','0000-00-00 00:00:00','petra.ponebsek@mf.uni-lj.si',72,'041915832','','8d5671f93e907ff1dd4d8e8adaf2b05f:55',''),(73,'m','Jože','Mekis','0000-00-00 00:00:00','mekisjoze@gmail.com',73,'041 575 850','','91ae21632d5ef5f57363060e8fbdcef8:eb','1'),(74,'f','Barbara','Kač','0000-00-00 00:00:00','barbarakac@gmail.com',74,'041 200 708','','86d5d14553399885e755f35dc62abc82:58',''),(75,'f','Lidija','Žuran','0000-00-00 00:00:00','lidija.zuran@hotmail.com',75,'040 225 915','','99446faa4a02d30bca4d605559b6aaec:46',''),(76,'f','HOZJAN DE GREGORI','BERNARDA','0000-00-00 00:00:00','guy.de-gregori@orange.fr',76,'02 27 34 10 37','','591ed6689b1a83aff094cf9f06933fb7:33',''),(77,'m','Marko','Aškerc','0000-00-00 00:00:00','marko.askerc@gmail.com',77,'031 351 028','','e7cf6332f0310e58c7d810579f48a06a:98',''),(78,'m','sebastijan','šega','0000-00-00 00:00:00','sebastijansega@hotmail.com',78,'028035184','','5d94a561b5f291f8c9e6640afd70637f:fd',''),(79,'f','Karidija','Protman','0000-00-00 00:00:00','karidija@hotmail.com',79,'040209230','','489143b3b0597e61ae75fe21e82e16fa:7c',''),(80,'f','manca','jakše','0000-00-00 00:00:00','manca.jakse@gmail.com',80,'041220739','','1cd7fefefe058778d894cc7d19fca878:7a',''),(81,'f','TATJANA','LOBOREC','0000-00-00 00:00:00','tatjana.loborec@gmail.com',81,'031/363-333','','a2e841c0e593f00e181767d8a65da548:4b',''),(82,'f','BOJANA','TRATNJEK','0000-00-00 00:00:00','bojana@tratnjek.si',82,'051 440 300','','cb856f79bd312be8abb9e568cb4da288:d9','1'),(83,'f','Alenka','Furlan','0000-00-00 00:00:00','alenka.furlan@amis.net',83,'o40 471 119','','2e1203dabc77f8292c218d9ab0f80daa:41',''),(84,'m','Miloš','Medančič','0000-00-00 00:00:00','milos.medancic@gmail.com',84,'026161008','','2802e57ed26500006fa2f5b59fe1b54d:a3','1'),(85,'m','Marjan','Brezočnik','0000-00-00 00:00:00','marjan.brezocnik@gmail.com',85,'02 675 10 05','','565c0c5cdec383bebc928c5ce814b3f0:5d',''),(86,'m','Ernest','Gungl','0000-00-00 00:00:00','ernest.gungl@guest.arnes.si',86,'031889295','','96dc61e76b21aaca3948b380ecde9e81:c5',''),(87,'f','Valerija','Lešnik','0000-00-00 00:00:00','valerija.lesnik@gmail.com',87,'040986496','','c9a18e556b476bfb0adbb0db0b7cdd10:d3','1'),(88,'f','Zdenka','Ferlež','0000-00-00 00:00:00','Zdenka.ferlez@gmail.com',88,'041 726 431','-','852afd42b4b7f9d25d4684ef5e88c25e:be',''),(89,'f','Vesnaa','kadunc','0000-00-00 00:00:00','gregorvesna.kadunc@masicom.net',89,'041 254-760','','593c14ba838b16c977b876a9f1f1a839:c8',''),(90,'f','Mojca','Dvorak','0000-00-00 00:00:00','mojca.dvorak@guest.arnes.si',91,'041 565 999','','ae246312574e50ab19fddaa5e4cefe41:8e','1'),(91,'f','Katja','Geršak','0000-00-00 00:00:00','katka.gersak@gmail.com',92,'041/597-032','','8192b7f43d312f4ea34fc13f822aa1fe:7f',''),(92,'f','Mateja','šalamun','0000-00-00 00:00:00','salamun.krajnc@siol.net',93,'0038627451045','','bfd11b9171f9aa2052680fe57976fe76:f0',''),(93,'m','Mirko','Brinšek','0000-00-00 00:00:00','mbrinsek@volja.net',94,'041532421','','e1df3058a607fc782495c201288e834b:43',''),(94,'m','rok','podlipec','0000-00-00 00:00:00','rok.podlipec@hotmail.com',95,'040335557','','66704c971cf764fc717496920d27da54:e8','1'),(95,'f','Jelkica','Franičević','0000-00-00 00:00:00','dalmatinka178@gmail.com',96,'+38520452027','','18b49dd98af876de0513e7b6fb59683c:b4','1'),(96,'m','milan','humer','0000-00-00 00:00:00','milan.humer@siol.net',98,'o41 668 208','','f10045e8e50beac5cd1ccabe8eb07b31:f7',''),(97,'m','Igor','Beršnak','0000-00-00 00:00:00','i.bersnak@tpv.si',99,'041762892','','2ffd532ffa1b7c285cb883bd57068a68:82',''),(98,'m','Dušan','Habjan','0000-00-00 00:00:00','dusan.habjan@siol.net',100,'040391922','','9bd474e08777c6c4d284cc36a58e382b:18',''),(99,'f','MOJCA','FRANK DOBLEKAR','0000-00-00 00:00:00','mojca.frank@teledat.si',101,'031662154','','e06e8295574fa882bbdba36275e77155:89',''),(100,'f','VESNA','DJUKANOVIC','0000-00-00 00:00:00','vesnadjukanovic@gaa.si',102,'031/657-745','','14b6104630ce38df118dc2cad3978f92:89',''),(101,'f','Nataša','Češko','0000-00-00 00:00:00','natasa.cesko@bona-j.com',103,'041 789 708','','5388df01fad4c249d3a2418a4082b02f:ac',''),(102,'m','miran','satler','0000-00-00 00:00:00','pata.darja@siol.net',104,'041 928 152','','5f81060d6782d3fec8471911e5ed3077:69',''),(103,'m','Marko','Juriševič','0000-00-00 00:00:00','marko.hmp@gmail.com',105,'031670205','','f7617a9233f2d41b61e05bb99433ef62:85',''),(104,'m','anton','kolar','0000-00-00 00:00:00','anton.kolar1@siol.net',107,'03 752 32 14','','0454fe320fab57ee5611921becf691a4:3b',''),(105,'f','darja','jamnik','0000-00-00 00:00:00','jamnik.darja@siol.net',108,'041/562-012','','97e58e893c436688cc77af3bde833265:48','1'),(106,'f','MARTA','CERAR','0000-00-00 00:00:00','mmarta.cerar@gmail.com',109,'031 295 017','','6532d9fa67b44d3a6bb046e969617d5a:92',''),(107,'m','Tadej','Puntar','0000-00-00 00:00:00','tadej@ascent.si',110,'041315283','','77d0822d4cc1666dfcbdc48671e2fa0c:0e',''),(108,'f','simona','volaj rakušček','0000-00-00 00:00:00','simonkica@gmail.com',111,'041206425','','61c103dacb04df07abc34d8bcf5c9038:e6',''),(109,'m','marko','kadunc','0000-00-00 00:00:00','markokadunc@yahoo.co.uk',112,'041200708','','dd86e87e93791539a45768e8821314f1:9e',''),(110,'f','PETRA','MERC','0000-00-00 00:00:00','petra.merc@gmail.com',113,'00386 41 780 305','','f346445faa5579ea29394cc85935f06e:53',''),(111,'f','Janja','Vrečko','0000-00-00 00:00:00','janja.vrecko@siol.net',114,'040723708','','a4e75d8e774777db10fb51546ef71ae3:9e',''),(112,'m','Ivan','Podpečan','0000-00-00 00:00:00','ivan.podpecan@planinsko-drustvo-galicija.si',115,'041 662 883','','f648953a0d279f96fd0fa332a7c142ea:0b','1'),(113,'f','Sasha','Jarh','0000-00-00 00:00:00','sjarh@rogers.com',116,'4167274232','','3310a0fb181f3101ccffc0e3f611ae99:b4',''),(114,'f','ROBERT','catherine','0000-00-00 00:00:00','c.jm.robert@free.fr',118,'0478256769','','aa98f719750449912a575cc734507f8c:ae','1'),(115,'f','Erika','Žlogar','0000-00-00 00:00:00','erika.zlogar@gmail.com',120,'041 327 775','','3de341ad50bac0ebe51020a90e48036c:21',''),(116,'m','igor','sevšek','0000-00-00 00:00:00','igor.sevsek@amis.net',121,'041287818','','3c09b6546b34206ce3d6e3ce9173c11c:44','1'),(117,'m','Stanislav','Segalla','0000-00-00 00:00:00','stanislav_segalla@t-2.net',122,'053051674','','00c2fb4f4049502ac2e7dd1d0f2fde5e:85',''),(118,'f','Alissa','Lents','0000-00-00 00:00:00','alissa.lents@gmail.com',123,'312-307-2900','3059294 - prejemnik','d46ba4f2cd9c0ff304cc90c10fbb2a7c:d5',''),(119,'m','Nikola','Nemet','0000-00-00 00:00:00','nigga.w00t@hotmail.com',125,'040 898 683','','76b5bbbd61816d7abe73a506d8fc89e6:c5',''),(120,'f','irena','keblič','0000-00-00 00:00:00','janko.keblic@amis.net',127,'031-666-114','03-705-0467','3300fe0b757a9420aaaadd4c058c2aa9:5b',''),(121,'m','Jure','Brložnik','0000-00-00 00:00:00','jbrloznik@gmail.com',128,'031394184','','9094a39c36540e55a9f717ed61a231c1:c3','1'),(122,'m','Jože Andrej','ČIBEJ','0000-00-00 00:00:00','ekorist@siol.net',129,'031389892','','ded9bc174b597803134f52ff08072a66:40','1'),(123,'m','JANEZ','ČIZMAZIJA','0000-00-00 00:00:00','janez.cizmazija@siol.net',130,'051 634 550','','f20e9272836d44a17933752350e63c02:95',''),(124,'m','Boštjan','Gaber','0000-00-00 00:00:00','bostjan.gaber@actinia.si',131,'041731533','','862ec3093678214b72c034dbb0b51165:f0','1'),(125,'m','jože','turk','0000-00-00 00:00:00','joze_turk@t-2.net',132,'041316283','','d90aa2a2dbc4f281411bcc63f0d4f7f2:d9','1'),(126,'f','Nika','Gregorič','0000-00-00 00:00:00','nika.gregoric@gmail.com',133,'040 658 653','','2ff4822180216bd0377ea3ccb44fe5e3:67',''),(127,'f','MILENA','KROŠELJ','0000-00-00 00:00:00','milena@kin.si',134,'031-347-011','','ef0127c81b79480c854fd7c8a6355d99:37','1'),(128,'f','Urša','Opara','0000-00-00 00:00:00','ursa.opara@fe.uni-lj.si',135,'040323969','','aa4426c7bf15ad7f7f4798ccbe9ebb9f:36',''),(129,'m','janez','kert','0000-00-00 00:00:00','janezkert@yahoo.com',136,'040 399 778','','08a21a32ff94426493b3755b337b8095:d3','1'),(130,'f','martina','červ','0000-00-00 00:00:00','martinass@volja.net',137,'041585662','','5b1af0c992cd6ed0d312c1c9478e45b0:63',''),(131,'f','Vlasta','čibej','0000-00-00 00:00:00','vlastac@gmail.com',138,'040159948','','cd039a38a7e3d4df91dda02ab92e2396:0c','1'),(132,'m','bogdan','ipavec','0000-00-00 00:00:00','ipavec.bogdan@gmail.com',139,'031446977','','c7ee1441adcbcd024fcba30de3872253:72','1'),(133,'f','Karmen','Malečkar','0000-00-00 00:00:00','karmen.maleckar@plama-pur.si',140,'051 350 365','','039586ba61593f319be60b26b5c30e42:28',''),(134,'f','BARBARA','LOZEJ','0000-00-00 00:00:00','barbara.birsa1@yahoo.com',141,'031823683','','18c31770c952620b9e69cae8ad31109b:50',''),(135,'m','igor','ivanšek','0000-00-00 00:00:00','igorivansek@hotmail.com',142,'040551435','','ae0f3f5eeca077a2aeb96ece3362a10b:fe',''),(136,'m','MILAN','RAMŠAK','0000-00-00 00:00:00','ramsak.milan@siol.net',143,'041407818','','81e59a3a8abf0910a4495466bb63959d:d3','1'),(137,'m','Marko','Drnovšek','0000-00-00 00:00:00','marko.drn@triera.net',144,'041/687-627','','1aa421e6ad94ac1298e60b49c5e10d2f:98',''),(138,'m','Aleš','Korenčan','0000-00-00 00:00:00','aleskorencan@yahoo.com',145,'014344180','','a8294f26d5dd02bf237d96795a612f07:db',''),(139,'m','Davo','Gunzer','0000-00-00 00:00:00','davogun@gmail.com',146,'040228617','','084b29a17c745c9e1a9c31fe5f84014d:2e',''),(140,'f','Mateja','Prešern','0000-00-00 00:00:00','mapresern@gmail.com',147,'031510523','','aefe98040d49ed1454e37cb4d85d06b1:62','1'),(141,'m','srečlo','dušič','0000-00-00 00:00:00','srecko.dusic@amis.net',148,'031257678 od sestre','','64a5ed80eb900d5df8d81414f1668525:c6',''),(142,'f','marjetka','podgoršek horžen','0000-00-00 00:00:00','marjeta.ph@gmail.com',149,'041667387','','3974b948dd2a9194f825a283cfecb1e7:ce',''),(143,'f','Tanja','Golli','0000-00-00 00:00:00','tanja.golli@gmail.com',150,'041 753 753','','3b78db20f21ac8a162eb387f7e0ef2f6:6d',''),(144,'f','Ivica','Vončina','0000-00-00 00:00:00','ivica.voncina@guest.arnes.si',151,'031 776 416','','aba0837e2a34830782af06c958849cf5:fe',''),(145,'f','Nina','Mauhler','0000-00-00 00:00:00','dashing.daisy@hotmail.com',152,'051345220','','37c43037e0db31a295295b204b8eecec:06',''),(146,'m','Alojz','Mestek','0000-00-00 00:00:00','alojz.mestek@zzzs.si',153,'041 672 918','','e400ee90b125243c936d02cec3544b58:c0','1'),(147,'f','teja','jug','0000-00-00 00:00:00','tejajug@yahoo.com',154,'041/947554','','5c64ed0c9bbdbf3c6f8d5b4f9f6eedf9:68','0'),(148,'f','ERIKA','KRAPEŽ','0000-00-00 00:00:00','ERIKA.KRAPEZ@VIVERE.SI',155,'040382996','','e05b7e7c43629746cb6e2558c5933c19:51','1'),(149,'m','matej','mester','0000-00-00 00:00:00','judoist.matej@gmail.com',156,'041569127','','4b1ddd5a159184d0ffe0bdbaf5c0bea7:84',''),(150,'m','Uroš','Petronijević','0000-00-00 00:00:00','uros_pet@hotmail.com',157,'041 275 483','','19e3b9feed4114f33e7573c2062c676f:17','1'),(151,'f','Sandra','Slapar','0000-00-00 00:00:00','sandrica321@gmail.com',158,'070535320','','cca01b072a3f8cc4d0aa0c93635593be:e1','1'),(152,'m','marko','matkovič','0000-00-00 00:00:00','matkovic.m@gmail.com',159,'041-345913','matkovic.m@gmail.com','2064d01f7820e523580cd57214cff1f2:3d',''),(153,'m','Damjan','Pahor de Maiti','0000-00-00 00:00:00','cmd400@gmail.com',160,'38640623443','','2aa4f1931ddd94b594ce57815983dd32:20',''),(154,'m','Aleš','Makuc','0000-00-00 00:00:00','ales.makuc@kolektor.com',161,'031 851 539','','f952cc79225f49c8f22f1b5b15c236cc:56',''),(155,'f','JOŽICA','BREGAR LESKOVŠEK','0000-00-00 00:00:00','jernej.leskovsek@gmail.com',162,'041-790-560','03-56-60-635','cc640958424aae3df56c7ce909d52fcc:4d','1'),(156,'f','anja','zbašnik','0000-00-00 00:00:00','anja.zbasnik@skb.si',163,'041544721','','fd44cdeb77b65e10077cf3c46ba0551a:e3',''),(157,'m','Milenko','Vesel','0000-00-00 00:00:00','milenko.vesel@gmail.com',164,'040923009','','ad8682284e569bed7998ed4169943bab:4a',''),(158,'f','Jana','Triglav','0000-00-00 00:00:00','jtriglav@gmail.com',165,'386 51396961','','1ade2585e730515b884a9d4790ba6792:98',''),(159,'m','Boštjan','Tertinek','0000-00-00 00:00:00','bostjan.tertinek@gmail.com',166,'031379226','','cee289b11c7c0025cc6bdce224041324:c5',''),(160,'f','DIANA','JENKO','0000-00-00 00:00:00','d.doma.d@gmail.com',167,'064 113 331','','c922de38ce0117ef5c10c238d0dbd7fd:8d','1'),(161,'m','Igor','Justinek','0000-00-00 00:00:00','igor.justinek@amis.net',168,'040 375695','','b651f55dc2e1a73e363c687c2bcde709:be',''),(162,'f','Zlatko','Hraš','0000-00-00 00:00:00','andreyrexx@gmail.com',169,'041 710509','','c02b89d1633533d90d8f7263214fda96:79',''),(163,'m','venčeslav','černe','0000-00-00 00:00:00','venceslav.cerne@gmail.com',170,'015683729','','5a47ab9540d4372d964582c4223b4823:0e','1'),(164,'f','Irena','Cergol','0000-00-00 00:00:00','irena.cergol@siol.net',171,'041-338614','','77cf3219741e8fe529dc3765b979087b:30',''),(165,'m','Matjaž','Anžič','0000-00-00 00:00:00','matjaz-A@hotmail.com',172,'031250296','','c60fa0a644d4939048d028d476bbb42b:fb','1'),(166,'m','Benjamin','Jagodic','0000-00-00 00:00:00','benojagodic@hotmail.com',173,'051241368','','080d7df7d2b3badb193a8d01a2ecedca:f5',''),(167,'f','Tina','Tiršek Šindič','0000-00-00 00:00:00','TINA.TIRSEK@ALTA.SI',175,'031223332','','93093391c5ac5689f61e303af2003cc8:31',''),(168,'f','alenka','Kodila','0000-00-00 00:00:00','alenka.forjan27@gmail.com',176,'041899032','','668bfcc1baa81dafc13c8ba88308c5d4:87',''),(169,'f','nina','mehanović','0000-00-00 00:00:00','n.hribovsek@gmail.com',177,'031330289','','7d02f3f9ffdf63d545febe2ee111d00f:bd',''),(170,'f','Barbara','Tavčar','0000-00-00 00:00:00','tolar.barbara@gmail.com',178,'031754383','','262e804d1eaf5bfeba16a926fcbbc57e:d9','1'),(171,'m','kristjan','klemencic','0000-00-00 00:00:00','klemencic.kristjan@gmail.com',179,'0034603201690','','3f074235f259cba58994f1acec7a99fc:bc',''),(174,'f','nadja','Jakomin','0000-00-00 00:00:00','jakomin@mail.amis.net',182,'o40 610 014','','260f17229aebd46f27ab4ccdc99a6727:2c','1'),(173,'f','tanja','princes','0000-00-00 00:00:00','tanja.princes@guest.arnes.si',181,'040239187','','57eac8fffd1d48ca0df7261eb32e52a3:01',''),(175,'f','Vesna','Panić','0000-00-00 00:00:00','vesnapanich@gmail.com',183,'///','','565e3097e7de444eff5c3b27da9734a4:80','1'),(176,'m','Geno','Tinev','0000-00-00 00:00:00','geno.tinev@gmail.com',184,'031 556 252','','31647488a24f19228f0e6882b2da4b21:dc',''),(177,'f','mira','mikec','0000-00-00 00:00:00','mira.mikec55@siol.net',185,'031 622 732','','304284bebd902dff6ac4381e40050053:5a',''),(178,'m','Andrej','Pečnik','0000-00-00 00:00:00','prometej82@gmail.com',186,'1247500','','2b4874c8dae1a5caf1cc3933b83a0bb9:6c',''),(179,'m','Denis','Stojčič','0000-00-00 00:00:00','denis.stojcic@gmail.com',187,'041 321 633','','f6df1576eecb64ff2722cf89c073d71d:07',''),(180,'m','Aleš','Krošelj','0000-00-00 00:00:00','a.kroselj@siol.net',188,'041v689 556','','d3d19d219f37b758b63d8083cf2e0a3b:05',''),(181,'m','Anton','Kolar','0000-00-00 00:00:00','kolar_anton@t-2.net',189,'041 977 983','','7a494e6f102b5bd35d864b1f7be6d8b0:48',''),(182,'f','IRENA','BIJOL','0000-00-00 00:00:00','irena@bijol.si',190,'041/250-927','','a1e83869e48b6b7e1486d686931b875a:c0',''),(183,'f','Livija','Dolanc','0000-00-00 00:00:00','livija.dolanc@siol.net',191,'041 630 725','','47d32df0cf1588949b2127a7ff978d45:e8',''),(184,'f','Tina','Vadas','0000-00-00 00:00:00','tina.vadas@gmail.com',192,'040623163','','88d708a002d6c4766c8d936920431e6b:7c',''),(185,'f','ana','mlakar','0000-00-00 00:00:00','gorazd.ana@gmail.com',193,'041 674 789','','c9750d0d099acad22add64ba07913f35:e2','1'),(186,'f','Mateja','Delakorda','0000-00-00 00:00:00','mateja.grca@gmail.com',194,'040 738 061','','83551fc6cd8477ef0ffcd4256097ab01:67','1'),(187,'m','mitja','mitnjek','0000-00-00 00:00:00','mitja.mitnjek@gmail.com',195,'051661464','','3e81dabbf2db7ebc5cab10623d33e99a:3b',''),(188,'f','Biserka','Matelič','0000-00-00 00:00:00','biserkaenator@gov.si',196,'041856550','','9657432d1d7bbb6de90f28fb2bd4ceb1:12','1'),(189,'m','Domen','Kalajzic','0000-00-00 00:00:00','domen@3glav.com',197,'041683184','','e63ccc3bc8fb386554139d17e157c7d6:0d',''),(190,'f','Mojca','Dovžan','0000-00-00 00:00:00','mojca.dovzan@gmail.com',198,'041396439','','79835062b3527e806e0848fee5816487:c7',''),(191,'f','Andreja','Martinc','0000-00-00 00:00:00','andreja.martinc@designand.si',199,'041 312 816','','2de7023ac78426d9e0cab0ad8282a586:7a',''),(192,'f','Konstantina','Dolenc','0000-00-00 00:00:00','konstantina.dolenc@gefco.net',200,'051 615 370','','8736c5d09d913740f141e2ac94d4d537:9c','1'),(193,'f','NATAŠA','ROGELJ','0000-00-00 00:00:00','nrogelj@gmail.com',201,'040 242 333','','18fcd9f90fcedad298b65d82dd5a14cc:18',''),(194,'m','Lasse','Bertheussen','0000-00-00 00:00:00','lbertheussen@gmail.com',202,'41629814','','cdc852696b6324c26bb12df573c3f2c6:19',''),(195,'m','Davorin','Poljanec','0000-00-00 00:00:00','davorin.poljanec@gmail.com',203,'040713828','','ef0275545debb25fcb3ea3129878ebf9:5c','1'),(196,'m','Mišel','Sztyc','0000-00-00 00:00:00','sztycmisel@gmail.com',204,'0038641363196','','a6dd497779f568cfe4e83955faea547e:7c','1'),(197,'f','Darja','Mirt','0000-00-00 00:00:00','darja.mirt@siol.net',205,'031655586','','2d480addd23fc9212b8d77e6bfae756b:7c',''),(198,'f','Karmen','Režek','0000-00-00 00:00:00','karmen.gallileo@gmail.com',206,'031 626 447','','781c09a0a5e6dd00370eb616ce1c9eda:5a',''),(199,'m','Primož','Inkret','0000-00-00 00:00:00','primoz.inkret@p-m.si',263,'041355100','','e026b9c39112a937e838f4f882f08824:97','1'),(200,'f','mojca','strehar','0000-00-00 00:00:00','mojca.strehar@gmail.com',208,'041822204','','255f6dfbf94184c9b5656befba6969e1:33',''),(201,'f','Gea','Gombač','0000-00-00 00:00:00','gea.gombac@gmail.com',209,'031672973','','4e6e1fa7afe6d839a09a4cd77636f959:e5',''),(202,'f','Tadeja','Gornik','0000-00-00 00:00:00','tadeja62@gmail.com',210,'040 469 700','','393cfdde6b05c359f99e30d31948a1be:3d',''),(203,'m','EMIL','SENČAR','0000-00-00 00:00:00','emil.sencar@siol.net',211,'041634904','','24284820f4909dbae7166b6bc42c94e9:1a','1'),(204,'f','Suzana','Ribaric','0000-00-00 00:00:00','suzana.ribaric@gmail.com',212,'041700995','','643c9fadc3fdfe50849944f957b3a254:0d',''),(205,'f','Katarina','Peric','0000-00-00 00:00:00','kati.peric@siol.net',213,'041556529','','c11e6915463653cfbaf20fd6bf490809:a7','1'),(206,'m','jure','bukovec','0000-00-00 00:00:00','marta.harri@gmail.com',214,'031711069','','6ea7e78d5b5c21e774f5ab9d57aae813:0e',''),(207,'m','Bojan','Senjur','0000-00-00 00:00:00','kajmegnjavis@gmail.com',215,'041711377','','d7403a438128c7639cb0ddfab1f9b7ad:cd','1'),(208,'f','KUKOVIČ','DANICA','0000-00-00 00:00:00','DANICA.KUKOVIC@SIOL.NET',216,'041679680','','1a3e7f08c53531f9a25bb392c2bd7281:d7',''),(209,'f','ROMANA','STREŽEK','0000-00-00 00:00:00','arstrezek@siol.net',217,'031553600','','af7fdc3a0cb82923104ce510281065fc:a4',''),(210,'f','Majda','Sernec','0000-00-00 00:00:00','majda.sernec@guest.arnes.si',218,'041937203','','2938e36510d05c538e6eb4b2c2bd82eb:fa',''),(211,'f','Staša','Bradaševič','0000-00-00 00:00:00','stasa.bradasevic@gmail.com',219,'0417555593','','9e6771078a4fb5052d9ef740166ddb1a:b8','1'),(212,'f','TINA','GALIČ','0000-00-00 00:00:00','tina.galic@gmail.com',220,'041762709','','470522a4fbe11ae8390e6850a2ce4ea3:c4',''),(213,'m','Milan','Trbižan','0000-00-00 00:00:00','milan.trbizan@t-2.net',221,'031605566','','1658ad4d7a6e28cd0a3de123c29721d5:81',''),(214,'f','Jana','Kaše','0000-00-00 00:00:00','anjapodlesnik@gmail.com',222,'031672383','','348732746c8214c8798bd4a403b5452a:de',''),(215,'f','Alenka','Zorc','0000-00-00 00:00:00','alenka_zo@yahoo.com',223,'041617851','','228d7517022b79921d98417ee7f3b0b0:77',''),(216,'m','Samo','Košmrlj','0000-00-00 00:00:00','skosmrlj@gmail.com',224,'031677388','','a09a32f03d01cc45511d40dea523f1e2:01',''),(217,'m','Damjan','Delač','0000-00-00 00:00:00','damjan.delac@gmail.com',225,'031675631','','0b16df6548526c422a729df75eb044db:c4',''),(218,'m','Matej','Miklavcic','0000-00-00 00:00:00','mateo.miklavcic@gmail.com',226,'0038631873413','','92ff752f28b6a56eb78dd4e7056e69c9:87',''),(219,'m','Tomaž','Selak','0000-00-00 00:00:00','tomaz.selak@gmail.com',227,'031395611','','182b1e1da4871673b51226832f45393e:f2',''),(220,'f','Branka','Petelin','0000-00-00 00:00:00','5linbranka@gmail.com',228,'064 116 366','','b5cb7d6caae9229b2b75250b79719fc1:a6',''),(221,'m','Marko','Rondic','0000-00-00 00:00:00','marko.rondic@gmail.com',229,'031692279','','ea7721b8d77eb91de6033b6ec46cd09a:ef',''),(222,'f','Irena','Uranjek','0000-00-00 00:00:00','irena@rogacplus.si',230,'041695203','','fb27fa138aabcf7a2a32c1635ebcca75:98',''),(225,'m','Danilo','Jezernik','0000-00-00 00:00:00','danilo.jezernik@gmail.com',233,'040593596','','6b8fc88100f54fe1dda55c6c3f188558:e3',''),(224,'m','Roberto','Kneipp','0000-00-00 00:00:00','roberto@kneipphof.com',232,'+39 338 2067778','','1d90b17048ac205475ba8524cb4a04e8:77',''),(226,'m','Peter','Osterveršnik','0000-00-00 00:00:00','peter.osterversnik@gmail.com',234,'040 428 540','','27e5d34cbe703235455256b4d83f1bee:46',''),(228,'m','Primož','Zalaznik','0000-00-00 00:00:00','primoz.zalaznik@gmail.com',236,'040 553 500','','9ac2407328666097b36ead44854a83d2:4f',''),(229,'f','klementina','križnik','0000-00-00 00:00:00','klementina.kriznik@gmail.com',237,'041857973','','d9b2dec0687f166ad5b9cb9c98a8e64b:d9',''),(230,'f','Polona','Strlič','0000-00-00 00:00:00','polona317@gmail.com',238,'041230526','','fea6423bb75663ef3cf9b41da0397746:8d',''),(231,'f','SLAVKA','TURK','0000-00-00 00:00:00','slavka.turk@kim.si',239,'041357012','','15cb0cfb943937d2e8273f90628a5a3d:d8',''),(232,'f','kaja','bučar','0000-00-00 00:00:00','kaja.bucar@gmail.com',240,'040215915','','6ab18dc131724cee0743b29ad4efe233:35',''),(233,'m','oliver','jovič','0000-00-00 00:00:00','oli.joc@gmail.com',241,'040201530','','d98e5aebfbe3ba5de2ae48e30c24395f:3f',''),(234,'f','Janja','Tekavc','0000-00-00 00:00:00','janja.tekavc@gmail.com',242,'041 847 802','','c2b3678f2467fc5fee7a4068ea3c2763:fd','1'),(235,'f','Laura','Ajster','0000-00-00 00:00:00','laura.ajster@gmail.com',243,'040-819-401','','0e3c5534a3bb4aa771206d77e99b646d:89',''),(236,'m','JAKOB','ŠTEMBERGER','0000-00-00 00:00:00','jaka.stemberger@gmail.com',244,'051648440','','4cdcc3cda2f32904818f47a857868164:8f',''),(237,'f','Tanja','Dreo','0000-00-00 00:00:00','tanjaluna@yahoo.com',245,'041292988','','ff290a64e205b3f2a08a8dc7216adbe0:e1','1'),(238,'f','polona','breški','0000-00-00 00:00:00','pbreski@gmail.com',247,'070858205','','4d3dc4a3595e909ee0a88c0c955f973b:ad',''),(239,'f','Ana','Cekuta','0000-00-00 00:00:00','Ana.cekuta@gmail.com',248,'041 759 695','','ba28f30930b15f5eb4da3cce3920245f:79',''),(240,'m','MATJAŽ','KENDA','0000-00-00 00:00:00','spark.sezana@t-2.net',249,'040300279','','e2b48de7dc04a1297f893c4a978d1559:17',''),(241,'f','Ana','Pincolic','0000-00-00 00:00:00','ana.pincolic1@gmail.com',250,'004521683958','','86d0ff2d6d9cbe334684e9df85c0d743:80',''),(242,'f','Fanika','Golub','0000-00-00 00:00:00','info@diamantnails.net',252,'040705-058','','c351e23406552ef81646d44e21a7ec3e:c6','1'),(243,'f','Monika','Humar','0000-00-00 00:00:00','monikahumar@gmail.com',253,'051615188','','a6afa95cc71902b6df86bfc246c13663:52',''),(244,'f','Zvonimira','Noč','0000-00-00 00:00:00','zvonimira.noc@telemach.net',254,'04 5832 973','','b9aa490cd77d71c27c588dd2397e0522:58','1'),(245,'m','Borut','Skvarča','0000-00-00 00:00:00','skvarca3@gmail.com',255,'041 974477','','e31b342c1f682e29d7377e806f2ab42d:0c',''),(246,'m','Veri','Nanut','0000-00-00 00:00:00','Nanut@inwind.it',256,'0039320095670','','43e5cd7bb665992bcda5015037afe304:ae','1'),(247,'f','Ana','Petelin Grubišić','0000-00-00 00:00:00','ana.pegr@gmail.com',257,'057345279','','1869dcaafacc86e5ffa6f00a5a90b0d3:60',''),(248,'f','Sonja','Capasso','0000-00-00 00:00:00','Sonjac1978@gmail.com',258,'040299264','','64c76d84657c1300b3bad65e4110be13:1e',''),(249,'m','ZORAN','STARY','0000-00-00 00:00:00','zoranstary@gmail.com',260,'041605889','','e4e74c35939c86c30ee07b9f2a81dfc4:db',''),(250,'f','Zdenka','Mori','0000-00-00 00:00:00','aleksandra_stornik@hotmail.com',261,'028233360','','7d9d0f68fc5e895692113cf25fd5e50b:18',''),(251,'f','JASNA','ŠOBAR','0000-00-00 00:00:00','jasnasobar@gmail.com',262,'o4o466049','','00eb349040ca2aa1f099665740cc6942:9c',''),(252,'m','Rok','Pečar','0000-00-00 00:00:00','rok.pecar@gmail.com',264,'0038641773226','','a09deb01de4e44e82f3690ae4f468569:d9',''),(253,'m','Marko','Tominec','0000-00-00 00:00:00','marko.tominec@gmail.com',265,'041552756','','79643ee621e5405c851c75f63297fc4e:0f',''),(254,'m','janez','sternad','0000-00-00 00:00:00','sternad.janez@gmail.com',267,'38641708268','','53e1bc90d2f3c98e91193fe36efeccd6:46',''),(255,'f','SUZANA','KOTNIK','0000-00-00 00:00:00','suzanak777@gmail.com',268,'070708642','','801f03167d77028c88a0e5c9efbc4e95:18','1'),(256,'m','Ivo','Kvapil','0000-00-00 00:00:00','xik@seznam.cz',269,'+420603179425','','fcd66f62f96ff747823ba400e26e17b7:11',''),(257,'m','Marijo','Mlakar','0000-00-00 00:00:00','marijo.mlakar@siol.net',271,'041671886','053887487','e95ca913090a03a06ddd655468ea27eb:c0',''),(258,'m','Jernej','Kac','0000-00-00 00:00:00','nejc.kac@gmail.com',272,'041482961','','f845b49b2a0dd83e040dbc2f09bc0402:90',''),(259,'f','biserka','rabrenovič','0000-00-00 00:00:00','biserka302@gmail.com',273,'031634649','','0543c962b7a5c9706a13893d5f70cef9:2c',''),(260,'m','ALEKSANDER','JENKO','0000-00-00 00:00:00','sasojens@gmail.com',274,'040396286','','6e3bce2fdd22c08b4e885d41fe05011b:60',''),(261,'f','Tina','Lončar','0000-00-00 00:00:00','tina1311@gmail.com',275,'040862113','','6b3eb4b5f352ac6ad675ab498b36cbb6:3f',''),(262,'f','Teja','Krasovev','0000-00-00 00:00:00','teja.krasovec@lineasnella.si',276,'051650817','','a7c469fbfabc59ee252a554a55ec25e9:cb',''),(263,'m','Matjaž','Bergant','0000-00-00 00:00:00','matjaz@bergant.net',277,'041493624','','22e8a0485ffcff93d2818623a6b1fd70:10',''),(264,'m','Denis','Jurič','0000-00-00 00:00:00','jurrk12@gmail.com',278,'031589266','','56315fc4baa83ff6a53cf7cd07751e0a:d2',''),(265,'f','monika','vrabec','0000-00-00 00:00:00','vrabec.monika@gmail.com',279,'031 364 708','','4fb1e1a410b9f1a6654bd69f151fa3e4:91',''),(266,'f','Katja','Petruša','0000-00-00 00:00:00','katja.petrusa@gmail.com',280,'040451080','','ceb924fe90b8ef593ab8aff1984cfeb6:f1',''),(267,'m','Peter','Berlec','0000-00-00 00:00:00','peter.berlec@siol.net',281,'041310172','','ec8ca2845d61de8526141ef28ed780e3:9b',''),(268,'f','Mateja','Mavrič','0000-00-00 00:00:00','mateja.mavric@gmail.com',282,'041563322','','83fe0b4bb3cf6853413bc5b6e4c21ecb:03',''),(269,'f','Katarina','Košmelj','0000-00-00 00:00:00','katarina.kosmelj@bf.uni-lj.si',283,'040245987','','d2970987427addeecf5f51bc5bf3a156:8a',''),(270,'f','Tadeja','Šteharnik','0000-00-00 00:00:00','tadeja.steharnik@petrol.si',284,'031 312 856','','fb7ed38e5aca40200bb200db4fb77fc4:9a',''),(271,'m','Marko','Vajdič','0000-00-00 00:00:00','Marko.vajdic@telemach.net',285,'051 312 120','','369eaee1cb1c1de1c87f2e36a69d848c:57','1'),(272,'m','Igor','Jurančič','0000-00-00 00:00:00','Jur@siol.net',286,'041692197','','25c03cd666decf43f102a445dd86eea6:c1','1'),(273,'m','uroš','semenič','0000-00-00 00:00:00','dolores.bucik@gmail.com',287,'040 244 134','','4b8a177c641b6fef912883824f299910:78',''),(274,'m','Igor','Železen','0000-00-00 00:00:00','stefan.zelezen@telemach.net',288,'02/5391200','','877a78cac0f718962587215c08bd5815:d5',''),(275,'f','Tjaša','Meden','0000-00-00 00:00:00','Nedostopna@gmail.com',289,'051335064','','6ef03c04fe736a221d869dc7d738e61a:b4',''),(276,'m','Mitja','Štrukelj','0000-00-00 00:00:00','helena.strukelj@gmail.com',290,'041 706 132','','9c488d7740976bb1ff332a9a9fc53186:2b','1'),(277,'f','Nina','Drašler','0000-00-00 00:00:00','nina.drasler@gmail.com',291,'031 807 568','','9a9ffda79a298f8f0c1809c45ae344c6:56',''),(278,'f','Zdravka','Jelar','0000-00-00 00:00:00','zdravka.mobyact@gmail.com',292,'040/128 118','','4d38969ae50a223d3c025330e2cde763:25','1'),(279,'f','Tanja','Selan','0000-00-00 00:00:00','tanja.selan@gmail.com',293,'040453374','','f3c612146a59f10ed0cf32675ddcb617:41',''),(280,'m','andrej','potočnik','0000-00-00 00:00:00','andre.polzela@gmail.com',294,'041-686-133','','38002ebbfaebe11ba99488c6f4a12c06:8a',''),(281,'f','ANA LAURA','Rednak','0000-00-00 00:00:00','laura.rednak@siol.net',295,'041737886','041737886','4a28a246f1522d504d1c997feeef349b:54','1'),(282,'f','Marija','Gromova','0000-00-00 00:00:00','beshenay@list.ru',296,'+79858247848','','0116e75c7c0954c33575da6f75306acf:ea','1'),(283,'f','BARBARA','KOGEJ','0000-00-00 00:00:00','barbara.kogej@gmail.com',297,'041585055','','cb171095f86cf7355b99abea5de10167:bd','1'),(284,'f','Romana','Jeršič','0000-00-00 00:00:00','romana.jersic@gmail.com',298,'031633481','','bae3db3ab227a84b5f10cc9c28873ec0:af',''),(285,'f','valentina','slanšek','0000-00-00 00:00:00','valentina.slansek@siol.net',299,'o41 263 029','','1429aa0c6cefc58a7e03d104ff346040:8f',''),(286,'f','Zdravka','Plantan','0000-00-00 00:00:00','zdravka.plantan@gmail.com',300,'013661913','','45d1378470095c1cb8b4e251cdfc5990:26',''),(287,'f','Valentina','Kočevar','0000-00-00 00:00:00','krashevka@gmail.com',301,'041573204','','257aa3eab86d81e541b6f64f7d569224:c8','1'),(288,'f','mojca','noc','0000-00-00 00:00:00','mojcanr@gmail.com',302,'041342787','','588657a214888413b0c93c3de153dd3f:ef',''),(289,'m','david','krebel','0000-00-00 00:00:00','davidkrebel@yahoo.it',304,'3313324021','','d15dbd9777b987f4adaf203ef9765661:35',''),(290,'m','MIRAN','KAJTNA','0000-00-00 00:00:00','mirankajtna@hotmail.com',306,'068195398','','9282116740ba6f54dd264bfdd5953a38:00','1'),(291,'f','SILVA','GOLOB','0000-00-00 00:00:00','silva.golob2@triera.net',307,'040799489','','21c0a05b8c6f4f64dde8d7c9b8c2be8c:8b',''),(292,'f','Klavdija','Krznaric','0000-00-00 00:00:00','klavdija977@gmail.com',308,'031716627','','9cb1f5908e7690a72c606e0cb0368edc:24','1'),(293,'f','Tatjana','Iglič','0000-00-00 00:00:00','tatjana@jaka-i.si',309,'041315472','','ff060338e51ffe6cacb62d0ca523e187:14',''),(294,'m','Andrej','Opara','0000-00-00 00:00:00','aopara@gmail.com',310,'031-286-400','','9fc1c0fb8b0cfa131a7e26f0ef0c08b8:10','1'),(295,'f','Sonja','Kačar','0000-00-00 00:00:00','sonja.kacar@guest.arnes.si',311,'041 754 940','','86d2175e85954699349dd6522d98355c:34','1'),(296,'m','bojan','horvat','0000-00-00 00:00:00','boja62horvat@gmail.com',312,'040 852 920','','675a6ec0d7b77f4b076b2d0b80113d0f:0b',''),(297,'m','slavko','marcen','0000-00-00 00:00:00','slazec.m@gmail.com',313,'040573397','','59d6f583af7b09ea6fe7859cfad94cd7:5c','1'),(298,'m','Lojze','Rejc','0000-00-00 00:00:00','lojze.rejc@rafis.si',314,'+386 41 707 787','','00f6df5420a74641f27ca1df9ebee413:8b',''),(299,'m','Gorazd','Kozmus','0000-00-00 00:00:00','gorazd.kozmus@gmail.com',315,'38641676697','','c9d11f72f347668b2fe69268ed6e900a:42',''),(300,'f','Zvonka','Ptičar','0000-00-00 00:00:00','zvonka.pticar@kpl.si',316,'01/4769240','01/4769302','437d5d2d891a800f1133289b423355ae:ef',''),(301,'m','blaž','babnik','0000-00-00 00:00:00','blaz.babnik@t-2.net',317,'041-503-067','','ebf7cefe6c4c80a94c7b9ab27bb5cce7:4f',''),(302,'f','Dora','Rudof','0000-00-00 00:00:00','dora.rudof@telemach.net',318,'031/595-304','','ae5774aa9ff3368a9e803831addc876a:77',''),(303,'m','Milovan','Jelčić','0000-00-00 00:00:00','jelcic.milovan@gmail.com',319,'+38163500023','','66b72bf38995b6f29520cf6b110a072b:74',''),(304,'m','Miha','Ban','0000-00-00 00:00:00','mihaban@mejnik.si',322,'041445595','','a6f84735e0fa7680cae69e1af21dd54d:1f',''),(305,'f','PETRA','PREBIL BAŠIN','0000-00-00 00:00:00','petra.prebil.basin@gzs.si',323,'041316901','','eec5f87f0f6a256a7c3028e497fdc172:ca',''),(306,'f','Mateja','Fošnarič','0000-00-00 00:00:00','mateja.fosnaric@gmail.com',324,'031 865 259','','d95be43994d7a22fa8ec8cd23200b3f1:4e',''),(307,'f','Maja','Bohte','0000-00-00 00:00:00','majavagaboo@yahoo.com',325,'040996237','','5052dbd541acc728b5ef49747de6fd5c:f9','1'),(308,'f','Nadine','Lesjak','0000-00-00 00:00:00','nadine@alfa-sig.si',326,'041 349 709','01 430 47 79','1953eef1effe92fd6e24fac7a066ef9f:da','1'),(309,'f','Sonja','Kaluža','0000-00-00 00:00:00','sonja.kaluza@gmail.com',327,'041 638 082','','332c988d06b1d749c8d975127523dd1f:bc',''),(310,'m','JANEZ','SLOKAN','0000-00-00 00:00:00','info@kostra.si',328,'041756802','','dd1c769c03accffcb85e028f13434d2f:65',''),(311,'m','Jernej','Hiti','0000-00-00 00:00:00','jhiti@amis.net',329,'040-653-100','','4a96121a1119619dc036464d25895c76:9e',''),(312,'f','Romana','Vojska','0000-00-00 00:00:00','vojska.romana@gmail.com',330,'031796688','','09d9bdfd121355ac6009b7db039813c3:86',''),(313,'f','Barbara','Trošt','0000-00-00 00:00:00','barbara.trost@gmail.com',331,'041551694','','e4d00d8b326f2c7f2fbed8a438de2e43:57',''),(314,'m','ROBERT','ROBIČ','0000-00-00 00:00:00','robert.robic@telemach.net',332,'041735186','','96986cea32534e398c1eabfcb6db0f2a:8e','1'),(315,'f','Tina','Palma','0000-00-00 00:00:00','Jerastina@gmail.com',333,'051325947','','98a1b9ee6feb8796c44a5fa3eff855d1:ac','1'),(316,'f','karolina kornelija','logar','0000-00-00 00:00:00','nellylogar@gmail.com',334,'041658293','','33bf59ab1be00093be1be93be0aa63c7:f3',''),(317,'m','dime','rangelov','0000-00-00 00:00:00','dime.rangelov@askorus.ru',335,'035874811','','1355499c39124629c1d912b7f778ce53:42',''),(318,'m','Boris','Srndovic','0000-00-00 00:00:00','borjasan@telia.com',336,'0046706553112','','bc9d1a751a1ea99b10fa9c0b9ed6bcc9:53','1'),(319,'f','LEA','PERŠIČ','0000-00-00 00:00:00','lea.persic@gmail.com',338,'041449200','','d4f99e12547f8af322c966ec1da5a378:75','1'),(320,'f','Polona','Žganjar','0000-00-00 00:00:00','polona.zganjar@gmail.com',339,'031820677','','6320b81393ebbcfee4c62bcd1cad9aab:d4',''),(321,'m','Bostjan','Hazabent','0000-00-00 00:00:00','hazo9@yahoo.com',340,'040 749331','','ec05749cdc2ba3cd16e5951b9ba366fd:85',''),(322,'m','Vlado','Zabkar','0000-00-00 00:00:00','wlady@siol.net',341,'38651615653','--','1c5200ffb81725fcca4fa0a37200aaee:2c','1'),(323,'f','Sabahat','Krasniči','0000-00-00 00:00:00','sabi.krasnici@gmail.com',342,'051 399 795','','767416e5411b7404fe5d2f161c70ca7b:35',''),(324,'f','zlatka','cerkvenik','0000-00-00 00:00:00','zlatka.cerkvenik@guest.arnes.si',344,'057311888','','6d37296adef63bb0fe544250447e8907:6e',''),(325,'m','rok','kolaric','0000-00-00 00:00:00','kolakola10@yahoo.com',345,'040698715','','edde54f89a4ba3b29337270dd9f14c29:6c',''),(326,'m','Otmar','Potrč','0000-00-00 00:00:00','potrc.otmar@gmail.com',347,'041 961-527','','eb6ef48c906ffe009365b24192b66428:b8','1'),(327,'f','irena','črep','0000-00-00 00:00:00','irena.crep@siol.net',348,'035730446','','49050897888cd2f8f7f74f2ca5e97ff1:88',''),(328,'f','sandra','nučič','0000-00-00 00:00:00','sandranucic92@gmail.com',349,'38670295401','','fb8a5176224920958388cc3239b5c38b:6a','1'),(329,'f','Jožica','Pestotnik','0000-00-00 00:00:00','jozi.pestotnik@gmail.com',350,'031407979','','abe31a50c3bf05068d4f42a0b9945d39:a1',''),(330,'f','Saša','Aljaž','0000-00-00 00:00:00','sasyka.aljaz@gmail.com',351,'38641583061','','a0cd0c096f780ef14f6c64568582ab7b:ba',''),(331,'f','alenka','tanko','0000-00-00 00:00:00','peter.8osem@gmail.com',352,'040 557 125','','ae18d4f0bf421bc485e35c044e2e4294:72',''),(332,'m','Primož','Puhar','0000-00-00 00:00:00','primoz.puhar@gmail.com',353,'051 646 415','','19f21cd05dd7a9646e316e4aeda4be0f:1c',''),(333,'m','Simon','Kranjc','0000-00-00 00:00:00','simon.kranjc@unikro.si',354,'041/552-278','','e92f56d8b3c081b6086152a4f4c4229f:ae',''),(334,'m','Urban','Polajnar','0000-00-00 00:00:00','urban.polajnar@gmail.com',355,'031316687','','d2d8f85425c6b5d557d76b059014f746:a4',''),(335,'f','Ana','Peternel','0000-00-00 00:00:00','ancahanca@gmail.com',356,'031741301','','91fb09f225aab28484d606cccbdf6082:21',''),(336,'f','Suzana','Kostanjšek','0000-00-00 00:00:00','suzana.kostanjsek@gmail.com',357,'041205469','','2816909007d9384dfb4b519816b92e6b:c7',''),(337,'f','Ksenija','Rojht','0000-00-00 00:00:00','ksenija.rojht@gmail.com',358,'031205746','','9b7eb8b049c10bac6d98f4568806f92d:72',''),(338,'f','anita','pavlin','0000-00-00 00:00:00','anitka.ppavlin@gmail.com',360,'030654858','','87387ee57e94d2b6ba916e5034c9b0a4:25','1'),(339,'m','ziga','kosmac','0000-00-00 00:00:00','zigakosmac@yahoo.com',361,'041774834','','0f729ed5ae45bc1f08595003129a91a3:ac',''),(340,'m','Klemen','Vinazza','0000-00-00 00:00:00','klemen.vinazza@gmail.com',362,'040466183','','0a5cea6dc6eb9525e4c15357401832a1:c0',''),(341,'m','Ernest','Golob','0000-00-00 00:00:00','ernest.golob@gmail.com',363,'040570570','','5453fd5baa4fa6be0b7b9bdf9ec1e8d8:cd',''),(342,'m','borut','zavrtanik','0000-00-00 00:00:00','borut.zavrtanik@gmail.com',364,'041248110','','f5357d89760e8140d2ded8157c3b236d:b7',''),(343,'f','Jožica','Bojanec','0000-00-00 00:00:00','jozica.bojanec@zrss.si',365,'031 220 360','','fb1caf033616f5a4581b86a583c93b9f:b5',''),(344,'f','Marjana','Novak','0000-00-00 00:00:00','piahanao@gmail.com',366,'031425015','','456faaccdf0da600ca86f03b257e7bff:29','1'),(345,'f','Damijana','Hrabar','0000-00-00 00:00:00','damijana.hrabar@knjiznica-ilb.si',367,'041 424 969','','bf7f2bbe63283cd3fc99feb08331030b:84','1'),(346,'f','suzana','Zorko','0000-00-00 00:00:00','mojchat2014@gmail.com',368,'051380139','','abd8f53fe70997a7ae41c94a60deac20:1d','1'),(347,'f','PETRA','BERTALANIČ','0000-00-00 00:00:00','petra.bertalanic@gmail.com',369,'031/812-834','','1ea8059652a76b5d5b3a25288aefc084:23',''),(348,'m','Nikola','Pijerov','0000-00-00 00:00:00','tethys09@gmail.com',371,'040897146','','0b107de0f33034ec3f132e0d3d268826:db',''),(349,'f','Petra','Mrhar','0000-00-00 00:00:00','mrhar.petra@gmail.com',372,'041660438','','67c017ccfbc54fba8248a1029465779a:b1','1'),(350,'f','Nina','Jerič','0000-00-00 00:00:00','nina.jer@siol.net',373,'01 7093197','','8daeae2e11aa8cd601f56c69e1779014:8d',''),(351,'m','URBAN','BOŽIČ','0000-00-00 00:00:00','urbourbo@gmail.com',374,'041 249 854','','cdb9d2c3cc99d99cb0673e4b2eb125e4:d3',''),(352,'m','Izidor','Sosič','0000-00-00 00:00:00','izidor.sosic@gmail.com',375,'031655952','krasevka','e438c7f992eadf3707d4a3a1d2a6e7b0:20',''),(353,'m','srecko','sajnovic','0000-00-00 00:00:00','srecko.sajnovic@gmail.com',376,'0000000000000000000000','////////////////////////////','b812f2f135300f0091b698db081b6d15:36',''),(354,'f','Polona','Dornik','0000-00-00 00:00:00','pdornik@gmail.com',377,'040887627','','1705dee26c5ca510dd9a28834acf0356:b4','1'),(355,'f','VESNA','COLJA','0000-00-00 00:00:00','vesna.coljaaa@gmail.com',378,'031350640','','322615d7c46a20bb7b2df7b143425a6d:09','1'),(356,'f','ALENKA','OBLAKOVIČ','0000-00-00 00:00:00','alenkaizoblakov@gmail.com',379,'+38668174692','','16d680005be3f3b28ca0ab48e4047446:13',''),(357,'f','Sonja','Berdon','0000-00-00 00:00:00','sonja.berdon@gmail.com',380,'031297286','','4cbc468e81a1d8d5eea0c2ba48682684:a7',''),(358,'f','marija','marčeta','0000-00-00 00:00:00','kljucavnicarstvo.mm@siol.net',381,'030-324-616','','3739ddf957ad3770c56877bdc49629c4:67',''),(359,'m','joze','vetrovec','0000-00-00 00:00:00','joze@misteriji.si',382,'031 708 708','','6d3b930b6ab4260c32be1f17c1d746d4:bc',''),(360,'f','Sara','Martinjak','0000-00-00 00:00:00','felix.kohl@hotmail.de',385,'026401010','','1178f4afdb0fba38c674e1e94b220167:47',''),(361,'f','Špela','Kastelic','0000-00-00 00:00:00','spelca16.marelca@gmail.com',386,'051478381','','38c52a2724b06bcb538649d75076957e:33',''),(362,'f','Polona','Pakiž','0000-00-00 00:00:00','Polona.pakiz@gmail.com',387,'051690091','','8c330a31a0bb2adfc28ad054983d13d7:d0',''),(363,'f','Jana','Preglav','0000-00-00 00:00:00','crnoplava@gmail.com',389,'031778345','','aaaf6820ec4031d7e89bb7f12994a529:cb',''),(364,'f','Urška','Ulčar','0000-00-00 00:00:00','ursa.ulcar@gmail.com',390,'031296094','','a703706e7f8abb6fdc8239ad66c6f6f0:91',''),(365,'f','Marija','Ranzinger','0000-00-00 00:00:00','ranzinger.izlake@gmail.com',391,'070 398 885','','7c9cd1478d40f439c6f961ff03276437:4a',''),(366,'f','Mateja','Nograšek','0000-00-00 00:00:00','nograsek.brigita@amis.net',392,'031 300 163','','a5b11b6eb6449a4c40c010ee7dae48e6:43',''),(367,'f','Andreja','Rednak','0000-00-00 00:00:00','andreja.rednak@telemach.net',393,'031 505 311','','171ae2fa5df0a4c5c1bb2e72782919b9:b8',''),(368,'f','zdravka','godunc','0000-00-00 00:00:00','zdravka.godunc@guest.arnes.si',394,'041798613','','7d8e61f1bd0d77002cf328ee1d485c05:59','1'),(369,'m','Miran','Fink','0000-00-00 00:00:00','miran.fink@gmail.com',395,'041 976 862','','0756967f759e90df8f6ccf9bca1a7d17:86',''),(370,'m','bojan','preiner','0000-00-00 00:00:00','bojan.preiner@gmail.com',396,'041578793','','92f54e8389ee5ed45c2dc57a2d4c23f7:c0',''),(371,'m','Borut','Tepina','0000-00-00 00:00:00','borut24@gmail.com',397,'031334871','','f86bb2f2a02a33f3ee0cfe1579c53606:7c',''),(372,'m','Denis','Žganec','0000-00-00 00:00:00','denis.zganec@gmail.com',398,'051261493','','505aaa74a324b09ec44ea37566c484f9:51',''),(373,'f','Urška','Slatenšek','0000-00-00 00:00:00','ursa.slatensek@intermatic.si',399,'041-789-660','','03d1790f3b31fbacc1f5803c0d629ed6:de',''),(374,'f','Diana','Jezernik','0000-00-00 00:00:00','diana.jezernik@gmail.com',402,'031650838','028705288','2b37e732ceacfe824de672e00630b2dd:71',''),(375,'m','miha','ferlan','0000-00-00 00:00:00','ferlan.miha@gmail.com',403,'040162817','','608472d9e79784f104215d5a87316f64:32',''),(376,'m','Blaž','Čelešnik','0000-00-00 00:00:00','blazcelesnik@gmail.com',404,'031694922','','dc7ba53dee9216fa4f0967c4be072db4:96',''),(377,'m','SEJDINOVIČ','ALEN','0000-00-00 00:00:00','erna.becic@gmail.com',405,'070 722 987','','e4cae08fc275b6c476d610bf3facdd2d:d8',''),(378,'f','Marjeta','Oven','0000-00-00 00:00:00','marjeta.oven9@gmail.com',406,'040802996','','8513534ca77b8d59c4500e944b8580ee:e5',''),(379,'m','Miha','Mazzini','0000-00-00 00:00:00','Miha.Mazzini@gmail.com',407,'041737849','','5fc570089bf1f77ae090d709dd13bc5c:44',''),(380,'f','simona','martinjak','0000-00-00 00:00:00','martinjak.simona@gmail.com',408,'040 29 35 35','','2f48329037ac9353fc544a9a1b3d93a0:c8',''),(381,'m','simon','gaber','0000-00-00 00:00:00','spa.schumy@gmail.com',409,'031508774','','322898d1e9f1cb3378f1bc41ad797d10:e6',''),(382,'f','VANJA','NUNAR','0000-00-00 00:00:00','vanja@ekoprodukt.si',410,'041 720 645','','2aa5caa2f9f6615bec9486e0b867890a:9d','1'),(383,'f','Nada','Arh','0000-00-00 00:00:00','nadaarh71@gmail.com',411,'031 307166','','90c9f3ab2d07a30a198af6ef94882092:f3',''),(384,'f','Katarina','Žagar','0000-00-00 00:00:00','katarina.zagar@gmail.com',412,'041368109','','c4cd041bd8dc98d5fadba1e055a28b29:a5',''),(385,'f','Katja','Pangršič','0000-00-00 00:00:00','katja.pangrsic@gmail.com',413,'031 565 935','','833b711d57ee5604d90ea7405d1910bd:ca',''),(386,'m','Miran','Žagar','0000-00-00 00:00:00','miranzagar51@gmail.com',414,'+38631498328','','2b32324d9ab574a6cef1d05292ef497d:26',''),(387,'f','polona','gungl','0000-00-00 00:00:00','polona.9@hotmail.com',415,'031 705 787','','837a2022b82a8578909a11cf43a57974:8e','1'),(388,'m','Rok','Jurjec','0000-00-00 00:00:00','rokjurjec@hotmail.com',416,'070676601','','b8b03b26838ff1894bd87ada87cee16b:fe',''),(389,'m','Janez','Skoporec','0000-00-00 00:00:00','janez.skoporec@gmail.com',417,'041499556','','e8b92223fde466ca07cee0a7710bee00:19',''),(390,'f','Barbara','Marusic','0000-00-00 00:00:00','barbara.marusic@siol.net',418,'+38631370271','','0dbc888432e800f26aff1449b4bd25db:6b',''),(391,'f','nina','krajnc','0000-00-00 00:00:00','nina.krajnc9@gmail.com',419,'031519630','','0b3530dc5dec94c2a40d96aa619d38bd:5c',''),(392,'f','Zvezdana','Mirkovic','0000-00-00 00:00:00','Zvezdas22@yahoo.com',420,'040438808','','6f5fcaeeec3830beae8eea83106a7026:a3',''),(393,'f','Marta','Mrzlikar','0000-00-00 00:00:00','marta.mrzlikar@gmail.com',421,'041932889','','82ca264cda264a1ee93aca593dce744d:4e',''),(394,'m','Tomaz','Bolka','0000-00-00 00:00:00','tomaz.bolka@kompas-mts.si',422,'038641626769','','06d8bff59a0dddb5318259b280a18350:c2','1'),(395,'f','Anja','Boštjančič','0000-00-00 00:00:00','anckaa@gmail.com',423,'051479991','','ad4d4b7d1e9c2cc9101347078b619616:7a',''),(396,'f','barbara','jerman','0000-00-00 00:00:00','jerman.barbara@gmail.com',424,'031244614','','b26f4cb3ca47fd4a93d73ae903114e3c:aa',''),(397,'m','boris','bjelica','0000-00-00 00:00:00','bbmorje15@gmail.com',425,'040 218 309','','3c43943eb3cb57e1e17f99cc555664f8:c2',''),(398,'f','Helena','Kacijan','0000-00-00 00:00:00','helena.kacijan@gmail.com',426,'013663925','013663927','dc5c3f1e08c48d07f390dd104884b97e:f2','1'),(399,'f','Danica','Tavčar','0000-00-00 00:00:00','catering.tavcar@gmail.com',427,'041 431 988','','b0fd6f10bb4cb5fb6fd4d17a84ee03ec:46',''),(400,'m','Uroš','Džolić','0000-00-00 00:00:00','joleice@gmail.com',428,'040887737','','1f2794019a48270c6bc5a8f9a58989aa:cc',''),(401,'f','Maja','Peterkovic','0000-00-00 00:00:00','Maja.pia.p@gmail.com',429,'041471741','','c74f6e8b9ba37e41e03ec95b2b5c4329:68',''),(402,'m','BOŠTJAN','PEROŠA','0000-00-00 00:00:00','BOS.PEROSA@GMAIL.COM',430,'031 27 21 28','','13f9eb7f446638cecf5f14a66aaed70d:85',''),(403,'m','David','Golić','0000-00-00 00:00:00','nusasimec@gmail.com',431,'040690474','','6946c88bcb47df3144bd44d473a0c4b7:69',''),(404,'f','Ana','Gligorijević','0000-00-00 00:00:00','ana.gligorijevic@gmail.com',432,'031 266 254','','7b40ddcace620bb6100cde7aea15b959:88',''),(405,'f','Sarka','Wurmova','0000-00-00 00:00:00','Swurmova@seznam.cz',433,'00420724067647','','8432dc5dbbf1ff5d6f93be678aea1be5:4a',''),(406,'f','sara','berginc','0000-00-00 00:00:00','sara.berginc@gmail.com',434,'031229329','','ae453af86dfc752846f3765ab6ba9ea1:10',''),(407,'f','Andreja','Čušin Gostiša','0000-00-00 00:00:00','andrejacusin@gmail.com',435,'040 335 481','','9c70f9a34edbfd075b9148b92bb2f78b:60',''),(408,'f','saša','gorše','0000-00-00 00:00:00','sasa.unikat@gmail.com',436,'040694688','','028a4fe98e00807f6063bb7d0b742959:38','1'),(409,'f','Manja','Fišter','0000-00-00 00:00:00','manjamf@gmail.com',437,'031852439','','ecc7511a4e3e2fbf5f534b3401698276:2a',''),(410,'f','LIDIJA','KOVAČ','0000-00-00 00:00:00','lidija.kovac@amis.net',439,'040578695','','853ff32e97539b31bd46c4fdc49f56fd:d2',''),(411,'f','Svetlana','Bušen','0000-00-00 00:00:00','svetlanaplesnicar@gmail.com',440,'041352476','','73cf145b5b3ea81fc273c0fd1295059c:13',''),(412,'f','Lara','Jelen','0000-00-00 00:00:00','lara.jelen3@gmail.com',441,'040559528','','52262b51d25161f33c640c5d5df78593:2f',''),(413,'f','Mojca','Fric','0000-00-00 00:00:00','mojca.fric@gmail.com',442,'070 881 205','','a42341c2f88c461fce1580826736302e:af',''),(414,'m','Matic','Vrabic','0000-00-00 00:00:00','pentagon17@gmail.com',443,'041 210 868','','31bb0dc97541e6dcbc8d230b8d086c66:29',''),(415,'f','Petra','Žirovnik Grudnik','0000-00-00 00:00:00','zirovnik.petra@gmail.com',444,'031568939','','9ab52529dd080e36befe1e1ebf082006:ee','1'),(416,'m','dejan','gasparini','0000-00-00 00:00:00','dejang@gold-club.si',445,'040814919','','3437c818b65115e63a0286afd87e5081:e4',''),(417,'m','Urban','Grubar','0000-00-00 00:00:00','urban@odvetnik-grubar.si',446,'+38641506667','','e40b5a5e5d50e77bb813e213486e1388:b3',''),(418,'m','Aleš','Berdon','0000-00-00 00:00:00','ales.berdon@gmail.com',447,'031297286','','c8e05b057519af2da5616fa0d58093ce:07','1'),(419,'m','VLADO','VENUTI','0000-00-00 00:00:00','vlado.venuti@gmail.com',448,'9999999','','44979070703c308a72a4992ef7b3307d:0a',''),(420,'f','Marija','Gorenc Novak','0000-00-00 00:00:00','manja.gorenc@gmail.com',449,'041824391','','7b00830c6b5986b6d6f583d01faf897e:1c',''),(421,'m','Goran','Stumergar','0000-00-00 00:00:00','islord@gmail.com',450,'041319228','','97dac6276d41ae3ffedbe061bb63c52a:d0',''),(422,'m','Primož','Jelinčič','0000-00-00 00:00:00','jelincicsoca@gmail.com',451,'040 607 384','','a46e1d30ee66cf321af1b7566e8f2a2f:ca',''),(423,'m','Aleš','Surina','0000-00-00 00:00:00','ales.surina@gmail.com',452,'041368298','','bbf1d5b2e47d5fa38b28579a5b869979:a6',''),(424,'f','tatjana','dežman markič','0000-00-00 00:00:00','markic.tatjana@gmail.si',453,'031610268','','1eae508f5275a483d60b1e9625848dfc:eb',''),(425,'m','Andrej','Korošec','0000-00-00 00:00:00','korosec.andrej@gmail.com',454,'041606380','','0dcf8f88f7aad601796be23dd94ad3ab:19','1'),(426,'m','Ivo','Hafner','0000-00-00 00:00:00','ivo.hafner@siol.net',455,'031393887','','76ac89b6c3bce124b53bff0642c91d5f:83','1'),(427,'m','Janez','Jerina','0000-00-00 00:00:00','biro.jerina@siol.net',456,'040850301','','463434604754f310208f48400fb4358d:7f',''),(428,'f','Maja','Ogrič','0000-00-00 00:00:00','maja.ogric@siol.net',457,'053776885','','8879150bff34c122d0098266c981c6ca:e9',''),(429,'f','Tjaša','Logaj','0000-00-00 00:00:00','logajtjasa9@gmail.com',458,'041229215','','44684b68c7218880c1665b6013626ae1:9d',''),(430,'f','Katja','Klemenšek','0000-00-00 00:00:00','katja.klemensek@siol.net',459,'041 783 553','','634573ed8336be1c98dc128fe719135c:38','1'),(431,'m','Miha','Vergelj','0000-00-00 00:00:00','mv@inkla.com',460,'031718054','','0bb5d30e0c7109ab73a5baf393650706:fa','1'),(432,'m','Sandi','Voršič','0000-00-00 00:00:00','sandi.vorsic@teoten.si',461,'051-303-649','','5f3affeb9c089ab048458b7c08badce3:58',''),(433,'f','valentina','pocic','0000-00-00 00:00:00','valentina.pocic@gmail.com',462,'051363975','','950f542531a9922870ea4db2b5a436a5:d5',''),(434,'f','TINA','KOŠENINA','0000-00-00 00:00:00','tinakosenina@gmail.com',463,'031346956','','5304e029ff66333e35f04bfbbdea1780:64','1'),(435,'m','Žiga','Smiljanič','0000-00-00 00:00:00','smilja0@yahoo.com',464,'040519021','','f8ebf7b484d741e7f84ef97916279db7:28',''),(436,'f','Mija','Cerjak','0000-00-00 00:00:00','mija.cerjak@gmail.com',465,'040817150','','cb0dbb68a52989c4dad29e5f05a9290f:f4','1'),(437,'f','Samantha','Malok','0000-00-00 00:00:00','samanthamalok@yahoo.com',466,'051429272','','f31b8f3658f050eed4be10bea7a6763a:44',''),(438,'m','Jaka','Slavinec','0000-00-00 00:00:00','jakaslavinec@gmail.com',468,'041389541','','3ea481968dc0701feb783db0b9776d39:10',''),(439,'m','Danilo','Špitalar','0000-00-00 00:00:00','danilo.spitalar@gmail.com',469,'070 676676','','d91061d291d5144b6951f81a63365159:41',''),(440,'f','Natasa','Škrlj','0000-00-00 00:00:00','natasaskrlj@yahoo.com',470,'0386 31 31 27 31','','c87a8c269e371972eb00e00b7290f54f:f7',''),(441,'m','Josip','Gregorčič','0000-00-00 00:00:00','joze.gregorcic@siol.net',471,'+38640909577','40909577','71f1a7c3a49a82bf7bed36e6a5fe289b:bb',''),(442,'f','Urška','Kavalar','0000-00-00 00:00:00','urska@kac.eu',472,'04-581-27-09','','aa2cd7a7d8b0c5d985e8cb90886c4ea2:6e',''),(443,'f','Janja','Reberšak','0000-00-00 00:00:00','janja.rebersak@gmail.com',473,'031212637','','ec76dec94ae0a046b73abffb613a01c3:81',''),(444,'f','Lucija','Norčič','0000-00-00 00:00:00','lucija.norcic@gmail.com',475,'051361318','','4f320c51f49c96603092adfc0cece7dc:38',''),(445,'f','Sabina','Alihodžić','0000-00-00 00:00:00','sabina.alihodzic@sensum.eu',476,'040660860','','a04c80f823925cddeda20f99332d1c3e:bc','1'),(446,'m','Roman','Stropnik','0000-00-00 00:00:00','Romojed@gmail.com',477,'041415555','','1291df5ba49c13e34d0799cb38e5bfdf:29',''),(447,'m','Rok','Spanring','0000-00-00 00:00:00','Rok.spanring@gmail.com',478,'030345038','','cc5490c36a71c403a526206d11260020:f4',''),(448,'f','Marta','Prezelj','0000-00-00 00:00:00','marta.prezelj@gmail.com',479,'051','','3346f8dc60f09619c3d2b6902aa6ccee:69',''),(449,'m','dušan','kočevar','0000-00-00 00:00:00','duko@t-2.net',480,'040378766','','81064d38f651b73fd9080c333f9cce06:a1',''),(450,'f','Nataša','Kokar Zakrajšek','0000-00-00 00:00:00','natasakokarzakrajsek@mail.com',481,'041573341','','fdf2b8994f85d78f05b12bff27da1d38:99',''),(451,'m','Urban','Čizmarevič','0000-00-00 00:00:00','urban@dober.si',482,'040217480','','87925275abcfb2bac195dfb4815e5bd7:94',''),(452,'f','mateja','gerjevič','0000-00-00 00:00:00','matejka.g@gmail.com',483,'041913385','','08dd9fd1e08d68c27f8cbaf203a1bbb1:58',''),(453,'f','Melita','Meglič','0000-00-00 00:00:00','melita.meglic90@gmail.com',484,'040421876','','0b69097883fc421bb39588041d3a53bd:ba','1'),(454,'m','Primož','Trček','0000-00-00 00:00:00','trcekp@gmail.com',485,'041375995','','922e9112d69f1df859f3882956fe2d1e:23',''),(455,'f','Denisa','Lavrencic','0000-00-00 00:00:00','denisalavrencic@gmail.com',486,'068605736','','488e9e35768073082f0c744213171dc4:86',''),(456,'f','Katja','Babič Kaligarič','0000-00-00 00:00:00','katjababic82@gmail.com',487,'051368863','','0eacd31d5df86737c1a33e43f51d9f77:8f','1'),(457,'m','YAO WEI','CHAO','0000-00-00 00:00:00','s22932680@yahoo.com.tw',488,'0933540256','933540256','1d7f16b794c78888ee8dc2908c484ba3:7b',''),(458,'m','danijel','mithans','0000-00-00 00:00:00','danijel.mithans@telemach.net',489,'031776588','','3cd45f645b92e08417716f549f66a2d5:d9',''),(459,'m','Roberto','Ramundo','0000-00-00 00:00:00','errequadro.design@gmail.com',490,'+393495862986','+393495862986','b10da14a5c453db9be8c1bf50e94e203:e6','1'),(460,'f','Katarina','Fajfar','0000-00-00 00:00:00','Fajfar.katarina@gmail.com',491,'040218456','040218456','52fb6d084d0af98930968cc9ce161b09:b3','1'),(461,'f','Verena','Sommerauer-Dani','0000-00-00 00:00:00','v.sommerauer@gmx.at',492,'+49015171233426','','697ff0d68f20f16aecb6f7ace71878c7:4c',''),(462,'m','Janko','Šantavec','0000-00-00 00:00:00','pisarna@bevog.si',494,'02/5649-212','','29ce2ee52ac1d3706d96091047401e8d:57',''),(463,'m','Rok','Živkovič','0000-00-00 00:00:00','rok.zivkovic@tele-cable.net',495,'042326477','','897575c9ca59e901e906209f611925f7:20',''),(464,'f','Klavdija','Pfeifer','0000-00-00 00:00:00','Claudia.team@gmail.com',496,'031 210 022','','1509efe99bd6bd1fce7653bf88c64c1f:7d',''),(465,'m','PRIMOŽ','KRAMER','0000-00-00 00:00:00','PRIMOZ@KRAMER.SI',497,'+38640842014','','91a9f4a13dea238b312168e97facb9bc:98',''),(466,'f','Barbara','Urek','0000-00-00 00:00:00','urek.barbara@gmail.com',498,'031453798','','d2c7ddac555de94a2d17d136d8e6c68d:f9',''),(467,'f','maja','sirca','0000-00-00 00:00:00','maja.sirca@gmail.com',500,'031672486','','388b728b45ec5039ed9db05862158e53:95',''),(468,'f','Nina','Skitek','0000-00-00 00:00:00','nketiks@gmail.com',501,'040458613','','55edead8621b2ff516c440418481a38a:d0','1'),(469,'f','helena','gajšek','0000-00-00 00:00:00','helena.gajsek6@gmail.com',502,'068689145','','cede00c9577905ec3d6d704011a42b25:b3',''),(470,'f','sandra','nučič','0000-00-00 00:00:00','sandranucic28@gmail.com',503,'068681231','','9e0cdac2d5357bb6b6a2263b0ab262e2:7a',''),(471,'f','Petra','Komac','0000-00-00 00:00:00','kartep80@gmail.com',504,'031 518 018','','d3e6c7ccedf63148094f13834984a9c8:84',''),(472,'m','Mirko','Blažič','0000-00-00 00:00:00','Mblazic28@gmail.com',505,'040165715','','e91e6488a710eb7ec7b4511ba5b427fc:85',''),(473,'f','Karmen','Bencik','0000-00-00 00:00:00','bencik.karmen@siol.net',506,'041786923','','e2426261bff6396a8e5d7de81549c303:54',''),(474,'f','TADEJA','OBRADOVIČ','0000-00-00 00:00:00','tadeja_o@yahoo.com',507,'0410/771-200','','3957e4a28df2804da8c69abe5fcff144:ea','1'),(479,'f','Nusa','Hocevar','0000-00-00 00:00:00','nusa.augustin@telemach.net',512,'031811808','','c56e1a6c5c5b25b4fdbf28e65c33bc0d:1c',''),(476,'f','Tanja','Lužnik','0000-00-00 00:00:00','tanja.luznik1@gmail.com',509,'040294901','40294901','07894947da0376e486cb8a91c4c942eb:de',''),(477,'f','Maja','Lazar Jančič','0000-00-00 00:00:00','malaja@yahoo.com',510,'040855225','','c910dbf08df69502846d0bd5d582792f:29','1'),(478,'m','jasko','kambur','0000-00-00 00:00:00','jac@siol.net',511,'031638183','','f04bcccded0f0b6b0d71bb606e44dbf3:45',''),(480,'m','Luka','Mohar','0000-00-00 00:00:00','mohar.luka@gmail.com',513,'031201302','','8515b46edeb1931e0e749a00fe631a21:68',''),(481,'f','RUDI','KLARIČ','0000-00-00 00:00:00','ester.k@siol.net',514,'041 419 277','','8799cdaa8ad19a03c5e890d2302dc49c:6a',''),(482,'f','Sonja','Cvjetinovic','0000-00-00 00:00:00','sonja.cvjetinovic@gmail.com',515,'0031204889611','','93f11a28b4660fc58cedea432d1f8c36:02',''),(483,'f','Sara','Zalezina','0000-00-00 00:00:00','sara.zalezina@gmail.com',517,'051824306','','f2a9886be78101f50e34547d581596cf:53',''),(484,'f','Jasmina','Strnad','0000-00-00 00:00:00','lahkosemsrce@gmail.com',519,'031494476','','5623cb4c45d4400f307489a41be54075:3c','1'),(485,'f','Nataša','Kranjčič','0000-00-00 00:00:00','Natasa.love89@gmail.com',521,'041756506','41756506','fb3ce707a07f4efff2b4c54174c863cc:0f','1'),(486,'f','Nea','Hladnik Štucin','0000-00-00 00:00:00','neah957@gmail.com',522,'051632954','','91af2ff7ef441132addae74c2dc4d3f0:c7',''),(487,'f','Tinkara Roza','Kosi','0000-00-00 00:00:00','kosi.tinkara18@gmail.com',523,'030 420 325','','960f62f1782d8326c52f42e31775d7d4:e0',''),(488,'m','MARKO','FERK','0000-00-00 00:00:00','ferkluka1@gmail.com',524,'041540421','','5e7f96188462fd75e93158f178a83ab0:79',''),(489,'m','Anton','Kresal','0000-00-00 00:00:00','Kresal.t@gmail.com',525,'040422300','','dc046662ecc3d0736273266a92927617:6d',''),(490,'f','Ksenija','Stopar','0000-00-00 00:00:00','ksenija.stopar@yahoo.com',526,'051686677','','3540d37d66b4597a27d11ff4f994a7bb:55',''),(491,'m','Marcel','Kukovec','0000-00-00 00:00:00','marcel.kukovec@gmail.com',527,'067762783645','','3756dba393617b9f7b62758afa773fcf:db',''),(492,'m','Miha','Podbevšek','0000-00-00 00:00:00','mpodbev@yahoo.com',528,'051 605 610','','219c6046c91493cc1bbfc7be812435cb:72','1'),(493,'f','Tina','Tajner','0000-00-00 00:00:00','tina.tajner@gmail.com',529,'051 623 333','','1d58685fbb9af3e613ab2b9330fcf197:96',''),(494,'f','PETRA','CERAR','0000-00-00 00:00:00','petra.cerar01@gmail.com',530,'031379230','','19606db796d5caca6d09b015e78c2be6:79',''),(495,'f','Janja','Kranjc','0000-00-00 00:00:00','janja.kranjc777@gmail.com',531,'041 945 937','','017d3c7756c8819903dc1785d61a0cb2:3d',''),(496,'m','Vinko','Kavčič','0000-00-00 00:00:00','vinko.ekavcic@siol.net',532,'040456851','','c64702411f2997bfae22bbcf6b4071a7:d5','1'),(497,'f','Elizabeta','Praprotnik','0000-00-00 00:00:00','gorenjka2@gmail.com',533,'041 821 140','','5287c26987a559aba708e258d46fb4cf:27',''),(498,'m','Joze','Kosmrl','0000-00-00 00:00:00','joze.kosmrl@gmail.com',534,'040655055','','a4e0a8ae3d969e583dc15fcda26f56bd:cf','1'),(499,'m','jaša','kramaršič','0000-00-00 00:00:00','zvrck@yahoo.com',535,'031392710','','b97ed248f9920952f23d06b17b744516:c3',''),(501,'m','Alen','Plut','0000-00-00 00:00:00','alen.plut@gmail.com',537,'031745897','','dc050f0ef0c3029762feb4ab463a0c8c:cd',''),(502,'f','Herta','Oresic','0000-00-00 00:00:00','herta.oresic15@gmail.com',538,'041798574','','e4a694ef2cb86e32c7b50e69b24ce215:a1',''),(503,'f','Nina','Lokovšek','0000-00-00 00:00:00','nina.lokovsek@gmail.com',539,'+38631607081','','a39ae1776ce4bfd1a91dcd9db2998d38:e2','1'),(504,'f','Katja','Širca','0000-00-00 00:00:00','sirca.katja@siol.net',540,'041 618383','','605d5231eda180b4fc2dfa613050f180:61',''),(505,'f','Milena','Škrabl','0000-00-00 00:00:00','mojcy32@gmail.com',541,'041673023','','00a17c040b9d88634690a63cab64cdd9:b3','1'),(506,'f','Petra','Rozman','0000-00-00 00:00:00','petra.rozi@gmail.com',543,'031345601','','420c70cf6a0aeae2fd6a80c62464a778:8a',''),(507,'f','Katarina','Hafner','0000-00-00 00:00:00','katarinahafner27@gmail.com',544,'040398530','','6fa3aca2b51fd89dc7de53cf40a771ad:5c','0'),(508,'f','Nataša','Tomić Daničić','0000-00-00 00:00:00','tomic.natasa@gmail.com',545,'040287448','','7508913419587540a7ca76c7b52b9f6b:40',''),(509,'f','Tjasa','Fidler Jasnic','0000-00-00 00:00:00','tjasa.fidler@alumatik.si',546,'031702771','','78f2f6264db21384520da6b1330babef:a3',''),(510,'f','Mia','Dintinjana','0000-00-00 00:00:00','jmdintinjana@protonmail.com',547,'040727411','','8bec62f1b6633b5bed5d127429e8d2e6:8c',''),(511,'m','Vojo','Lukic','0000-00-00 00:00:00','info.lukic@gmail.com',548,'+31614829131','','60c3aaec44f108d7f6299b1b87a9a663:b6','1'),(512,'f','Tina','Podgornik','0000-00-00 00:00:00','tina.podgornik@outfit7.com',549,'041974630','','e7227e7482a85c0eb8af8173697d5717:df','1'),(513,'m','SLAVICA','GREGOR','0000-00-00 00:00:00','slavi.gregor@gmail.com',550,'+38640648108','','2447578819a5f7149ed8e6794d4eab39:15','1'),(514,'f','Alenka','Kljun','0000-00-00 00:00:00','alenka.morje@gmail.com',551,'041869248','','f0788355a300e9b1ea9f48061eab1e23:d6',''),(515,'f','Maja','Kuralt','0000-00-00 00:00:00','maja.kuralt@hotmail.com',552,'040583307','','ad7da0ca38becb005fc8c3b084ce756c:6f',''),(516,'m','Gregor','Gregorc','0000-00-00 00:00:00','gregor.gregorc@lgm.si',553,'041782141','','7b404dd10cdc668d654a55e2266c953e:bc',''),(517,'f','Nataša','Sax','0000-00-00 00:00:00','NATASA.SAX@GMAIL.COM',555,'070 799 387','','4a1845e4fdb4799fbb2414ad013eaf17:4e',''),(518,'f','Barbara','Kvac','0000-00-00 00:00:00','kvac.barbara@gmail.com',556,'040722149','','69b28ab0a51ac32bb1ac9f1cf4f10c97:be','');

--
-- Table structure for table `customers_basket`
--

CREATE TABLE `customers_basket` (
  `customers_basket_id` int(11) NOT NULL AUTO_INCREMENT,
  `customers_id` int(11) NOT NULL,
  `products_id` tinytext NOT NULL,
  `customers_basket_quantity` int(2) NOT NULL,
  `final_price` decimal(15,4) DEFAULT NULL,
  `customers_basket_date_added` char(8) DEFAULT NULL,
  PRIMARY KEY (`customers_basket_id`),
  KEY `idx_customers_basket_customers_id` (`customers_id`)
) ENGINE=MyISAM AUTO_INCREMENT=1512 DEFAULT CHARSET=utf8;

--
-- Dumping data for table `customers_basket`
--

INSERT INTO `customers_basket` VALUES (48,36,'38',1,NULL,'20090120'),(47,36,'162',1,NULL,'20090120'),(800,290,'491',1,NULL,'20131021'),(1419,486,'3',1,NULL,'20200419'),(1245,436,'235',2,NULL,'20160408'),(230,100,'59',2,NULL,'20091228'),(638,234,'508',1,NULL,'20120822'),(1185,412,'579',1,NULL,'20151020'),(84,49,'207',6,NULL,'20090318'),(83,49,'208',2,NULL,'20090318'),(1244,435,'4',1,NULL,'20160407'),(1427,490,'173',1,NULL,'20200503'),(179,77,'2',1,NULL,'20091008'),(1040,215,'444',1,NULL,'20141210'),(126,59,'20',1,NULL,'20090625'),(137,63,'207',1,NULL,'20090715'),(162,71,'106',1,NULL,'20090923'),(225,95,'107',1,NULL,'20091218'),(224,95,'108',1,NULL,'20091218'),(1039,215,'435',1,NULL,'20141210'),(1012,2,'613',1,NULL,'20141104'),(267,113,'199',1,NULL,'20100329'),(414,164,'207',1,NULL,'20110404'),(413,164,'196',1,NULL,'20110404'),(1510,517,'669',1,NULL,'20201103'),(259,109,'59',1,NULL,'20100213'),(1509,517,'603',1,NULL,'20201103'),(1508,517,'249',1,NULL,'20201103'),(283,114,'49',2,NULL,'20100411'),(282,114,'46',2,NULL,'20100411'),(281,114,'55',3,NULL,'20100411'),(333,134,'16',1,NULL,'20100928'),(306,121,'173',1,NULL,'20100621'),(329,129,'44',1,NULL,'20100830'),(323,127,'383',1,NULL,'20100820'),(322,127,'4',1,NULL,'20100820'),(1501,514,'308',1,NULL,'20201101'),(400,158,'209',1,NULL,'20110206'),(1502,515,'58',1,NULL,'20201101'),(799,290,'44',1,NULL,'20131021'),(1043,215,'313',1,NULL,'20141210'),(798,290,'315',1,NULL,'20131021'),(797,289,'20',1,NULL,'20131012'),(787,286,'562',1,NULL,'20130930'),(786,286,'3',1,NULL,'20130930'),(1008,349,'287',1,NULL,'20141016'),(1464,504,'385',1,NULL,'20200922'),(477,186,'315',1,NULL,'20111115'),(1041,215,'442',1,NULL,'20141210'),(1036,361,'582',1,NULL,'20141208'),(735,266,'173',1,NULL,'20130326'),(729,264,'541',1,NULL,'20130307'),(518,194,'3',1,NULL,'20111210'),(1507,517,'553',1,NULL,'20201103'),(692,210,'350',1,NULL,'20121212'),(691,210,'52',1,NULL,'20121212'),(623,224,'288',5,NULL,'20120610'),(624,224,'291',2,NULL,'20120610'),(587,213,'246',1,NULL,'20120409'),(586,212,'173',1,NULL,'20120325'),(1497,511,'385',1,NULL,'20201026'),(677,248,'397',1,NULL,'20121202'),(1420,486,'554',1,NULL,'20200419'),(1029,356,'289',1,NULL,'20141121'),(1496,510,'733',3,NULL,'20201021'),(818,300,'469',1,NULL,'20131115'),(817,300,'536',1,NULL,'20131115'),(816,299,'16',1,NULL,'20131113'),(813,296,'554',1,NULL,'20131108'),(1045,215,'312',1,NULL,'20141210'),(967,330,'289',1,NULL,'20140721'),(1511,518,'44',1,NULL,'20201107'),(969,330,'321',1,NULL,'20140721'),(970,330,'585',1,NULL,'20140721'),(1435,447,'27',1,NULL,'20200604'),(865,61,'578',1,NULL,'20131216'),(864,61,'581',1,NULL,'20131216'),(863,61,'580',1,NULL,'20131216'),(841,305,'554',1,NULL,'20131205'),(1046,215,'443',1,NULL,'20141210'),(1044,215,'548',1,NULL,'20141210'),(1028,356,'20',1,NULL,'20141121'),(1426,489,'4',2,NULL,'20200427'),(971,330,'411',1,NULL,'20140721'),(1495,510,'554',2,NULL,'20201021'),(1042,215,'441',1,NULL,'20141210'),(1007,349,'541',1,NULL,'20141016'),(1050,364,'582',2,NULL,'20141213'),(1184,412,'249',1,NULL,'20151020'),(1183,404,'443',1,NULL,'20151009'),(1299,455,'249',1,NULL,'20160916'),(1459,501,'731',1,NULL,'20200902'),(1152,401,'409',1,NULL,'20150708'),(1151,400,'4',1,NULL,'20150626'),(1114,384,'149',1,NULL,'20150126'),(1182,411,'582',1,NULL,'20151001'),(1180,409,'603',1,NULL,'20150928'),(1179,409,'249',1,NULL,'20150928'),(1186,413,'294',1,NULL,'20151021'),(1203,420,'357',1,NULL,'20151126'),(1191,415,'242',1,NULL,'20151106'),(1453,447,'59',1,NULL,'20200723'),(1240,433,'438',1,NULL,'20160314'),(1232,429,'3',1,NULL,'20160104'),(1225,427,'475',1,NULL,'20151224'),(1292,452,'450',1,NULL,'20160802'),(1291,452,'59',1,NULL,'20160802'),(1286,450,'38',2,NULL,'20160722'),(1285,449,'158',1,NULL,'20160717'),(1266,445,'201',1,NULL,'20160613'),(1256,440,'610',1,NULL,'20160501'),(1298,454,'291',1,NULL,'20160823'),(1340,468,'201',1,NULL,'20161128'),(1409,482,'691',1,NULL,'20170208'),(1349,469,'640',1,NULL,'20161129'),(1350,469,'639',1,NULL,'20161129'),(1408,482,'108',1,NULL,'20170208'),(1407,482,'684',1,NULL,'20170208'),(1406,482,'657',1,NULL,'20170208'),(1405,482,'646',1,NULL,'20170208'),(1487,508,'554',1,NULL,'20201015'),(1395,477,'490',1,NULL,'20170102'),(1394,477,'639',1,NULL,'20170102');

--
-- Table structure for table `customers_basket_attributes`
--

CREATE TABLE `customers_basket_attributes` (
  `customers_basket_attributes_id` int(11) NOT NULL AUTO_INCREMENT,
  `customers_id` int(11) NOT NULL,
  `products_id` tinytext NOT NULL,
  `products_options_id` int(11) NOT NULL,
  `products_options_value_id` int(11) NOT NULL,
  PRIMARY KEY (`customers_basket_attributes_id`),
  KEY `idx_customers_basket_att_customers_id` (`customers_id`)
) ENGINE=MyISAM DEFAULT CHARSET=utf8;

--
-- Dumping data for table `customers_basket_attributes`
--


--
-- Table structure for table `customers_info`
--

CREATE TABLE `customers_info` (
  `customers_info_id` int(11) NOT NULL,
  `customers_info_date_of_last_logon` datetime DEFAULT NULL,
  `customers_info_number_of_logons` int(5) DEFAULT NULL,
  `customers_info_date_account_created` datetime DEFAULT NULL,
  `customers_info_date_account_last_modified` datetime DEFAULT NULL,
  `global_product_notifications` int(1) DEFAULT '0',
  PRIMARY KEY (`customers_info_id`)
) ENGINE=MyISAM DEFAULT CHARSET=utf8;

--
-- Dumping data for table `customers_info`
--

INSERT INTO `customers_info` VALUES (1,'2011-07-31 01:24:53',11,'2008-07-08 17:06:39',NULL,0),(2,'2014-11-04 12:38:11',16,'2008-07-09 13:26:56',NULL,0),(3,NULL,0,'2008-07-12 10:57:32',NULL,0),(4,NULL,0,'2008-07-26 00:12:57','2008-07-26 00:58:29',1),(5,NULL,0,'2008-07-26 09:28:39','2008-07-26 11:35:45',0),(6,NULL,0,'2008-08-05 08:44:03',NULL,0),(7,NULL,0,'2008-08-07 08:37:18',NULL,0),(8,NULL,0,'2008-08-07 08:42:20',NULL,0),(9,NULL,0,'2008-08-07 21:48:59',NULL,0),(10,NULL,0,'2008-08-08 07:56:06',NULL,0),(11,NULL,0,'2008-08-09 18:32:49',NULL,0),(12,NULL,0,'2008-08-13 08:08:38',NULL,0),(13,NULL,0,'2008-08-22 12:29:13',NULL,0),(14,'2008-10-12 06:13:42',1,'2008-10-11 20:15:13',NULL,0),(15,'2008-11-11 13:25:39',1,'2008-11-10 15:15:43',NULL,0),(16,NULL,0,'2008-11-13 09:13:36','2008-11-13 11:58:44',0),(17,NULL,0,'2008-11-24 15:03:16','2008-11-24 18:25:59',0),(18,NULL,0,'2008-11-25 11:19:53','2008-11-28 18:36:34',0),(19,NULL,0,'2008-11-25 20:27:14','2008-11-28 18:28:48',0),(20,NULL,0,'2008-11-28 11:48:10','2008-11-28 17:43:14',0),(21,NULL,0,'2008-11-30 10:26:53','2008-12-01 18:21:03',0),(22,NULL,0,'2008-12-10 19:25:58',NULL,0),(23,'2008-12-22 08:29:31',1,'2008-12-11 09:07:10',NULL,0),(24,NULL,0,'2008-12-11 09:51:49',NULL,0),(25,'2008-12-22 08:15:26',1,'2008-12-15 08:08:46',NULL,0),(26,'2009-03-07 17:38:13',2,'2008-12-16 18:40:12',NULL,0),(27,NULL,0,'2008-12-17 12:22:39',NULL,0),(28,NULL,0,'2008-12-18 09:46:07',NULL,0),(29,NULL,0,'2008-12-19 01:23:39',NULL,0),(32,'2016-09-24 23:24:30',26,'2009-01-08 15:09:46','2016-08-28 11:13:01',1),(31,NULL,0,'2008-12-26 18:14:20',NULL,0),(33,NULL,0,'2009-01-09 08:41:07',NULL,0),(34,NULL,0,'2009-01-13 12:26:59',NULL,0),(35,'2009-01-13 15:46:51',1,'2009-01-13 15:44:35',NULL,0),(36,'2009-01-20 21:01:08',4,'2009-01-19 21:48:20',NULL,0),(37,'2009-02-26 08:03:33',1,'2009-01-20 13:38:13',NULL,0),(38,NULL,0,'2009-02-10 15:20:21',NULL,0),(39,NULL,0,'2009-02-12 11:54:14',NULL,0),(40,NULL,0,'2009-02-12 13:07:01',NULL,0),(41,NULL,0,'2009-02-12 14:04:17',NULL,0),(42,NULL,0,'2009-02-19 17:27:27',NULL,0),(43,'2012-10-31 16:40:29',1,'2009-02-25 14:24:44',NULL,0),(44,NULL,0,'2009-02-28 23:56:26',NULL,0),(45,NULL,0,'2009-03-03 08:37:07',NULL,0),(46,'2015-12-04 14:05:54',8,'2009-03-03 19:13:47',NULL,0),(47,NULL,0,'2009-03-05 21:00:59',NULL,0),(48,NULL,0,'2009-03-09 08:15:59',NULL,0),(49,NULL,0,'2009-03-18 09:31:05',NULL,0),(50,NULL,0,'2009-04-03 08:35:43',NULL,0),(51,'2009-06-21 22:38:48',1,'2009-04-09 19:26:56',NULL,0),(52,'2009-04-20 13:34:12',1,'2009-04-20 12:02:42',NULL,0),(53,NULL,0,'2009-05-06 08:36:13',NULL,0),(54,'2010-04-06 06:54:23',2,'2009-05-18 22:04:47',NULL,0),(55,NULL,0,'2009-06-08 09:21:22',NULL,0),(56,NULL,0,'2009-06-12 13:55:31',NULL,0),(57,NULL,0,'2009-06-17 07:23:46',NULL,0),(58,NULL,0,'2009-06-18 22:19:49',NULL,0),(59,NULL,0,'2009-06-25 18:37:56',NULL,0),(60,NULL,0,'2009-06-28 11:08:51',NULL,0),(61,'2013-12-16 16:47:48',3,'2009-06-29 14:12:02',NULL,0),(62,NULL,0,'2009-07-06 15:43:42',NULL,0),(63,NULL,0,'2009-07-15 18:39:49',NULL,0),(64,NULL,0,'2009-07-20 22:02:37',NULL,0),(65,NULL,0,'2009-08-19 22:49:54',NULL,0),(66,NULL,0,'2009-08-25 14:34:07',NULL,0),(67,NULL,0,'2009-09-02 16:03:32',NULL,0),(68,NULL,0,'2009-09-09 00:07:52',NULL,0),(69,NULL,0,'2009-09-10 12:16:47',NULL,0),(70,NULL,0,'2009-09-13 01:06:36',NULL,0),(71,NULL,0,'2009-09-23 16:34:28',NULL,0),(72,'2009-09-29 10:00:40',1,'2009-09-28 09:04:24',NULL,0),(73,NULL,0,'2009-09-28 21:49:33',NULL,0),(74,NULL,0,'2009-09-30 09:23:45',NULL,0),(75,NULL,0,'2009-10-05 21:28:31',NULL,0),(76,'2009-10-07 21:29:38',1,'2009-10-07 14:57:24',NULL,0),(77,NULL,0,'2009-10-08 12:04:26',NULL,0),(78,NULL,0,'2009-10-15 19:41:06',NULL,0),(79,NULL,0,'2009-10-17 09:46:36',NULL,0),(80,NULL,0,'2009-10-20 13:11:41',NULL,0),(81,'2009-10-21 12:07:13',1,'2009-10-21 11:50:13',NULL,0),(82,NULL,0,'2009-10-21 12:01:03','2009-10-21 12:11:39',0),(83,'2010-06-03 14:05:21',4,'2009-11-02 15:43:10',NULL,0),(84,'2009-11-12 19:50:31',2,'2009-11-10 10:51:07',NULL,1),(85,'2009-11-18 09:43:11',1,'2009-11-13 21:43:38',NULL,0),(86,'2009-11-15 14:14:59',2,'2009-11-14 22:29:41',NULL,0),(87,'2009-11-23 09:42:09',2,'2009-11-17 14:20:26',NULL,0),(88,NULL,0,'2009-11-18 18:21:13',NULL,0),(89,NULL,0,'2009-11-19 11:03:48',NULL,0),(90,NULL,0,'2009-11-22 13:38:07',NULL,0),(91,NULL,0,'2009-12-02 07:06:23',NULL,0),(92,NULL,0,'2009-12-03 10:56:02',NULL,0),(93,NULL,0,'2009-12-08 18:28:29',NULL,0),(94,NULL,0,'2009-12-16 16:49:07',NULL,0),(95,NULL,0,'2009-12-18 17:13:20',NULL,0),(96,'2009-12-22 15:33:22',2,'2009-12-22 15:29:54',NULL,0),(97,NULL,0,'2009-12-23 07:16:58',NULL,0),(98,NULL,0,'2009-12-23 10:45:07',NULL,0),(99,NULL,0,'2009-12-23 12:07:38',NULL,0),(100,NULL,0,'2009-12-28 09:36:36',NULL,0),(101,'2015-07-14 17:50:42',1,'2009-12-30 16:19:33',NULL,0),(102,NULL,0,'2010-01-02 12:57:42',NULL,0),(103,NULL,0,'2010-01-16 19:44:16',NULL,0),(104,NULL,0,'2010-01-23 12:12:12',NULL,0),(105,NULL,0,'2010-01-26 21:35:54',NULL,0),(106,NULL,0,'2010-01-29 13:21:54',NULL,0),(107,NULL,0,'2010-02-01 09:05:33',NULL,0),(108,NULL,0,'2010-02-12 16:54:26',NULL,0),(109,NULL,0,'2010-02-13 05:58:41',NULL,0),(110,NULL,0,'2010-02-28 19:16:43',NULL,0),(111,NULL,0,'2010-03-01 13:37:34',NULL,0),(112,'2011-11-15 09:42:54',3,'2010-03-03 09:42:49',NULL,0),(113,'2010-03-29 22:38:06',1,'2010-03-29 07:45:29',NULL,0),(114,NULL,0,'2010-04-11 17:31:56','2010-04-11 17:34:32',0),(115,NULL,0,'2010-04-12 16:43:56',NULL,0),(116,NULL,0,'2010-04-13 20:53:03',NULL,0),(117,'2014-01-31 21:16:39',10,'2010-04-29 21:43:27','2011-02-21 11:12:27',0),(118,'2010-05-04 19:37:23',1,'2010-05-04 06:45:53','2010-05-04 06:54:58',0),(119,NULL,0,'2010-05-15 01:08:23',NULL,0),(120,'2010-05-27 20:43:11',1,'2010-05-27 20:24:20','2010-05-27 20:45:02',0),(121,NULL,0,'2010-06-21 13:27:50',NULL,0),(122,NULL,0,'2010-07-17 18:00:24',NULL,0),(123,NULL,0,'2010-07-20 15:37:12',NULL,0),(124,'2010-10-17 15:50:08',1,'2010-07-26 11:56:09',NULL,0),(125,'2013-10-20 17:08:51',2,'2010-08-08 10:20:57','2013-10-20 17:09:54',0),(126,NULL,0,'2010-08-10 22:13:50',NULL,0),(127,NULL,0,'2010-08-20 08:07:10',NULL,0),(128,NULL,0,'2010-08-23 13:16:31',NULL,0),(129,NULL,0,'2010-08-30 16:09:22',NULL,0),(130,NULL,0,'2010-09-03 14:33:38',NULL,0),(131,NULL,0,'2010-09-04 20:55:07',NULL,0),(132,NULL,0,'2010-09-22 03:45:55',NULL,0),(133,NULL,0,'2010-09-24 11:36:43',NULL,0),(134,'2010-09-28 08:10:29',1,'2010-09-28 05:54:40',NULL,0),(135,'2011-01-11 09:11:21',3,'2010-10-14 22:48:18',NULL,0),(136,NULL,0,'2010-10-27 13:39:55',NULL,0),(137,'2016-08-07 22:04:41',2,'2010-11-12 10:08:49',NULL,0),(138,NULL,0,'2010-11-21 13:01:42',NULL,0),(139,NULL,0,'2010-11-23 01:26:58',NULL,0),(140,NULL,0,'2010-11-26 20:21:39',NULL,0),(141,'2011-01-31 08:49:40',3,'2010-11-29 07:18:37',NULL,0),(142,NULL,0,'2010-12-07 21:02:14',NULL,0),(143,'2015-04-14 23:54:49',1,'2010-12-09 16:01:08',NULL,0),(144,'2010-12-16 18:45:47',1,'2010-12-16 17:11:38',NULL,0),(145,NULL,0,'2010-12-17 18:54:13',NULL,0),(146,NULL,0,'2010-12-18 00:34:56',NULL,0),(147,NULL,0,'2010-12-18 11:23:51','2010-12-21 20:33:55',0),(148,'2010-12-20 10:23:35',1,'2010-12-20 10:22:46',NULL,0),(149,NULL,0,'2010-12-20 22:41:38',NULL,0),(150,NULL,0,'2010-12-21 18:27:21',NULL,0),(151,NULL,0,'2011-01-05 14:18:16',NULL,0),(152,NULL,0,'2011-01-06 23:17:54',NULL,0),(153,NULL,0,'2011-01-22 21:02:52',NULL,0),(154,'2011-04-13 16:53:57',2,'2011-01-24 15:02:47',NULL,0),(155,NULL,0,'2011-02-02 14:28:29',NULL,0),(156,NULL,0,'2011-02-04 09:53:37',NULL,0),(157,NULL,0,'2011-02-05 10:24:37',NULL,0),(158,NULL,0,'2011-02-06 15:07:19',NULL,0),(159,NULL,0,'2011-02-22 10:25:30',NULL,0),(160,NULL,0,'2011-03-14 08:46:23',NULL,0),(161,'2011-03-16 19:30:01',1,'2011-03-16 18:10:01',NULL,0),(162,NULL,0,'2011-03-17 10:25:26',NULL,0),(163,NULL,0,'2011-03-26 09:11:25',NULL,0),(164,NULL,0,'2011-04-04 09:49:39',NULL,0),(165,NULL,0,'2011-04-07 11:37:06',NULL,0),(166,NULL,0,'2011-04-21 19:12:54',NULL,0),(167,NULL,0,'2011-04-29 23:07:16',NULL,0),(168,NULL,0,'2011-05-05 21:23:03',NULL,0),(169,NULL,0,'2011-05-16 02:27:38',NULL,0),(170,'2011-06-03 18:29:37',1,'2011-06-02 16:57:37',NULL,0),(171,NULL,0,'2011-06-05 14:04:45',NULL,0),(174,NULL,0,'2011-06-14 23:31:26',NULL,0),(173,NULL,0,'2011-06-11 01:56:33',NULL,0),(175,NULL,0,'2011-07-13 13:44:28',NULL,0),(176,NULL,0,'2011-07-24 14:15:36',NULL,0),(177,NULL,0,'2011-08-07 15:51:57',NULL,0),(178,NULL,0,'2011-08-17 18:31:35',NULL,0),(179,'2013-01-12 13:27:50',1,'2011-08-26 19:43:06',NULL,0),(180,NULL,0,'2011-08-31 20:38:32',NULL,0),(181,'2013-09-16 13:54:18',1,'2011-09-24 11:52:07',NULL,0),(182,'2012-10-23 09:37:28',2,'2011-10-05 15:33:36',NULL,0),(183,NULL,0,'2011-10-06 08:35:26',NULL,0),(184,'2011-10-12 19:26:55',1,'2011-10-12 15:26:04',NULL,0),(185,NULL,0,'2011-10-16 20:19:43',NULL,0),(186,NULL,0,'2011-11-15 17:51:02',NULL,0),(187,NULL,0,'2011-11-20 16:12:26',NULL,0),(188,NULL,0,'2011-11-22 11:05:12',NULL,0),(189,NULL,0,'2011-11-23 21:23:31',NULL,0),(190,'2013-12-18 18:06:08',2,'2011-12-01 17:54:51',NULL,0),(191,NULL,0,'2011-12-09 09:47:45',NULL,0),(192,NULL,0,'2011-12-09 11:28:11',NULL,0),(193,'2012-04-16 11:17:50',2,'2011-12-09 12:23:47',NULL,0),(194,'2011-12-11 02:17:54',1,'2011-12-10 23:44:35',NULL,0),(195,'2011-12-11 11:59:07',1,'2011-12-11 10:46:06',NULL,0),(196,NULL,0,'2011-12-15 22:51:33',NULL,0),(197,'2014-12-26 15:17:10',1,'2011-12-17 09:41:15',NULL,0),(198,NULL,0,'2011-12-19 09:42:50',NULL,0),(199,'2012-12-17 16:11:25',1,'2011-12-19 22:57:05','2012-12-17 16:11:49',0),(200,NULL,0,'2011-12-20 19:45:48',NULL,0),(201,NULL,0,'2012-01-05 11:11:15',NULL,0),(202,NULL,0,'2012-01-07 15:20:27',NULL,0),(203,NULL,0,'2012-01-16 18:43:07',NULL,0),(204,NULL,0,'2012-02-01 21:52:05',NULL,0),(205,NULL,0,'2012-02-04 12:43:53',NULL,0),(206,NULL,0,'2012-02-06 22:52:49',NULL,0),(207,NULL,0,'2012-02-07 22:20:39',NULL,0),(208,NULL,0,'2012-02-12 18:36:33',NULL,0),(209,NULL,0,'2012-02-18 10:11:03',NULL,0),(210,'2012-12-12 07:13:34',2,'2012-03-01 12:16:52',NULL,0),(211,NULL,0,'2012-03-17 14:24:54',NULL,0),(212,NULL,0,'2012-03-25 11:12:21',NULL,0),(213,NULL,0,'2012-04-09 21:05:47',NULL,0),(214,NULL,0,'2012-04-15 14:42:30',NULL,0),(215,'2014-12-10 21:52:27',1,'2012-04-23 14:35:05',NULL,0),(216,'2012-05-06 16:12:01',1,'2012-05-04 20:26:26',NULL,0),(217,NULL,0,'2012-05-07 10:34:25',NULL,0),(218,'2012-05-14 20:55:46',1,'2012-05-13 19:28:45',NULL,0),(219,'2012-05-28 10:18:10',1,'2012-05-28 10:17:03','2012-05-28 10:18:39',0),(220,'2012-06-22 09:11:29',2,'2012-05-30 06:30:30','2012-06-22 09:15:26',0),(221,NULL,0,'2012-06-03 11:09:49',NULL,0),(222,'2013-12-09 11:15:42',2,'2012-06-07 13:53:16',NULL,0),(225,NULL,0,'2012-07-10 12:55:17',NULL,0),(224,'2012-06-11 07:19:31',1,'2012-06-10 20:33:56',NULL,0),(226,NULL,0,'2012-07-14 17:00:09',NULL,0),(228,NULL,0,'2012-07-22 14:20:59',NULL,0),(229,NULL,0,'2012-07-22 14:46:37',NULL,0),(230,NULL,0,'2012-07-22 17:36:07',NULL,0),(231,NULL,0,'2012-08-20 13:45:45',NULL,0),(232,NULL,0,'2012-08-21 21:17:43',NULL,0),(233,NULL,0,'2012-08-21 22:11:56',NULL,0),(234,NULL,0,'2012-08-22 15:42:52',NULL,0),(235,'2013-01-18 11:42:16',1,'2012-08-23 18:40:36',NULL,0),(236,NULL,0,'2012-08-26 09:36:18',NULL,0),(237,NULL,0,'2012-09-02 12:38:51',NULL,0),(238,NULL,0,'2012-09-13 12:36:26',NULL,0),(239,NULL,0,'2012-09-19 19:45:04',NULL,0),(240,NULL,0,'2012-09-24 21:44:16',NULL,0),(241,'2012-10-04 08:59:33',2,'2012-09-28 16:15:58','2012-09-28 19:53:06',0),(242,NULL,0,'2012-10-03 22:04:20',NULL,0),(243,'2012-10-19 08:12:13',1,'2012-10-18 16:30:07',NULL,0),(244,NULL,0,'2012-11-03 14:19:36',NULL,0),(245,NULL,0,'2012-11-07 21:14:18',NULL,0),(246,NULL,0,'2012-11-10 22:03:18',NULL,0),(247,'2013-02-14 22:18:46',1,'2012-11-18 09:35:33',NULL,0),(248,NULL,0,'2012-12-02 09:41:54',NULL,0),(249,NULL,0,'2012-12-02 11:31:58',NULL,0),(250,'2012-12-29 09:54:22',1,'2012-12-07 12:36:14',NULL,0),(251,'2012-12-10 19:27:01',1,'2012-12-09 11:17:10',NULL,0),(252,'2012-12-18 17:28:24',1,'2012-12-18 17:19:12','2012-12-18 17:29:03',0),(253,NULL,0,'2012-12-24 11:58:53',NULL,0),(254,NULL,0,'2013-01-02 20:15:30',NULL,0),(255,'2013-01-10 07:12:39',1,'2013-01-10 07:10:47',NULL,0),(256,'2013-01-17 02:00:51',1,'2013-01-16 14:52:54',NULL,0),(257,NULL,0,'2013-01-19 17:51:53',NULL,0),(258,NULL,0,'2013-02-12 18:36:37',NULL,0),(259,NULL,0,'2013-02-19 23:24:27',NULL,0),(260,NULL,0,'2013-02-24 22:14:42',NULL,0),(261,NULL,0,'2013-02-26 15:22:31',NULL,0),(262,NULL,0,'2013-03-01 20:55:49',NULL,0),(263,NULL,0,'2013-03-03 22:53:51',NULL,0),(264,NULL,0,'2013-03-07 20:20:36',NULL,0),(265,NULL,0,'2013-03-11 13:46:28',NULL,0),(266,NULL,0,'2013-03-26 14:22:39',NULL,0),(267,NULL,0,'2013-04-02 11:15:48',NULL,0),(268,'2014-12-23 12:58:34',2,'2013-04-08 10:47:13',NULL,0),(269,NULL,0,'2013-04-09 15:35:16',NULL,0),(270,NULL,0,'2013-04-16 09:22:25',NULL,0),(271,NULL,0,'2013-04-21 20:39:39',NULL,0),(272,'2013-04-28 17:11:04',1,'2013-04-28 08:49:59',NULL,0),(273,NULL,0,'2013-04-28 22:59:33',NULL,0),(274,NULL,0,'2013-04-29 12:12:30',NULL,0),(275,NULL,0,'2013-05-06 14:57:30',NULL,0),(276,NULL,0,'2013-06-06 19:08:56',NULL,0),(277,NULL,0,'2013-06-07 15:29:28',NULL,0),(278,NULL,0,'2013-07-08 10:56:33',NULL,0),(279,NULL,0,'2013-08-17 10:47:27',NULL,0),(280,NULL,0,'2013-08-20 14:27:03',NULL,0),(281,'2014-12-11 17:54:09',1,'2013-08-24 22:04:03',NULL,0),(282,NULL,0,'2013-08-26 19:17:34',NULL,0),(283,NULL,0,'2013-09-05 14:40:06',NULL,0),(284,NULL,0,'2013-09-16 11:34:31',NULL,0),(285,NULL,0,'2013-09-28 19:23:55',NULL,0),(286,NULL,0,'2013-09-30 12:30:14',NULL,0),(287,NULL,0,'2013-10-02 16:58:16',NULL,0),(288,NULL,0,'2013-10-06 13:10:47',NULL,0),(289,NULL,0,'2013-10-12 23:58:27',NULL,0),(290,NULL,0,'2013-10-21 10:27:37',NULL,0),(291,NULL,0,'2013-10-31 20:15:58',NULL,0),(292,'2014-03-17 19:07:22',1,'2013-11-07 08:51:47',NULL,0),(293,NULL,0,'2013-11-07 12:45:09',NULL,0),(294,NULL,0,'2013-11-08 09:42:47',NULL,0),(295,NULL,0,'2013-11-08 10:54:37',NULL,0),(296,NULL,0,'2013-11-08 13:01:35',NULL,0),(297,NULL,0,'2013-11-09 13:00:06',NULL,0),(298,NULL,0,'2013-11-13 15:29:41',NULL,0),(299,NULL,0,'2013-11-13 23:27:22',NULL,0),(300,'2013-11-15 11:09:45',1,'2013-11-15 10:49:31',NULL,0),(301,'2013-11-16 16:10:43',1,'2013-11-16 16:07:04',NULL,0),(302,NULL,0,'2013-11-26 12:55:00',NULL,0),(303,NULL,0,'2013-12-01 18:11:46',NULL,0),(304,NULL,0,'2013-12-01 21:42:45',NULL,0),(305,NULL,0,'2013-12-05 22:33:42',NULL,0),(306,NULL,0,'2013-12-05 23:30:37',NULL,0),(307,'2014-10-15 18:51:20',1,'2013-12-08 21:11:08',NULL,0),(308,NULL,0,'2013-12-10 10:00:42',NULL,0),(309,NULL,0,'2013-12-11 21:00:16',NULL,0),(310,NULL,0,'2013-12-13 13:10:31',NULL,0),(311,NULL,0,'2013-12-14 23:27:41',NULL,0),(312,NULL,0,'2013-12-30 15:53:38',NULL,0),(313,NULL,0,'2014-01-08 12:59:32',NULL,0),(314,NULL,0,'2014-01-13 12:48:43',NULL,0),(315,NULL,0,'2014-01-14 12:26:08',NULL,0),(316,'2014-01-19 08:33:48',2,'2014-01-17 09:29:19',NULL,0),(317,NULL,0,'2014-01-18 23:02:59',NULL,0),(318,NULL,0,'2014-02-05 15:02:23',NULL,0),(319,'2014-02-10 11:36:28',1,'2014-02-09 14:05:49',NULL,0),(320,NULL,0,'2014-02-10 13:21:36',NULL,0),(321,'2014-07-14 10:49:09',2,'2014-02-11 21:11:37',NULL,0),(322,NULL,0,'2014-02-26 15:10:24',NULL,0),(323,'2014-03-20 11:11:37',1,'2014-03-19 20:02:13',NULL,0),(324,NULL,0,'2014-03-21 13:43:21',NULL,0),(325,NULL,0,'2014-03-22 22:25:15',NULL,0),(326,NULL,0,'2014-04-21 12:42:18',NULL,0),(327,NULL,0,'2014-04-27 13:27:43',NULL,0),(328,'2015-12-27 20:00:55',1,'2014-06-03 14:07:00',NULL,0),(329,NULL,0,'2014-07-18 16:57:10',NULL,0),(330,'2014-07-21 10:44:55',1,'2014-07-21 09:46:17',NULL,0),(331,'2014-07-23 20:56:00',1,'2014-07-23 20:53:14',NULL,0),(332,NULL,0,'2014-07-28 10:43:44',NULL,0),(333,NULL,0,'2014-08-08 09:42:17',NULL,0),(334,NULL,0,'2014-08-10 21:56:39',NULL,0),(335,NULL,0,'2014-08-15 19:08:16',NULL,0),(336,'2014-08-17 16:56:24',1,'2014-08-17 15:39:40',NULL,0),(337,NULL,0,'2014-09-02 21:45:28',NULL,0),(338,NULL,0,'2014-09-05 21:56:28',NULL,0),(339,NULL,0,'2014-09-07 12:37:53',NULL,0),(340,NULL,0,'2014-09-07 17:40:52',NULL,0),(341,NULL,0,'2014-09-12 14:42:40',NULL,0),(342,NULL,0,'2014-09-29 18:56:56',NULL,0),(343,NULL,0,'2014-09-30 20:46:00',NULL,0),(344,NULL,0,'2014-10-08 18:46:53',NULL,0),(345,NULL,0,'2014-10-13 12:28:23',NULL,0),(346,'2014-11-17 18:04:48',2,'2014-10-13 21:26:58',NULL,0),(347,'2014-10-14 15:12:31',1,'2014-10-14 11:04:31',NULL,0),(348,NULL,0,'2014-10-16 12:42:10',NULL,0),(349,NULL,0,'2014-10-16 20:28:56',NULL,0),(350,NULL,0,'2014-10-18 17:50:47',NULL,0),(351,NULL,0,'2014-10-26 18:50:39',NULL,0),(352,'2020-06-14 22:12:34',1,'2014-11-05 09:31:46',NULL,0),(353,NULL,0,'2014-11-05 15:51:08',NULL,0),(354,NULL,0,'2014-11-13 11:29:53',NULL,0),(355,NULL,0,'2014-11-19 19:21:00',NULL,0),(356,NULL,0,'2014-11-21 11:18:54',NULL,0),(357,NULL,0,'2014-11-23 09:46:36',NULL,0),(358,'2015-12-23 07:39:56',2,'2014-11-24 13:12:14',NULL,0),(359,NULL,0,'2014-12-05 23:47:56',NULL,0),(360,NULL,0,'2014-12-07 21:21:20',NULL,0),(361,NULL,0,'2014-12-08 16:26:09',NULL,0),(362,NULL,0,'2014-12-10 15:59:25',NULL,0),(363,NULL,0,'2014-12-12 04:42:52',NULL,0),(364,NULL,0,'2014-12-13 12:19:11',NULL,0),(365,'2015-12-08 19:15:30',1,'2014-12-14 20:00:21',NULL,0),(366,NULL,0,'2014-12-15 09:01:31','2014-12-15 09:06:04',0),(367,NULL,0,'2014-12-15 16:39:01',NULL,0),(368,'2014-12-17 10:35:12',1,'2014-12-16 13:47:25',NULL,0),(369,'2014-12-18 15:58:52',1,'2014-12-16 17:03:54',NULL,0),(370,NULL,0,'2014-12-16 18:56:59',NULL,0),(371,'2014-12-17 23:15:53',1,'2014-12-17 17:34:15',NULL,0),(372,'2014-12-21 14:43:18',1,'2014-12-21 13:09:54',NULL,0),(373,'2014-12-22 14:45:19',1,'2014-12-22 14:35:32',NULL,0),(374,'2015-11-24 06:40:29',1,'2014-12-24 13:21:01',NULL,0),(375,NULL,0,'2014-12-24 13:43:55',NULL,0),(376,NULL,0,'2014-12-28 18:37:51',NULL,0),(377,'2014-12-30 08:18:46',1,'2014-12-29 20:50:22',NULL,0),(378,'2015-01-07 18:02:25',1,'2015-01-07 13:43:18',NULL,0),(379,NULL,0,'2015-01-13 10:14:47',NULL,0),(380,NULL,0,'2015-01-14 16:38:30',NULL,0),(381,NULL,0,'2015-01-15 18:24:11',NULL,0),(382,'2015-01-26 11:06:38',1,'2015-01-23 09:38:00',NULL,0),(383,'2015-01-25 20:35:55',1,'2015-01-25 20:34:22',NULL,0),(384,NULL,0,'2015-01-26 13:04:39',NULL,0),(385,NULL,0,'2015-01-27 11:42:58',NULL,0),(386,NULL,0,'2015-02-03 11:59:52',NULL,0),(387,'2020-06-19 20:12:55',2,'2015-02-05 18:10:43',NULL,0),(388,NULL,0,'2015-02-28 16:07:54',NULL,0),(389,NULL,0,'2015-03-09 11:35:12',NULL,0),(390,NULL,0,'2015-03-13 18:40:55',NULL,0),(391,'2015-10-24 23:42:52',1,'2015-03-19 18:14:37',NULL,0),(392,NULL,0,'2015-03-23 10:33:43',NULL,0),(393,'2015-04-13 10:21:35',1,'2015-03-30 09:00:22',NULL,0),(394,NULL,0,'2015-03-30 17:30:36',NULL,0),(395,NULL,0,'2015-04-20 09:19:45',NULL,0),(396,'2015-04-28 19:58:31',1,'2015-04-28 17:21:28','2015-04-28 20:31:07',0),(397,NULL,0,'2015-05-21 10:22:16',NULL,0),(398,NULL,0,'2015-06-07 21:23:23',NULL,0),(399,NULL,0,'2015-06-18 22:13:49',NULL,0),(400,NULL,0,'2015-06-26 14:56:49',NULL,0),(401,NULL,0,'2015-07-08 18:13:24',NULL,0),(402,NULL,0,'2015-07-23 12:53:21',NULL,0),(403,NULL,0,'2015-08-28 14:04:19',NULL,0),(404,'2015-10-09 10:02:44',1,'2015-08-30 14:27:35',NULL,0),(405,NULL,0,'2015-09-10 09:15:02',NULL,0),(406,NULL,0,'2015-09-15 14:00:47',NULL,0),(407,'2016-11-09 14:18:16',1,'2015-09-15 17:10:14',NULL,0),(408,NULL,0,'2015-09-23 23:28:22',NULL,0),(409,NULL,0,'2015-09-28 10:35:36',NULL,0),(410,NULL,0,'2015-09-29 18:18:21',NULL,0),(411,NULL,0,'2015-10-01 19:46:55',NULL,0),(412,NULL,0,'2015-10-20 22:33:25',NULL,0),(413,NULL,0,'2015-10-21 07:36:27',NULL,0),(414,NULL,0,'2015-10-28 10:56:55',NULL,0),(415,NULL,0,'2015-11-06 20:54:55',NULL,0),(416,'2015-11-19 10:06:46',1,'2015-11-19 07:17:45',NULL,0),(417,NULL,0,'2015-11-20 14:10:28',NULL,0),(418,NULL,0,'2015-11-25 17:09:43',NULL,0),(419,NULL,0,'2015-11-26 05:37:13',NULL,0),(420,NULL,0,'2015-11-26 15:05:45',NULL,0),(421,NULL,0,'2015-11-28 17:39:13',NULL,0),(422,NULL,0,'2015-12-03 01:29:42',NULL,0),(423,NULL,0,'2015-12-08 10:43:30',NULL,0),(424,NULL,0,'2015-12-08 10:48:46',NULL,0),(425,NULL,0,'2015-12-17 17:55:14',NULL,0),(426,NULL,0,'2015-12-18 12:01:06',NULL,0),(427,NULL,0,'2015-12-24 13:20:06',NULL,0),(428,NULL,0,'2015-12-27 18:34:01',NULL,0),(429,NULL,0,'2016-01-04 21:05:15',NULL,0),(430,NULL,0,'2016-03-07 19:28:26',NULL,0),(431,'2016-04-25 14:56:53',2,'2016-03-10 12:05:17',NULL,0),(432,'2016-03-15 12:11:48',3,'2016-03-14 09:04:38',NULL,0),(433,NULL,0,'2016-03-14 15:27:19',NULL,0),(434,'2017-03-05 08:20:46',4,'2016-04-02 14:23:38',NULL,0),(435,NULL,0,'2016-04-07 02:43:39',NULL,0),(436,NULL,0,'2016-04-08 18:30:03',NULL,0),(437,'2016-04-13 09:34:59',1,'2016-04-12 19:21:31',NULL,0),(438,NULL,0,'2016-04-14 18:56:38',NULL,0),(439,NULL,0,'2016-04-29 10:30:41',NULL,0),(440,NULL,0,'2016-05-01 12:49:41',NULL,0),(441,NULL,0,'2016-05-05 20:18:33',NULL,0),(442,NULL,0,'2016-05-29 09:47:13',NULL,0),(443,NULL,0,'2016-05-30 09:52:02',NULL,0),(444,NULL,0,'2016-06-11 22:23:54',NULL,0),(445,NULL,0,'2016-06-13 09:03:38',NULL,0),(446,NULL,0,'2016-06-15 22:48:09',NULL,0),(447,'2020-07-23 10:14:06',10,'2016-06-25 18:01:26','2020-07-23 10:18:13',0),(448,NULL,0,'2016-07-16 08:52:46',NULL,0),(449,NULL,0,'2016-07-17 11:22:40',NULL,0),(450,NULL,0,'2016-07-22 09:53:37',NULL,0),(451,NULL,0,'2016-08-01 23:18:27',NULL,0),(452,NULL,0,'2016-08-02 13:18:08',NULL,0),(453,'2016-08-13 11:07:33',1,'2016-08-12 20:40:28',NULL,0),(454,NULL,0,'2016-08-23 06:47:28',NULL,0),(455,NULL,0,'2016-09-16 07:45:38',NULL,0),(456,NULL,0,'2016-09-22 15:15:51',NULL,0),(457,NULL,0,'2016-09-27 18:44:42',NULL,0),(458,NULL,0,'2016-10-09 19:48:25',NULL,0),(459,NULL,0,'2016-10-20 14:08:29',NULL,0),(460,NULL,0,'2016-10-24 19:04:18',NULL,0),(461,NULL,0,'2016-10-31 09:08:24',NULL,0),(462,NULL,0,'2016-11-03 08:57:43',NULL,0),(463,NULL,0,'2016-11-06 18:56:05',NULL,0),(464,NULL,0,'2016-11-15 10:34:14',NULL,0),(465,'2016-11-17 17:29:39',1,'2016-11-15 10:55:31',NULL,0),(466,NULL,0,'2016-11-22 21:27:30',NULL,0),(467,NULL,0,'2016-11-27 12:51:27',NULL,0),(468,NULL,0,'2016-11-28 12:17:07',NULL,0),(469,NULL,0,'2016-11-29 18:06:33',NULL,0),(470,'2016-12-13 09:36:31',2,'2016-12-12 10:45:45',NULL,0),(471,NULL,0,'2016-12-15 13:22:40',NULL,0),(472,'2016-12-17 13:12:29',1,'2016-12-16 23:58:59',NULL,0),(473,NULL,0,'2016-12-20 23:21:38',NULL,0),(474,NULL,0,'2016-12-23 12:02:31',NULL,0),(479,NULL,0,'2017-01-19 15:23:04',NULL,0),(476,NULL,0,'2016-12-30 14:03:22',NULL,0),(477,NULL,0,'2017-01-02 19:25:44',NULL,0),(478,NULL,0,'2017-01-12 00:05:54',NULL,0),(480,NULL,0,'2017-01-23 15:23:07',NULL,0),(481,NULL,0,'2017-02-01 09:15:40',NULL,0),(482,NULL,0,'2017-02-08 20:07:41',NULL,0),(483,'2017-02-23 17:50:27',1,'2017-02-21 11:38:05',NULL,0),(484,'2017-02-21 19:05:29',1,'2017-02-21 18:26:44',NULL,0),(485,NULL,0,'2017-02-28 01:07:54',NULL,0),(486,NULL,0,'2020-04-19 19:08:13',NULL,0),(487,'2020-04-21 14:31:50',1,'2020-04-21 14:30:19',NULL,0),(488,NULL,0,'2020-04-27 20:43:02',NULL,0),(489,NULL,0,'2020-04-27 21:36:02',NULL,0),(490,'2020-05-03 23:39:08',1,'2020-05-03 16:28:18',NULL,0),(491,NULL,0,'2020-05-08 11:47:59',NULL,0),(492,'2020-10-15 12:07:22',3,'2020-05-18 12:52:42',NULL,0),(493,NULL,0,'2020-05-22 07:34:45',NULL,0),(494,NULL,0,'2020-06-15 10:04:44',NULL,0),(495,NULL,0,'2020-06-23 08:36:48',NULL,0),(496,'2020-10-05 19:10:12',10,'2020-06-26 17:16:44',NULL,0),(497,NULL,0,'2020-07-03 11:06:57',NULL,0),(498,NULL,0,'2020-07-18 09:49:59',NULL,0),(499,NULL,0,'2020-08-17 22:31:28',NULL,0),(501,NULL,0,'2020-09-02 12:46:50',NULL,0),(502,NULL,0,'2020-09-08 15:59:54',NULL,0),(503,NULL,0,'2020-09-20 22:29:21',NULL,0),(504,NULL,0,'2020-09-22 05:33:28',NULL,0),(505,'2020-09-25 14:18:22',4,'2020-09-23 16:25:12',NULL,0),(506,NULL,0,'2020-10-09 18:44:54',NULL,0),(507,NULL,0,'2020-10-15 12:35:14','2020-10-30 13:33:11',0),(508,NULL,0,'2020-10-15 13:15:19',NULL,0),(509,NULL,0,'2020-10-20 19:38:34',NULL,0),(510,NULL,0,'2020-10-21 11:07:11',NULL,0),(511,NULL,0,'2020-10-26 20:55:08',NULL,0),(512,NULL,0,'2020-10-29 13:59:25',NULL,0),(513,'2020-10-30 15:10:25',1,'2020-10-30 14:57:40','2020-10-30 15:06:08',0),(514,NULL,0,'2020-11-01 19:28:28',NULL,0),(515,NULL,0,'2020-11-01 20:10:58',NULL,0),(516,NULL,0,'2020-11-02 20:35:01',NULL,0),(517,NULL,0,'2020-11-03 10:22:15',NULL,0),(518,NULL,0,'2020-11-07 10:57:47',NULL,0);

--
-- Table structure for table `geo_zones`
--

CREATE TABLE `geo_zones` (
  `geo_zone_id` int(11) NOT NULL AUTO_INCREMENT,
  `geo_zone_name` varchar(32) NOT NULL,
  `geo_zone_description` varchar(255) NOT NULL,
  `last_modified` datetime DEFAULT NULL,
  `date_added` datetime NOT NULL,
  PRIMARY KEY (`geo_zone_id`)
) ENGINE=MyISAM AUTO_INCREMENT=2 DEFAULT CHARSET=utf8;

--
-- Dumping data for table `geo_zones`
--

INSERT INTO `geo_zones` VALUES (1,'Slovenija','Slovenija DDV',NULL,'2008-06-28 08:38:39');

--
-- Table structure for table `languages`
--

CREATE TABLE `languages` (
  `languages_id` int(11) NOT NULL AUTO_INCREMENT,
  `name` varchar(32) NOT NULL,
  `code` char(2) NOT NULL,
  `image` varchar(64) DEFAULT NULL,
  `directory` varchar(32) DEFAULT NULL,
  `sort_order` int(3) DEFAULT NULL,
  PRIMARY KEY (`languages_id`),
  KEY `IDX_LANGUAGES_NAME` (`name`)
) ENGINE=MyISAM AUTO_INCREMENT=2 DEFAULT CHARSET=utf8;

--
-- Dumping data for table `languages`
--

INSERT INTO `languages` VALUES (1,'slovene','si','icon.gif','slovene',0);

--
-- Table structure for table `manufacturers`
--

CREATE TABLE `manufacturers` (
  `manufacturers_id` int(11) NOT NULL AUTO_INCREMENT,
  `manufacturers_name` varchar(64) NOT NULL,
  `manufacturers_image` varchar(64) DEFAULT NULL,
  `date_added` datetime DEFAULT NULL,
  `last_modified` datetime DEFAULT NULL,
  PRIMARY KEY (`manufacturers_id`),
  KEY `IDX_MANUFACTURERS_NAME` (`manufacturers_name`)
) ENGINE=MyISAM AUTO_INCREMENT=104 DEFAULT CHARSET=utf8;

--
-- Dumping data for table `manufacturers`
--

INSERT INTO `manufacturers` VALUES (1,'Franc Jelušič','pixel_trans.gif','2008-07-03 14:36:48',NULL),(2,'Smiljan Sosič','pixel_trans.gif','2008-07-03 14:36:48',NULL),(3,'Srečko Sanabor','pixel_trans.gif','2008-07-03 14:36:48',NULL),(4,'Igor Šiškovič','pixel_trans.gif','2008-07-03 14:36:48',NULL),(5,'Petelin-Rogelja','pixel_trans.gif','2008-07-03 14:36:49',NULL),(6,'Branko Pečar','pixel_trans.gif','2008-07-03 14:36:50',NULL),(7,'Marija Knez','pixel_trans.gif','2008-07-03 14:36:50',NULL),(8,'Mira Maršič','pixel_trans.gif','2008-07-03 14:36:50',NULL),(9,'Srečko Ferfolja','pixel_trans.gif','2008-07-03 14:36:50',NULL),(10,'Čebelarstvo Atelšek','','2008-07-03 14:36:51','2010-11-09 00:01:42'),(11,'Renata Rožman','pixel_trans.gif','2008-07-03 14:36:52',NULL),(12,'Zorko Šabec','pixel_trans.gif','2008-07-03 14:36:52',NULL),(13,'Peter Patajac','pixel_trans.gif','2008-07-03 14:36:53',NULL),(14,'Društvo za trajnostni razvoj Slovenske Istre','pixel_trans.gif','2008-07-03 14:36:53',NULL),(15,'Slaščičarna Ota','pixel_trans.gif','2008-07-03 14:36:53',NULL),(16,'Vinogradništvo in vinarstvo Petelin-Rogelja','pixel_trans.gif','2008-07-03 14:36:54',NULL),(17,'Kmetija Petelin-Durcik','pixel_trans.gif','2008-07-03 14:36:54',NULL),(18,'Kmetija Martisa, Fulvijo Bais','pixel_trans.gif','2008-07-03 14:36:54',NULL),(19,'Marinko Rodica','pixel_trans.gif','2008-07-03 14:36:55',NULL),(20,'Marko Fon','pixel_trans.gif','2008-07-03 14:36:55',NULL),(21,'Zdravko Kralj','pixel_trans.gif','2008-07-03 14:36:55',NULL),(22,'Zeliščarska kmetija Hribar','','2008-07-03 14:36:57','2009-10-24 19:42:03'),(24,'Vanja Dujc','pixel_trans.gif','2008-07-03 14:36:59',NULL),(25,'Gorazd Jereb','pixel_trans.gif','2008-07-03 14:37:00',NULL),(26,'Benjamin Ličer','pixel_trans.gif','2008-07-03 14:37:00',NULL),(27,'Jernej Bortolato','pixel_trans.gif','2008-07-03 14:37:01',NULL),(28,'Branko Zupančič','pixel_trans.gif','2008-07-03 14:37:02',NULL),(29,'Cveto Avsec','pixel_trans.gif','2008-07-03 14:37:02',NULL),(30,'dr. Stanislav Renčelj','pixel_trans.gif','2008-07-03 14:37:02',NULL),(31,'Branko in Vasja Čotar','','2008-09-08 17:04:53',NULL),(32,'Gorazd Kocbek','','2008-10-18 14:00:05',NULL),(33,'Kmetija Tadolenji','','2008-10-18 14:19:45',NULL),(34,'Kmetija Starec','','2008-10-25 11:27:02',NULL),(35,'Kmetija Baša','','2009-01-15 17:34:18',NULL),(36,'Janko in Ivan Brajnik','','2009-01-15 17:48:09','2010-04-28 12:14:27'),(37,'Miran Adamič','','2009-01-15 17:48:23',NULL),(38,'Ekološka kmetija Morgan','','2009-03-07 19:44:42','2012-05-27 17:04:24'),(39,'Koroški hlebček','','2009-03-07 20:12:03',NULL),(40,'Klelija Potokar','','2009-03-07 20:24:59',NULL),(41,'Vesna Guštin Grilanc','','2009-07-10 09:19:14',NULL),(42,'Vinko Šavle','','2009-07-12 22:16:52',NULL),(43,'Tramontana','','2009-07-17 01:25:58',NULL),(44,'Soline Pridelava soli','','2009-07-17 01:37:06',NULL),(45,'Milko Novič','','2009-08-20 12:42:48',NULL),(46,'Dvor Jezeršek','','2009-09-23 07:45:38',NULL),(47,'Društvo za promocijo Kočanije','','2009-09-23 07:55:32',NULL),(48,'Kmetija Erjavec','','2009-10-24 19:24:55',NULL),(49,'Kmetija Biščak','','2009-10-24 19:31:47',NULL),(50,'Kraševka Domača trgovina','','2009-10-24 19:44:36',NULL),(74,'Dario Glavina','','2011-11-19 12:38:47',NULL),(52,'Metka Vergan','','2009-10-25 22:34:57',NULL),(53,'Dragan Stijepič','','2009-12-07 18:14:03',NULL),(54,'Ekološka kmetija Studen','','2010-01-31 23:09:12',NULL),(55,'Ekološka kmetija Artičoka','','2010-01-31 23:47:08',NULL),(56,'Kmetija Mavrič','','2010-03-07 14:21:48','2010-03-07 14:22:35'),(57,'Aleš Kristančič','','2010-04-28 12:14:43',NULL),(58,'Emil Tavčar','','2010-05-25 08:30:31',NULL),(59,'Aleksij Mavrič','','2010-06-16 11:55:25',NULL),(60,'Žganjekuha Budič','','2010-06-19 09:41:53',NULL),(61,'Družina Žaren','','2010-07-22 09:48:21',NULL),(65,'Ekološka kmetija Dobro','','2010-09-19 19:55:56',NULL),(66,'Kmetija Matic','','2011-04-01 00:17:45',NULL),(67,'Čokoladnica d.o.o.','','2011-04-13 23:48:34',NULL),(68,'Ekološka kmetija Grilc','','2011-04-17 23:38:23',NULL),(69,'Jordan Cigoj','','2011-09-06 20:30:20',NULL),(70,'Vinska klet Miška','','2011-10-19 22:28:28',NULL),(71,'Vinska klet Stegovec','','2011-10-19 22:34:29','2011-10-19 22:39:03'),(72,'Vinska klet Frešer','','2011-10-19 22:53:24',NULL),(73,'Kartuzija Pleterje','','2011-10-29 09:52:00',NULL),(75,'Stanko Knežič','','2011-11-24 22:28:31',NULL),(76,'Kmetija Malik','','2011-11-24 22:48:34',NULL),(77,'Atelje sadja Irenee','','2012-01-24 22:52:48',NULL),(78,'Ekološka kmetija Radikon','','2012-01-24 23:05:31',NULL),(79,'Petra Kern Zagožen','','2012-10-15 21:08:31',NULL),(80,'Mirjam Grilc','','2012-10-15 21:20:22',NULL),(81,'Založba Kmečki glas','','2012-10-15 21:21:15','2012-10-15 21:21:31'),(82,'Sonja Pucer','','2012-10-15 21:21:59',NULL),(83,'Sadno-zeliščna hiša Matuc','','2012-12-04 23:52:06',NULL),(84,'Domačija Vrabči','','2013-02-23 13:59:34',NULL),(85,'Danica Miandrušič','','2013-06-14 19:08:02',NULL),(86,'Matjaž Babič','','2013-08-29 23:19:59',NULL),(87,'Oljarna Klas','','2013-10-03 23:24:17',NULL),(88,'Kmetija Zahar','','2013-10-14 23:08:11',NULL),(89,'Herba Gallus','','2014-02-27 22:14:29',NULL),(90,'Anars','','2014-10-05 22:21:46',NULL),(91,'Kmetija Mario di Bernardo','','2014-10-07 09:14:05',NULL),(92,'Matej Kurinčič','','2014-10-27 20:54:33',NULL),(93,'Milan Ovca','','2015-03-01 09:19:52',NULL),(94,'Dragica Štirn','','2015-07-08 09:06:30','2016-12-02 14:00:37'),(95,'Gregor Renčelj','','2016-02-16 09:19:25',NULL),(96,'Domačija Gornjak-Kuzman','','2016-03-09 23:02:02',NULL),(97,'Gold Istra','','2016-03-15 23:45:33',NULL),(98,'Carniola čokolada','','2016-03-24 09:58:35',NULL),(99,'Ekološka kmetija Bem','','2016-03-25 13:52:10',NULL),(100,'Klemen Klavčič','','2016-07-06 09:44:04',NULL),(101,'Klemen Klavčič','','2016-09-23 23:03:25',NULL),(102,'Kmetija Princ','','2016-12-01 23:57:09',NULL),(103,'Soline, Portorož','','2020-04-23 21:14:16',NULL);

--
-- Table structure for table `manufacturers_info`
--

CREATE TABLE `manufacturers_info` (
  `manufacturers_id` int(11) NOT NULL,
  `languages_id` int(11) NOT NULL,
  `manufacturers_url` varchar(255) NOT NULL,
  `url_clicked` int(5) NOT NULL DEFAULT '0',
  `date_last_click` datetime DEFAULT NULL,
  PRIMARY KEY (`manufacturers_id`,`languages_id`)
) ENGINE=MyISAM DEFAULT CHARSET=utf8;

--
-- Dumping data for table `manufacturers_info`
--

INSERT INTO `manufacturers_info` VALUES (1,1,'',0,NULL),(2,1,'',0,NULL),(3,1,'',0,NULL),(4,1,'',0,NULL),(5,1,'',0,NULL),(6,1,'',0,NULL),(7,1,'',0,NULL),(8,1,'',0,NULL),(9,1,'',0,NULL),(10,1,'',0,NULL),(11,1,'',0,NULL),(12,1,'',0,NULL),(13,1,'',0,NULL),(14,1,'',0,NULL),(15,1,'',0,NULL),(16,1,'',0,NULL),(17,1,'',0,NULL),(18,1,'',0,NULL),(19,1,'',0,NULL),(20,1,'',0,NULL),(21,1,'',0,NULL),(22,1,'',0,NULL),(23,1,'',0,NULL),(24,1,'',0,NULL),(25,1,'',0,NULL),(26,1,'',0,NULL),(27,1,'',0,NULL),(28,1,'',0,NULL),(29,1,'',0,NULL),(30,1,'',0,NULL),(31,1,'',0,NULL),(32,1,'',0,NULL),(33,1,'',0,NULL),(34,1,'',0,NULL),(35,1,'',0,NULL),(36,1,'',0,NULL),(37,1,'',0,NULL),(38,1,'',0,NULL),(39,1,'',0,NULL),(40,1,'',0,NULL),(41,1,'',0,NULL),(42,1,'',0,NULL),(43,1,'',0,NULL),(44,1,'',0,NULL),(45,1,'',0,NULL),(46,1,'',0,NULL),(47,1,'',0,NULL),(48,1,'',0,NULL),(49,1,'',0,NULL),(50,1,'',0,NULL),(74,1,'',0,NULL),(52,1,'',0,NULL),(53,1,'',0,NULL),(54,1,'',0,NULL),(55,1,'',0,NULL),(56,1,'',0,NULL),(57,1,'',0,NULL),(58,1,'',0,NULL),(59,1,'',0,NULL),(60,1,'',0,NULL),(61,1,'',0,NULL),(65,1,'',0,NULL),(66,1,'',0,NULL),(67,1,'',0,NULL),(68,1,'',0,NULL),(69,1,'',0,NULL),(70,1,'',0,NULL),(71,1,'',0,NULL),(72,1,'',0,NULL),(73,1,'',0,NULL),(75,1,'',0,NULL),(76,1,'',0,NULL),(77,1,'',0,NULL),(78,1,'',0,NULL),(79,1,'',0,NULL),(80,1,'',0,NULL),(81,1,'',0,NULL),(82,1,'',0,NULL),(83,1,'',0,NULL),(84,1,'',0,NULL),(85,1,'',0,NULL),(86,1,'',0,NULL),(87,1,'',0,NULL),(88,1,'',0,NULL),(89,1,'',0,NULL),(90,1,'',0,NULL),(91,1,'',0,NULL),(92,1,'',0,NULL),(93,1,'',0,NULL),(94,1,'',0,NULL),(95,1,'',0,NULL),(96,1,'',0,NULL),(97,1,'',0,NULL),(98,1,'',0,NULL),(99,1,'',0,NULL),(100,1,'',0,NULL),(101,1,'',0,NULL),(102,1,'',0,NULL),(103,1,'',0,NULL);

--
-- Table structure for table `newsletters`
--

CREATE TABLE `newsletters` (
  `newsletters_id` int(11) NOT NULL AUTO_INCREMENT,
  `title` varchar(255) NOT NULL,
  `content` text NOT NULL,
  `module` varchar(255) NOT NULL,
  `date_added` datetime NOT NULL,
  `date_sent` datetime DEFAULT NULL,
  `status` int(1) DEFAULT NULL,
  `locked` int(1) DEFAULT '0',
  PRIMARY KEY (`newsletters_id`)
) ENGINE=MyISAM DEFAULT CHARSET=utf8;

--
-- Dumping data for table `newsletters`
--


--
-- Table structure for table `orders`
--

CREATE TABLE `orders` (
  `orders_id` int(11) NOT NULL AUTO_INCREMENT,
  `customers_id` int(11) NOT NULL,
  `customers_name` varchar(64) NOT NULL,
  `customers_company` varchar(32) DEFAULT NULL,
  `customers_street_address` varchar(64) NOT NULL,
  `customers_suburb` varchar(32) DEFAULT NULL,
  `customers_city` varchar(32) NOT NULL,
  `customers_postcode` varchar(10) NOT NULL,
  `customers_state` varchar(32) DEFAULT NULL,
  `customers_country` varchar(32) NOT NULL,
  `customers_telephone` varchar(32) NOT NULL,
  `customers_email_address` varchar(96) NOT NULL,
  `customers_address_format_id` int(5) NOT NULL,
  `delivery_name` varchar(64) NOT NULL,
  `delivery_company` varchar(32) DEFAULT NULL,
  `delivery_street_address` varchar(64) NOT NULL,
  `delivery_suburb` varchar(32) DEFAULT NULL,
  `delivery_city` varchar(32) NOT NULL,
  `delivery_postcode` varchar(10) NOT NULL,
  `delivery_state` varchar(32) DEFAULT NULL,
  `delivery_country` varchar(32) NOT NULL,
  `delivery_address_format_id` int(5) NOT NULL,
  `billing_name` varchar(64) NOT NULL,
  `billing_company` varchar(32) DEFAULT NULL,
  `billing_street_address` varchar(64) NOT NULL,
  `billing_suburb` varchar(32) DEFAULT NULL,
  `billing_city` varchar(32) NOT NULL,
  `billing_postcode` varchar(10) NOT NULL,
  `billing_state` varchar(32) DEFAULT NULL,
  `billing_country` varchar(32) NOT NULL,
  `billing_address_format_id` int(5) NOT NULL,
  `payment_method` varchar(255) NOT NULL,
  `cc_type` varchar(20) DEFAULT NULL,
  `cc_owner` varchar(64) DEFAULT NULL,
  `cc_number` varchar(32) DEFAULT NULL,
  `cc_expires` varchar(4) DEFAULT NULL,
  `last_modified` datetime DEFAULT NULL,
  `date_purchased` datetime DEFAULT NULL,
  `orders_status` int(5) NOT NULL,
  `orders_date_finished` datetime DEFAULT NULL,
  `currency` char(3) DEFAULT NULL,
  `currency_value` decimal(14,6) DEFAULT NULL,
  PRIMARY KEY (`orders_id`),
  KEY `idx_orders_customers_id` (`customers_id`)
) ENGINE=MyISAM AUTO_INCREMENT=492 DEFAULT CHARSET=utf8;

--
-- Dumping data for table `orders`
--

INSERT INTO `orders` VALUES (1,1,'Izidor Sosič','','Rojčeva ulica 16','','Ljubljana','1000','','Slovenija','031655952','izidor.sosic@siol.net',6,'Izidor Sosič','','Rojčeva ulica 16','','Ljubljana','1000','','Slovenija',6,'Izidor Sosič','','Rojčeva ulica 16','','Ljubljana','1000','','Slovenija',6,'Plačilo po povzetju','','','','','2008-07-10 17:50:01','2008-07-08 17:34:17',3,NULL,'EUR',1.000000),(2,8,'Viktor Črnigoj','','Studeno 7','','Postojna','6230','','Slovenija','031 690 883','Viktor.Crnigoj@siol.net',6,'Viktor Črnigoj','','Studeno 7','','Postojna','6230','','Slovenija',6,'Viktor Črnigoj','','Studeno 7','','Postojna','6230','','Slovenija',6,'Plačilo po povzetju','','','','','2008-08-11 17:50:18','2008-08-07 08:43:19',3,NULL,'EUR',1.000000),(3,10,'SAMO ČERVEK','','VELJKA VLAHOVČA 37','','MARIBOR','2000','','Slovenija','031687824','micek1@gmail.com',6,'SAMO ČERVEK','','VELJKA VLAHOVČA 37','','MARIBOR','2000','','Slovenija',6,'SAMO ČERVEK','','VELJKA VLAHOVČA 37','','MARIBOR','2000','','Slovenija',6,'Plačilo po povzetju','','','','','2008-08-11 17:50:48','2008-08-08 07:56:31',3,NULL,'EUR',1.000000),(4,13,'Biserka Smolič','','Sajenice 11','','Mirna','8233','','Slovenija','051340874','biserkasmolic@gmail.com',6,'Biserka Smolič','','Sajenice 11','','Mirna','8233','','Slovenija',6,'Biserka Smolič','','Sajenice 11','','Mirna','8233','','Slovenija',6,'Plačilo po povzetju','','','','','2008-08-25 12:58:18','2008-08-22 12:31:10',3,NULL,'EUR',1.000000),(6,15,'Janez Luštrek','','Kranjska pot 4','','Komenda','1218','','Slovenija','01-8343020','jani.lustrek@siol.net',6,'Janez Luštrek','','Kranjska pot 4','','Komenda','1218','','Slovenija',6,'Janez Luštrek','','Kranjska pot 4','','Komenda','1218','','Slovenija',6,'','','','','','2008-11-13 09:19:29','2008-11-10 15:24:01',3,NULL,'EUR',1.000000),(7,16,'marina bramc','','rateče 49','','rateče-planica','4283','','Slovenija','040 220 891','marina.branc@siol.net',6,'marina bramc','','rateče 49','','rateče-planica','4283','','Slovenija',6,'marina bramc','','rateče 49','','rateče-planica','4283','','Slovenija',6,'','','','','','2008-11-18 09:19:31','2008-11-13 09:14:57',3,NULL,'EUR',1.000000),(8,19,'Zdenka Golob','','Gubčeva ulica 6','','Slovenj Gradec','2380','','Slovenija','051 235 359','zdenka.golob@email.si',6,'Zdenka Golob','','Gubčeva ulica 6','','Slovenj Gradec','2380','','Slovenija',6,'Zdenka Golob','','Gubčeva ulica 6','','Slovenj Gradec','2380','','Slovenija',6,'Plačilo po povzetju','','','','','2008-12-01 09:52:18','2008-11-25 20:30:06',3,NULL,'EUR',1.000000),(9,20,'marjana kravogel','','Dom in vrt 45','','trbovlje','1420','','Slovenija','040 385 570','marjana.kravogel@ngt.ibt.si',6,'marjana kravogel','','Dom in vrt 45','','trbovlje','1420','','Slovenija',6,'marjana kravogel','','Dom in vrt 45','','trbovlje','1420','','Slovenija',6,'Plačilo po povzetju','','','','','2008-12-01 09:52:33','2008-11-28 11:50:31',3,NULL,'EUR',1.000000),(10,21,'Alenka Kosi','','Heroja Tomšiča 9','','Maribor','2000','','Slovenija','000','kosial@email.si',6,'Alenka Kosi','','Heroja Tomšiča 9','','Maribor','2000','','Slovenija',6,'Alenka Kosi','','Heroja Tomšiča 9','','Maribor','2000','','Slovenija',6,'Plačilo po povzetju','','','','','2008-12-09 20:13:33','2008-11-30 10:45:03',3,NULL,'EUR',1.000000),(11,1,'Izidor Sosič','','Rojčeva ulica 16','','Ljubljana','1000','','Slovenija','031655952','izidor.sosic@siol.net',6,'Izidor Sosič','','Rojčeva ulica 16','','Ljubljana','1000','','Slovenija',6,'Izidor Sosič','','Rojčeva ulica 16','','Ljubljana','1000','','Slovenija',6,'Plačilo po povzetju','','','','','2008-12-09 20:39:40','2008-12-09 20:38:25',3,NULL,'EUR',1.000000),(12,22,'Klavdija Bodlaj','','Smlednik 4c','','Smlednik','1216','','Slovenija','031527352','klavdija.bodlaj@hotmail.com',6,'Klavdija Bodlaj','','Smlednik 4c','','Smlednik','1216','','Slovenija',6,'Klavdija Bodlaj','','Smlednik 4c','','Smlednik','1216','','Slovenija',6,'Plačilo po povzetju','','','','','2008-12-15 14:40:31','2008-12-10 19:26:47',3,NULL,'EUR',1.000000),(13,23,'Klavdija Began','','Pohorska ulica 30','','Maribor','2115','','Slovenija','031 651 678','claudia13@siol.net',6,'Klavdija Began','','Pohorska ulica 30','','Maribor','2115','','Slovenija',6,'Klavdija Began','','Pohorska ulica 30','','Maribor','2115','','Slovenija',6,'Plačilo po povzetju','','','','','2008-12-15 14:40:23','2008-12-11 09:47:14',3,NULL,'EUR',1.000000),(14,24,'bojan preiner','','ul.zlatke karer 8','','miklavž','2204','','Slovenija','041 578 793','bojan.preiner@mlm-mb.si',6,'bojan preiner','','ul.zlatke karer 8','','miklavž','2204','','Slovenija',6,'bojan preiner','','ul.zlatke karer 8','','miklavž','2204','','Slovenija',6,'Plačilo po povzetju','','','','','2008-12-13 23:41:05','2008-12-11 09:53:47',3,NULL,'EUR',1.000000),(15,25,'Marjetka Kožuh','','Padlih borcev 16','','Šempeter','5290','','Slovenija','041 454 850','marjetka.kozuh@elektro-primorska.si',6,'Marjetka Kožuh','','Padlih borcev 16','','Šempeter','5290','','Slovenija',6,'Marjetka Kožuh','','Padlih borcev 16','','Šempeter','5290','','Slovenija',6,'Plačilo po povzetju','','','','','2008-12-22 12:22:42','2008-12-15 08:09:36',3,NULL,'EUR',1.000000),(16,26,'Nina Mauhler','','Prežihova 9','','Mežica','2392','','Slovenija','051 345 220','nina.mauhler@sandoz.com',6,'Nina Mauhler','','Prežihova 9','','Mežica','2392','','Slovenija',6,'Nina Mauhler','','Prežihova 9','','Mežica','2392','','Slovenija',6,'Plačilo po povzetju','','','','','2008-12-17 17:41:13','2008-12-16 18:41:21',3,NULL,'EUR',1.000000),(17,27,'FRANJA GARTNAR','','SELCA 26','','SELCA','4227','','Slovenija','041 48 92 73','FRANJA@KOPLA.SI',6,'FRANJA GARTNAR','','SELCA 26','','SELCA','4227','','Slovenija',6,'FRANJA GARTNAR','','SELCA 26','','SELCA','4227','','Slovenija',6,'Plačilo po povzetju','','','','','2008-12-20 11:08:58','2008-12-17 12:24:33',3,NULL,'EUR',1.000000),(18,29,'toni šepec','','ul.bračičeve brigade 2','','stari trg pri ložu','1386','','Slovenija','041 438634','toni.sepec@gmail.com',6,'toni šepec','','ul.bračičeve brigade 2','','stari trg pri ložu','1386','','Slovenija',6,'toni šepec','','ul.bračičeve brigade 2','','stari trg pri ložu','1386','','Slovenija',6,'Plačilo po povzetju','','','','','2008-12-24 05:42:55','2008-12-19 01:43:46',3,NULL,'EUR',1.000000),(19,25,'Marjetka Kožuh','','Padlih borcev 16','','Šempeter','5290','','Slovenija','041 454 850','marjetka.kozuh@elektro-primorska.si',6,'Marjetka Kožuh','','Padlih borcev 16','','Šempeter','5290','','Slovenija',6,'Marjetka Kožuh','','Padlih borcev 16','','Šempeter','5290','','Slovenija',6,'Plačilo po povzetju','','','','','2008-12-24 18:48:24','2008-12-22 08:21:42',3,NULL,'EUR',1.000000),(20,31,'Uroš Kovač','','Cesta zmage 22','','Zagorje','1410','','Slovenija','040 235 703','uros.kovac1608@gmail.com',6,'Uroš Kovač','','Cesta zmage 22','','Zagorje','1410','','Slovenija',6,'Uroš Kovač','','Cesta zmage 22','','Zagorje','1410','','Slovenija',6,'Plačilo po povzetju','','','','','2009-01-05 10:11:48','2008-12-26 18:18:29',3,NULL,'EUR',1.000000),(21,32,'Alen Tokmadžič','','Vransko 122b','','Vransko','3305','','Slovenija','040697603','alen.tokmadzic@siol.net',6,'Alen Tokmadžič','','Vransko 122b','','Vransko','3305','','Slovenija',6,'Alen Tokmadžič','','Vransko 122b','','Vransko','3305','','Slovenija',6,'Plačilo po povzetju','','','','','2009-01-12 16:52:54','2009-01-08 15:12:01',3,NULL,'EUR',1.000000),(22,33,'Miran Mezgec','','Za lekarno 16','','Šentilj v Slov. goricah','2212','','Slovenija','040 321 779','mezgec33@hotamil.com',6,'Miran Mezgec','','Za lekarno 16','','Šentilj v Slov. goricah','2212','','Slovenija',6,'Miran Mezgec','','Za lekarno 16','','Šentilj v Slov. goricah','2212','','Slovenija',6,'Plačilo po povzetju','','','','','2009-01-12 16:53:14','2009-01-09 08:41:50',3,NULL,'EUR',1.000000),(23,35,'Aleš Kramolc','','Šentanel 21','','prevalje','2391','','Slovenija','070875123','ales.kramolc@gmail.com',6,'Aleš Kramolc','','Šentanel 21','','prevalje','2391','','Slovenija',6,'Aleš Kramolc','','Šentanel 21','','prevalje','2391','','Slovenija',6,'Plačilo po povzetju','','','','','2009-01-15 10:20:09','2009-01-13 15:45:18',3,NULL,'EUR',1.000000),(24,37,'Andrej Kasaš','','Dolina, Glavna ulica 17','','Lendava','9220','','Slovenija','040535359','kaszas.endre@gmail.com',6,'Andrej Kasaš','','Dolina, Glavna ulica 17','','Lendava','9220','','Slovenija',6,'Andrej Kasaš','','Dolina, Glavna ulica 17','','Lendava','9220','','Slovenija',6,'Plačilo po povzetju','','','','','2009-01-22 07:07:24','2009-01-20 13:40:48',3,NULL,'EUR',1.000000),(25,38,'Meri Janša','','Koritno 22','','Bled','4260','','Slovenija','040583062','jansa.meri¨@gmail.com',6,'Meri Janša','','Koritno 22','','Bled','4260','','Slovenija',6,'Meri Janša','','Koritno 22','','Bled','4260','','Slovenija',6,'Plačilo po povzetju','','','','','2009-02-16 13:12:33','2009-02-10 15:27:21',3,NULL,'EUR',1.000000),(26,39,'VERONIKA PALČIČ','','STARETOV TRG 24','','ŠMARTNO','1275','','Slovenija','031/615 059','veronika@palcic.si',6,'VERONIKA PALČIČ','','STARETOV TRG 24','','ŠMARTNO','1275','','Slovenija',6,'VERONIKA PALČIČ','','STARETOV TRG 24','','ŠMARTNO','1275','','Slovenija',6,'Plačilo po povzetju','','','','','2009-02-17 18:38:27','2009-02-12 11:54:57',3,NULL,'EUR',1.000000),(27,40,'Ljubinka Jerič','','Lokovica 13','','Šoštanj','3325','','Slovenija','03/5881-633','ljubinka.jeric@gmail.com',6,'Ljubinka Jerič','','Lokovica 13','','Šoštanj','3325','','Slovenija',6,'Ljubinka Jerič','','Lokovica 13','','Šoštanj','3325','','Slovenija',6,'Plačilo po povzetju','','','','','2009-02-16 13:13:00','2009-02-12 13:10:28',3,NULL,'EUR',1.000000),(28,41,'slavko Šajn','Kompas-Brnik','Kompas Brnik','','Brnik -Aerodrom','64210','','Slovenija','041-350 532','slavko.sajn@gmail.com',6,'slavko Šajn','Kompas-Brnik','Kompas Brnik','','Brnik -Aerodrom','64210','','Slovenija',6,'slavko Šajn','Kompas-Brnik','Kompas Brnik','','Brnik -Aerodrom','64210','','Slovenija',6,'Plačilo po povzetju','','','','','2009-02-16 19:37:02','2009-02-12 14:04:55',3,NULL,'EUR',1.000000),(29,42,'Aljoša Železnik','','Vreskovo 58','','Trbovlje','1420','','Slovenija','041343087','info@afnadesign.com',6,'Aljoša Železnik','','Vreskovo 58','','Trbovlje','1420','','Slovenija',6,'Aljoša Železnik','','Vreskovo 58','','Trbovlje','1420','','Slovenija',6,'Plačilo po povzetju','','','','','2009-02-24 10:43:47','2009-02-19 17:28:17',3,NULL,'EUR',1.000000),(30,43,'Dragica Cibic','','Kuzmičeva 5','','Ljubljana','1000','','Slovenija','040 256 242','Cibic.Dragica@Masicom.net',6,'Dragica Cibic','','Kuzmičeva 5','','Ljubljana','1000','','Slovenija',6,'Dragica Cibic','','Kuzmičeva 5','','Ljubljana','1000','','Slovenija',6,'Plačilo po povzetju','','','','','2009-02-25 17:02:11','2009-02-25 14:26:03',3,NULL,'EUR',1.000000),(31,45,'Špela Smodiš','','Primšarjeva ul. 17','','Cerknica','1380','','Slovenija','031 652 475','spela_smodis@yahoo.com',6,'Špela Smodiš','','Primšarjeva ul. 17','','Cerknica','1380','','Slovenija',6,'Špela Smodiš','','Primšarjeva ul. 17','','Cerknica','1380','','Slovenija',6,'Plačilo po povzetju','','','','','2009-03-04 20:25:34','2009-03-03 08:38:00',3,NULL,'EUR',1.000000),(32,46,'Benjamin Črešnik','','Meža 118','','Dravograd','2370','','Slovenija','386028783888','benjamin.cresnik@kanet.si',6,'Benjamin Črešnik','','Meža 118','','Dravograd','2370','','Slovenija',6,'Benjamin Črešnik','','Meža 118','','Dravograd','2370','','Slovenija',6,'Plačilo po povzetju','','','','','2009-03-05 18:55:49','2009-03-03 19:16:36',3,NULL,'EUR',1.000000),(33,26,'Nina Mauhler','','Prežihova 9','','Mežica','2392','','Slovenija','051 345 220','nina.mauhler@sandoz.com',6,'Nina Mauhler','','Prežihova 9','','Mežica','2392','','Slovenija',6,'Nina Mauhler','','Prežihova 9','','Mežica','2392','','Slovenija',6,'Plačilo po povzetju','','','','','2009-03-16 14:15:26','2009-03-07 17:43:29',3,NULL,'EUR',1.000000),(34,48,'TJAŠA GRUDEN','','Trg Brolo 12','','Koper','6000','','Slovenija','051693448','tjasa.gruden@gov.si',6,'TJAŠA GRUDEN','','Trg Brolo 12','','Koper','6000','','Slovenija',6,'TJAŠA GRUDEN','','Trg Brolo 12','','Koper','6000','','Slovenija',6,'Plačilo po povzetju','','','','','2009-03-11 06:32:32','2009-03-09 08:21:26',3,NULL,'EUR',1.000000),(35,50,'Darja Ris','','Ul.5.prekomorske 16','','Ptuj','2250','','Slovenija','041589714','darja.ris@siol.net',6,'Darja Ris','','Ul.5.prekomorske 16','','Ptuj','2250','','Slovenija',6,'Darja Ris','','Ul.5.prekomorske 16','','Ptuj','2250','','Slovenija',6,'Plačilo po povzetju','','','','','2009-04-14 12:26:14','2009-04-03 08:36:38',3,NULL,'EUR',1.000000),(36,51,'Mateja Košir','','Zlato polje 2d','','Kranj','4000','','Slovenija','040 750 240','mateja39@gmail.com',6,'Mateja Košir','','Zlato polje 2d','','Kranj','4000','','Slovenija',6,'Mateja Košir','','Zlato polje 2d','','Kranj','4000','','Slovenija',6,'Plačilo po povzetju','','','','','2009-04-17 06:55:17','2009-04-09 19:27:33',3,NULL,'EUR',1.000000),(37,53,'Nina Ošlak','','Na zelenici 8','','Celje','3000','','Slovenija','040419617','ninaoslak@gmail.com',6,'Nina Ošlak','','Na zelenici 8','','Celje','3000','','Slovenija',6,'Nina Ošlak','','Na zelenici 8','','Celje','3000','','Slovenija',6,'Plačilo po povzetju','','','','','2009-05-19 09:08:59','2009-05-06 08:37:40',3,NULL,'EUR',1.000000),(38,54,'primož perovec','','podgrad 15b','','šentjur','3230','','Slovenija','041465352','zoomirp@gmail.com',6,'primož perovec','','podgrad 15b','','šentjur','3230','','Slovenija',6,'primož perovec','','podgrad 15b','','šentjur','3230','','Slovenija',6,'Plačilo po povzetju','','','','','2009-05-22 06:25:29','2009-05-18 22:13:23',3,NULL,'EUR',1.000000),(39,2,'Janez Hrovat','Agila','Plešičeva 17','','Ljubljana','1000','','Slovenija','030383838','janez.hrovat@agila.si',6,'Janez Hrovat','Agila','Plešičeva 17','','Ljubljana','1000','','Slovenija',6,'Janez Hrovat','Agila','Plešičeva 17','','Ljubljana','1000','','Slovenija',6,'Plačilo po povzetju','','','','','2009-05-20 12:33:35','2009-05-20 12:29:07',3,NULL,'EUR',1.000000),(40,2,'Janez Hrovat','Agila','Plešičeva 17','','Ljubljana','1000','','Slovenija','030383838','janez.hrovat@agila.si',6,'Janez Hrovat','Agila','Plešičeva 17','','Ljubljana','1000','','Slovenija',6,'Janez Hrovat','Agila','Plešičeva 17','','Ljubljana','1000','','Slovenija',6,'Plačilo po povzetju','','','','','2009-05-20 13:04:11','2009-05-20 12:56:58',3,NULL,'EUR',1.000000),(41,2,'Janez Hrovat','Agila','Plešičeva 17','','Ljubljana','1000','','Slovenija','030383838','janez.hrovat@agila.si',6,'Janez Hrovat','Agila','Plešičeva 17','','Ljubljana','1000','','Slovenija',6,'Janez Hrovat','Agila','Plešičeva 17','','Ljubljana','1000','','Slovenija',6,'Plačilo po povzetju','','','','','2009-05-20 13:15:42','2009-05-20 13:14:05',3,NULL,'EUR',1.000000),(42,2,'Janez Hrovat','Agila','Plešičeva 17','','Ljubljana','1000','','Slovenija','030383838','janez.hrovat@agila.si',6,'Janez Hrovat','Agila','Plešičeva 17','','Ljubljana','1000','','Slovenija',6,'Janez Hrovat','Agila','Plešičeva 17','','Ljubljana','1000','','Slovenija',6,'Plačilo po povzetju','','','','','2009-05-26 11:40:07','2009-05-24 22:14:15',3,NULL,'EUR',1.000000),(43,32,'Alen Tokmadžič','','Vransko 122b','','Vransko','3305','','Slovenija','040697603','alen.tokmadzic@siol.net',6,'Alen Tokmadžič','','Vransko 122b','','Vransko','3305','','Slovenija',6,'Alen Tokmadžič','','Vransko 122b','','Vransko','3305','','Slovenija',6,'Plačilo po povzetju','','','','','2009-05-27 07:08:53','2009-05-25 00:12:19',3,NULL,'EUR',1.000000),(44,2,'Janez Hrovat','Agila','Plešičeva 17','','Ljubljana','1000','','Slovenija','030383838','janez.hrovat@agila.si',6,'Janez Hrovat','Agila','Plešičeva 17','','Ljubljana','1000','','Slovenija',6,'Janez Hrovat','Agila','Plešičeva 17','','Ljubljana','1000','','Slovenija',6,'Plačilo po povzetju','','','','','2009-05-26 11:38:58','2009-05-26 09:43:24',3,NULL,'EUR',1.000000),(45,2,'Janez Hrovat','Agila','Plešičeva 17','','Ljubljana','1000','','Slovenija','030383838','janez.hrovat@agila.si',6,'Janez Hrovat','Agila','Plešičeva 17','','Ljubljana','1000','','Slovenija',6,'Janez Hrovat','Agila','Plešičeva 17','','Ljubljana','1000','','Slovenija',6,'Plačilo po povzetju','','','','','2009-05-26 11:39:25','2009-05-26 09:46:02',3,NULL,'EUR',1.000000),(46,2,'Janez Hrovat','Agila','Plešičeva 17','','Ljubljana','1000','','Slovenija','030383838','janez.hrovat@agila.si',6,'Janez Hrovat','Agila','Plešičeva 17','','Ljubljana','1000','','Slovenija',6,'Janez Hrovat','Agila','Plešičeva 17','','Ljubljana','1000','','Slovenija',6,'Plačilo po povzetju','','','','','2009-05-26 11:39:40','2009-05-26 10:25:49',3,NULL,'EUR',1.000000),(47,2,'Janez Hrovat','Agila','Plešičeva 17','','Ljubljana','1000','','Slovenija','030383838','janez.hrovat@agila.si',6,'Janez Hrovat','Agila','Plešičeva 17','','Ljubljana','1000','','Slovenija',6,'Janez Hrovat','Agila','Plešičeva 17','','Ljubljana','1000','','Slovenija',6,'Plačilo po povzetju','','','','','2009-05-26 11:38:07','2009-05-26 10:31:49',3,NULL,'EUR',1.000000),(48,32,'Alen Tokmadžič','','Vransko 122b','','Vransko','3305','','Slovenija','040697603','alen.tokmadzic@siol.net',6,'Alen Tokmadžič','','Vransko 122b','','Vransko','3305','','Slovenija',6,'Alen Tokmadžič','','Vransko 122b','','Vransko','3305','','Slovenija',6,'Plačilo po povzetju','','','','','2009-06-01 18:20:48','2009-05-27 23:51:01',3,NULL,'EUR',1.000000),(49,55,'Nina Renar','','Spodnje Škofije 125a','','Škofije','6281','','Slovenija','031302577','nina.renar@siol.net',6,'Nina Renar','','Spodnje Škofije 125a','','Škofije','6281','','Slovenija',6,'Nina Renar','','Spodnje Škofije 125a','','Škofije','6281','','Slovenija',6,'Plačilo po povzetju','','','','','2009-06-12 06:39:55','2009-06-08 09:30:26',3,NULL,'EUR',1.000000),(50,56,'Pavel Leskovec','','Mostaniška 2','','Cerkno','5282','','Slovenija','041677829','Pavel.Leskovec@gmail.com',6,'Pavel Leskovec','','Mostaniška 2','','Cerkno','5282','','Slovenija',6,'Pavel Leskovec','','Mostaniška 2','','Cerkno','5282','','Slovenija',6,'Plačilo po povzetju','','','','','2009-06-16 07:22:24','2009-06-12 13:57:08',3,NULL,'EUR',1.000000),(51,57,'NATAŠA PROSEN','','PREŽIHOVA 10','','MEŽICA','2392','','Slovenija','031 662 067','borgis@t-2.net',6,'NATAŠA PROSEN','','PREŽIHOVA 10','','MEŽICA','2392','','Slovenija',6,'NATAŠA PROSEN','','PREŽIHOVA 10','','MEŽICA','2392','','Slovenija',6,'Plačilo po povzetju','','','','','2009-06-19 06:17:33','2009-06-17 07:25:53',3,NULL,'EUR',1.000000),(52,58,'BRIGITA BAŠIĆ','','ŠOLSKA ULICA 40','','ŠEMPETER','3311','','Slovenija','041921857','brigita.basic@siol.net',6,'BRIGITA BAŠIĆ','','ŠOLSKA ULICA 40','','ŠEMPETER','3311','','Slovenija',6,'BRIGITA BAŠIĆ','','ŠOLSKA ULICA 40','','ŠEMPETER','3311','','Slovenija',6,'Plačilo po povzetju','','','','','2009-06-23 06:23:47','2009-06-18 22:20:19',3,NULL,'EUR',1.000000),(53,51,'Mateja Košir','','Zlato polje 2d','','Kranj','4000','','Slovenija','040 750 240','mateja39@gmail.com',6,'Mateja Košir','','Zlato polje 2d','','Kranj','4000','','Slovenija',6,'Mateja Košir','','Zlato polje 2d','','Kranj','4000','','Slovenija',6,'Plačilo po povzetju','','','','','2009-06-29 18:17:07','2009-06-21 22:39:27',3,NULL,'EUR',1.000000),(54,60,'Brigita Markovič','','Toma Brejca 5a','','Kamnik','1240','','Slovenija','031512567','brigitam64@gmail.com',6,'Brigita Markovič','','Toma Brejca 5a','','Kamnik','1240','','Slovenija',6,'Brigita Markovič','','Toma Brejca 5a','','Kamnik','1240','','Slovenija',6,'Plačilo po povzetju','','','','','2009-07-01 17:34:35','2009-06-28 11:09:56',3,NULL,'EUR',1.000000),(55,61,'Vanda rupnik','','Kajuhova 12A','','Idrija','5280','','Slovenija','051400939','vandarupnik@gmail.com',6,'Vanda rupnik','','Kajuhova 12A','','Idrija','5280','','Slovenija',6,'Vanda rupnik','','Kajuhova 12A','','Idrija','5280','','Slovenija',6,'Plačilo po povzetju','','','','','2009-07-07 19:58:27','2009-07-05 17:11:36',3,NULL,'EUR',1.000000),(56,64,'jasna grčar','','trnoveljska c.80','','celje','3000','','Slovenija','040 471077','vojko.grcar@amis.net',6,'jasna grčar','','trnoveljska c.80','','celje','3000','','Slovenija',6,'jasna grčar','','trnoveljska c.80','','celje','3000','','Slovenija',6,'Plačilo po povzetju','','','','','2009-07-23 05:45:52','2009-07-20 22:15:33',3,NULL,'EUR',1.000000),(57,54,'primož perovec','','podgrad 15b','','šentjur','3230','','Slovenija','041465352','zoomirp@gmail.com',6,'primož perovec','','podgrad 15b','','šentjur','3230','','Slovenija',6,'primož perovec','','podgrad 15b','','šentjur','3230','','Slovenija',6,'Plačilo po povzetju','','','','','2009-08-20 20:10:04','2009-08-11 08:03:08',3,NULL,'EUR',1.000000),(58,66,'sandra mole','','cesta dolomitskega odreda 37','','log pri brezovici','1358','','Slovenija','041776974','sandra_mole@yahoo.com',6,'sandra mole','','cesta dolomitskega odreda 37','','log pri brezovici','1358','','Slovenija',6,'sandra mole','','cesta dolomitskega odreda 37','','log pri brezovici','1358','','Slovenija',6,'Plačilo po povzetju','','','','','2009-09-02 15:04:31','2009-08-25 14:34:37',3,NULL,'EUR',1.000000),(59,67,'ANITA LAMPIČ','','NJIVERCE VAS 15','','KIDRIČEVO','2325','','Slovenija','031 341 179','anita.lampic@gmail.com',6,'ANITA LAMPIČ','','NJIVERCE VAS 15','','KIDRIČEVO','2325','','Slovenija',6,'ANITA LAMPIČ','','NJIVERCE VAS 15','','KIDRIČEVO','2325','','Slovenija',6,'Plačilo po povzetju','','','','','2009-09-08 09:32:42','2009-09-02 16:09:26',3,NULL,'EUR',1.000000),(60,68,'Vesna Pivk','','Scopolijeva ulica 24','','Ljubljana','1000','','Slovenija','041480666','vesna@krofek.net',6,'Vesna Pivk','','Scopolijeva ulica 24','','Ljubljana','1000','','Slovenija',6,'Vesna Pivk','','Scopolijeva ulica 24','','Ljubljana','1000','','Slovenija',6,'Plačilo po povzetju','','','','','2009-09-10 15:04:19','2009-09-09 00:08:48',3,NULL,'EUR',1.000000),(61,70,'dominika fras','','paričjak 19','','radenci','9252','','Slovenija','041371326','dominika.fras@gmail.com',6,'dominika fras','','paričjak 19','','radenci','9252','','Slovenija',6,'dominika fras','','paričjak 19','','radenci','9252','','Slovenija',6,'Plačilo po povzetju','','','','','2009-09-23 10:36:17','2009-09-13 01:07:31',3,NULL,'EUR',1.000000),(62,72,'Drago Križaj','','Viška cesta 9','','Ljubljana','1000','','Slovenija','041915832','petra.ponebsek@mf.uni-lj.si',6,'Drago Križaj','','Viška cesta 9','','Ljubljana','1000','','Slovenija',6,'Drago Križaj','','Viška cesta 9','','Ljubljana','1000','','Slovenija',6,'Plačilo po povzetju','','','','','2009-09-30 06:39:03','2009-09-28 09:06:18',3,NULL,'EUR',1.000000),(65,73,'Jože Mekis','','Cesta talcev 43','','škofja loka','4220','','Slovenija','041 575 850','mekisjoze@gmail.com',6,'Jože Mekis','','Cesta talcev 43','','škofja loka','4220','','Slovenija',6,'Jože Mekis','','Cesta talcev 43','','škofja loka','4220','','Slovenija',6,'Plačilo po povzetju','','','','','2009-10-02 06:49:21','2009-09-28 21:57:55',3,NULL,'EUR',1.000000),(66,74,'Barbara Kač','','Pod smrekami 11','','Šempeter v Sav. d.','3311','','Slovenija','041 200 708','barbarakac@gmail.com',6,'Barbara Kač','','Pod smrekami 11','','Šempeter v Sav. d.','3311','','Slovenija',6,'Barbara Kač','','Pod smrekami 11','','Šempeter v Sav. d.','3311','','Slovenija',6,'Plačilo po povzetju','','','','','2009-10-06 08:48:50','2009-09-30 09:24:45',3,NULL,'EUR',1.000000),(67,74,'Barbara Kač','','Pod smrekami 11','','Šempeter v Sav. d.','3311','','Slovenija','041 200 708','barbarakac@gmail.com',6,'Barbara Kač','','Pod smrekami 11','','Šempeter v Sav. d.','3311','','Slovenija',6,'Barbara Kač','','Pod smrekami 11','','Šempeter v Sav. d.','3311','','Slovenija',6,'Plačilo po povzetju','','','','','2009-10-06 08:49:11','2009-09-30 09:26:38',3,NULL,'EUR',1.000000),(71,75,'Lidija Žuran','','Levčeva ul. 13 b','','Mengeš','1234','','Slovenija','040 225 915','lidija.zuran@hotmail.com',6,'Lidija Žuran','','Levčeva ul. 13 b','','Mengeš','1234','','Slovenija',6,'Lidija Žuran','','Levčeva ul. 13 b','','Mengeš','1234','','Slovenija',6,'Plačilo po povzetju','','','','','2009-10-10 06:34:17','2009-10-05 21:30:14',3,NULL,'EUR',1.000000),(73,78,'sebastijan šega','','poh.bataljona 12','','zg.polskava','2314','','Slovenija','028035184','sebastijansega@hotmail.com',6,'sebastijan šega','','poh.bataljona 12','','zg.polskava','2314','','Slovenija',6,'sebastijan šega','','poh.bataljona 12','','zg.polskava','2314','','Slovenija',6,'Plačilo po povzetju','','','','','2009-10-19 18:27:55','2009-10-15 19:42:03',3,NULL,'EUR',1.000000),(74,79,'Karidija Protman','','Dupleška cesta 234','','Maribor','2000','','Slovenija','040209230','karidija@hotmail.com',6,'Karidija Protman','','Dupleška cesta 234','','Maribor','2000','','Slovenija',6,'Karidija Protman','','Dupleška cesta 234','','Maribor','2000','','Slovenija',6,'Plačilo po povzetju','','','','','2009-10-20 10:10:57','2009-10-17 09:47:01',3,NULL,'EUR',1.000000),(75,81,'TATJANA LOBOREC','','ZBILJSKA CESTA 29','','MEDVODE','1215','','Slovenija','031/363-333','tatjana.loborec@gmail.com',6,'TATJANA LOBOREC','','ZBILJSKA CESTA 29','','MEDVODE','1215','','Slovenija',6,'TATJANA LOBOREC','','ZBILJSKA CESTA 29','','MEDVODE','1215','','Slovenija',6,'Plačilo po povzetju','','','','','2009-10-26 18:37:58','2009-10-21 11:50:37',3,NULL,'EUR',1.000000),(76,82,'BOJANA TRATNJEK','TRATNJEK D.O.O.','PREŽIHOVA ULICA 4','','MURSKA SOBOTA','9000','','Slovenija','051 440 300','bojana@tratnjek.si',6,'BOJANA TRATNJEK','TRATNJEK D.O.O.','PREŽIHOVA ULICA 4','','MURSKA SOBOTA','9000','','Slovenija',6,'BOJANA TRATNJEK','TRATNJEK D.O.O.','PREŽIHOVA ULICA 4','','MURSKA SOBOTA','9000','','Slovenija',6,'Plačilo po povzetju','','','','','2009-10-22 19:56:23','2009-10-21 12:02:41',3,NULL,'EUR',1.000000),(77,81,'TATJANA LOBOREC','','ZBILJSKA CESTA 29','','MEDVODE','1215','','Slovenija','031/363-333','tatjana.loborec@gmail.com',6,'TATJANA LOBOREC','','ZBILJSKA CESTA 29','','MEDVODE','1215','','Slovenija',6,'TATJANA LOBOREC','','ZBILJSKA CESTA 29','','MEDVODE','1215','','Slovenija',6,'Plačilo po povzetju','','','','','2009-10-26 18:37:39','2009-10-21 12:07:25',3,NULL,'EUR',1.000000),(78,83,'Alenka Furlan','','kajuhova 11','','Celje','3000','','Slovenija','o40 471 119','alenka.furlan@amis.net',6,'Alenka Furlan','','kajuhova 11','','Celje','3000','','Slovenija',6,'Alenka Furlan','','kajuhova 11','','Celje','3000','','Slovenija',6,'Plačilo po povzetju','','','','','2009-11-05 07:03:38','2009-11-02 15:52:21',3,NULL,'EUR',1.000000),(79,84,'Miloš Medančič','','Pivola 19','','Hoče','2311','','Slovenija','026161008','milos.medancic@gmail.com',6,'Miloš Medančič','','Pivola 19','','Hoče','2311','','Slovenija',6,'Miloš Medančič','','Pivola 19','','Hoče','2311','','Slovenija',6,'Plačilo po povzetju','','','','','2009-11-14 06:37:46','2009-11-10 10:56:36',3,NULL,'EUR',1.000000),(80,85,'Marjan Brezočnik','','Gornji trg 22','','Lovrenc na Pohorju','2344','','Slovenija','02 675 10 05','marjan.brezocnik@gmail.com',6,'Marjan Brezočnik','','Gornji trg 22','','Lovrenc na Pohorju','2344','','Slovenija',6,'Marjan Brezočnik','','Gornji trg 22','','Lovrenc na Pohorju','2344','','Slovenija',6,'Plačilo po povzetju','','','','','2009-11-18 06:18:12','2009-11-13 21:47:49',3,NULL,'EUR',1.000000),(81,86,'Ernest Gungl','','Sp. Gasteraj 55','','Jurovski Dol','2223','','Slovenija','031889295','ernest.gungl@guest.arnes.si',6,'Ernest Gungl','','Sp. Gasteraj 55','','Jurovski Dol','2223','','Slovenija',6,'Ernest Gungl','','Sp. Gasteraj 55','','Jurovski Dol','2223','','Slovenija',6,'Plačilo po povzetju','','','','','2009-11-18 19:49:16','2009-11-14 22:37:41',3,NULL,'EUR',1.000000),(82,89,'Vesnaa kadunc','','Linhartova cesta 104','','Ljubljana','1000','','Slovenija','041 254-760','gregorvesna.kadunc@masicom.net',6,'Vesnaa kadunc','','Linhartova cesta 104','','Ljubljana','1000','','Slovenija',6,'vesna kadunc','','Linhartova cesta 104','','Ljubljana','1000','','Slovenija',6,'Plačilo po povzetju','','','','','2009-11-27 20:27:20','2009-11-19 11:05:47',3,NULL,'EUR',1.000000),(83,83,'Alenka Furlan','','kajuhova 11','','Celje','3000','','Slovenija','o40 471 119','alenka.furlan@amis.net',6,'Alenka Furlan','','kajuhova 11','','Celje','3000','','Slovenija',6,'Alenka Furlan','','kajuhova 11','','Celje','3000','','Slovenija',6,'Plačilo po povzetju','','','','','2009-12-03 19:43:55','2009-11-29 15:59:29',3,NULL,'EUR',1.000000),(84,91,'Katja Geršak','','Koroška cesta 13e','','Velenje','3320','','Slovenija','041/597-032','katka.gersak@gmail.com',6,'Katja Geršak','','Koroška cesta 13e','','Velenje','3320','','Slovenija',6,'Katja Geršak','','Koroška cesta 13e','','Velenje','3320','','Slovenija',6,'Plačilo po povzetju','','','','','2009-12-04 18:11:02','2009-12-02 07:14:59',3,NULL,'EUR',1.000000),(85,96,'milan humer','','selo nad polhovim gradcem 28','','polhov gradec','1355','','Slovenija','o41 668 208','milan.humer@siol.net',6,'milan humer','','selo nad polhovim gradcem 28','','polhov gradec','1355','','Slovenija',6,'milan humer','','selo nad polhovim gradcem 28','','polhov gradec','1355','','Slovenija',6,'Plačilo po povzetju','','','','','2009-12-28 20:29:07','2009-12-22 15:34:24',3,NULL,'EUR',1.000000),(86,97,'Igor Beršnak','','Ob gozdu 27','','Sevnica','8290','','Slovenija','041762892','i.bersnak@tpv.si',6,'Igor Beršnak','','Ob gozdu 27','','Sevnica','8290','','Slovenija',6,'Igor Beršnak','','Ob gozdu 27','','Sevnica','8290','','Slovenija',6,'Plačilo po povzetju','','','','','2009-12-29 21:25:13','2009-12-23 07:18:08',3,NULL,'EUR',1.000000),(87,98,'Dušan Habjan','','Kunaverjeva 12','','Ljubljana','1000','','Slovenija','040391922','dusan.habjan@siol.net',6,'Dušan Habjan','','Kunaverjeva 12','','Ljubljana','1000','','Slovenija',6,'Dušan Habjan','','Kunaverjeva 12','','Ljubljana','1000','','Slovenija',6,'Plačilo po povzetju','','','','','2009-12-30 11:10:27','2009-12-23 10:47:03',3,NULL,'EUR',1.000000),(88,99,'MOJCA FRANK DOBLEKAR','','KUNAVERJEVA ULICA 9','','LJUBLJANA','1117','','Slovenija','031662154','mojca.frank@teledat.si',6,'MOJCA FRANK DOBLEKAR','','KUNAVERJEVA ULICA 9','','LJUBLJANA','1117','','Slovenija',6,'MOJCA FRANK DOBLEKAR','','KUNAVERJEVA ULICA 9','','LJUBLJANA','1117','','Slovenija',6,'Plačilo po povzetju','','','','','2010-01-06 07:46:04','2009-12-23 12:09:21',3,NULL,'EUR',1.000000),(89,101,'Nataša Češko','','Petelinkarjeva 1','','Kisovec','1412','','Slovenija','041 789 708','natasa.cesko@bona-j.com',6,'Nataša Češko','','Petelinkarjeva 1','','Kisovec','1412','','Slovenija',6,'Nataša Češko','','Petelinkarjeva 1','','Kisovec','1412','','Slovenija',6,'Plačilo po povzetju','','','','','2010-01-06 05:30:17','2009-12-30 16:19:49',3,NULL,'EUR',1.000000),(90,102,'miran satler','','zbiljska cesta 83a','','medvode','1215','','Slovenija','041 928 152','pata.darja@siol.net',6,'miran satler','','zbiljska cesta 83a','','medvode','1215','','Slovenija',6,'miran satler','','zbiljska cesta 83a','','medvode','1215','','Slovenija',6,'Plačilo po povzetju','','','','','2010-01-13 19:57:34','2010-01-02 12:59:38',3,NULL,'EUR',1.000000),(91,102,'miran satler','','zbiljska cesta 83a','','medvode','1215','','Slovenija','041 928 152','pata.darja@siol.net',6,'miran satler','','zbiljska cesta 83a','','medvode','1215','','Slovenija',6,'miran satler','','zbiljska cesta 83a','','medvode','1215','','Slovenija',6,'Plačilo po povzetju','','','','','2010-01-13 19:58:00','2010-01-02 13:01:04',3,NULL,'EUR',1.000000),(92,103,'Marko Juriševič','Hotel Marko d.o.o., ID za DDV: S','Obala 28','','Portorož','6322','','Slovenija','031670205','marko.hmp@gmail.com',6,'Marko Juriševič','Hotel Marko d.o.o.','Obala 28','','Portorož','6322','','Slovenija',6,'Marko Juriševič','Hotel Marko d.o.o., ID za DDV: S','Obala 28','','Portorož','6322','','Slovenija',6,'Plačilo po povzetju','','','','','2010-01-20 10:23:13','2010-01-16 19:47:44',3,NULL,'EUR',1.000000),(93,32,'Alen Tokmadžič','','Vransko 122b','','Vransko','3305','','Slovenija','040697603','alen.tokmadzic@siol.net',6,'Alen Tokmadžič','','Vransko 122b','','Vransko','3305','','Slovenija',6,'Alen Tokmadžič','','Vransko 122b','','Vransko','3305','','Slovenija',6,'Plačilo po povzetju','','','','','2010-01-23 07:11:15','2010-01-20 23:56:19',3,NULL,'EUR',1.000000),(94,105,'darja jamnik','','sp.senica 10/a','','medvode','1215','','Slovenija','041/562-012','jamnik.darja@siol.net',6,'darja jamnik','','sp.senica 10/a','','medvode','1215','','Slovenija',6,'darja jamnik','','sp.senica 10/a','','medvode','1215','','Slovenija',6,'Plačilo po povzetju','','','','','2010-02-18 06:20:31','2010-01-26 21:37:53',3,NULL,'EUR',1.000000),(95,106,'MARTA CERAR','','PRESERJE, VII. UL. ŠT. 3','','RADOMLJE','1235','','Slovenija','031 295 017','mmarta.cerar@gmail.com',6,'MARTA CERAR','','PRESERJE, VII. UL. ŠT. 3','','RADOMLJE','1235','','Slovenija',6,'MARTA CERAR','','PRESERJE, VII. UL. ŠT. 3','','RADOMLJE','1235','','Slovenija',6,'Plačilo po povzetju','','','','','2010-02-02 20:17:30','2010-01-29 13:23:16',3,NULL,'EUR',1.000000),(96,83,'Alenka Furlan','','kajuhova 11','','Celje','3000','','Slovenija','o40 471 119','alenka.furlan@amis.net',6,'Alenka Furlan','','kajuhova 11','','Celje','3000','','Slovenija',6,'Alenka Furlan','','kajuhova 11','','Celje','3000','','Slovenija',6,'Plačilo po povzetju','','','','','2010-02-11 20:07:00','2010-02-09 14:51:32',3,NULL,'EUR',1.000000),(97,108,'simona volaj rakušček','','Andričeva 1','','LJUBLJANA','1000','','Slovenija','041206425','simonkica@gmail.com',6,'simona volaj rakušček','','Andričeva 1','','LJUBLJANA','1000','','Slovenija',6,'simona volaj rakušček','','Andričeva 1','','LJUBLJANA','1000','','Slovenija',6,'Plačilo po povzetju','','','','','2010-02-19 07:10:21','2010-02-12 16:59:00',3,NULL,'EUR',1.000000),(98,110,'PETRA MERC','','HRASTJE 35J','','LIMBUŠ','2341','','Slovenija','00386 41 780 305','petra.merc@gmail.com',6,'PETRA MERC','','HRASTJE 35J','','LIMBUŠ','2341','','Slovenija',6,'PETRA MERC','','HRASTJE 35J','','LIMBUŠ','2341','','Slovenija',6,'Plačilo po povzetju','','','','','2010-03-08 16:34:24','2010-02-28 19:18:59',3,NULL,'EUR',1.000000),(99,111,'Janja Vrečko','','Jemčeva 16a','','Trzin','1236','','Slovenija','040723708','janja.vrecko@siol.net',6,'Janja Vrečko','','Jemčeva 16a','','Trzin','1236','','Slovenija',6,'Janja Vrečko','','Jemčeva 16a','','Trzin','1236','','Slovenija',6,'Plačilo po povzetju','','','','','2010-03-01 18:38:44','2010-03-01 13:38:40',3,NULL,'EUR',1.000000),(100,112,'Ivan Podpečan','','Gotovlje 168 b','','Žalec','3310','','Slovenija','041 662 883','ivan.podpecan@planinsko-drustvo-galicija.si',6,'Ivan Podpečan','','Gotovlje 168 b','','Žalec','3310','','Slovenija',6,'Ivan Podpečan','','Gotovlje 168 b','','Žalec','3310','','Slovenija',6,'Plačilo po povzetju','','','','','2010-03-05 06:33:37','2010-03-03 09:43:45',3,NULL,'EUR',1.000000),(101,112,'Ivan Podpečan','','Gotovlje 168 b','','Žalec','3310','','Slovenija','041 662 883','ivan.podpecan@planinsko-drustvo-galicija.si',6,'Ivan Podpečan','','Gotovlje 168 b','','Žalec','3310','','Slovenija',6,'Ivan Podpečan','','Gotovlje 168 b','','Žalec','3310','','Slovenija',6,'Plačilo po povzetju','','','','','2010-03-24 06:01:02','2010-03-21 09:10:31',3,NULL,'EUR',1.000000),(102,54,'primož perovec','','podgrad 15b','','šentjur','3230','','Slovenija','041465352','zoomirp@gmail.com',6,'primož perovec','','podgrad 15b','','šentjur','3230','','Slovenija',6,'primož perovec','','podgrad 15b','','šentjur','3230','','Slovenija',6,'Plačilo po povzetju','','','','','2010-04-15 06:58:06','2010-04-06 06:54:42',3,NULL,'EUR',1.000000),(103,83,'Alenka Furlan','','kajuhova 11','','Celje','3000','','Slovenija','o40 471 119','alenka.furlan@amis.net',6,'Alenka Furlan','','kajuhova 11','','Celje','3000','','Slovenija',6,'Alenka Furlan','','kajuhova 11','','Celje','3000','','Slovenija',6,'Plačilo po povzetju','','','','','2010-04-12 19:58:11','2010-04-07 08:53:16',3,NULL,'EUR',1.000000),(104,115,'Erika Žlogar','','Rožna dolina c.VIII/8','','Ljubljana','1000','','Slovenija','041 327 775','erika.zlogar@gmail.com',6,'Erika Žlogar','','Rožna dolina c.VIII/8','','Ljubljana','1000','','Slovenija',6,'Erika Žlogar','','Rožna dolina c.VIII/8','','Ljubljana','1000','','Slovenija',6,'Plačilo po povzetju','','','','','2010-04-19 16:30:37','2010-04-12 16:46:46',3,NULL,'EUR',1.000000),(105,117,'Stanislav Segalla','','Trg Svobode 24','','Kanal','5213','','Slovenija','053051674','stanislav_segalla@t-2.net',6,'Stanislav Segalla','','Trg Svobode 24','','Kanal','5213','','Slovenija',6,'Stanislav Segalla','','Trg Svobode 24','','Kanal','5213','','Slovenija',6,'Plačilo po povzetju','','','','','2010-05-03 20:22:16','2010-04-29 21:44:18',3,NULL,'EUR',1.000000),(106,118,'Alissa Lents','','601 S. Washington 27','','Carbondale','62901','','United States','312-307-2900','alissa.lents@gmail.com',2,'Olivera Sisirak','Galerija Olja','CBE 48','','Metlika','8330','','Slovenija',6,'Alissa Lents','','601 S. Washington 27','','Carbondale','62901','','United States',2,'Plačilo po povzetju','','','','','2010-05-28 06:22:29','2010-05-04 06:49:46',3,NULL,'EUR',1.000000),(107,120,'irena keblič','keja s.p.','polzela 119','','polzela','3313','','Slovenija','031-666-114','janko.keblic@amis.net',6,'irena keblič','keja s.p.','polzela 119','','polzela','3313','','Slovenija',6,'irena keblič','keja s.p.','polzela 119','','polzela','3313','','Slovenija',6,'Plačilo po povzetju','','','','','2010-05-31 11:36:23','2010-05-27 20:28:14',3,NULL,'EUR',1.000000),(108,83,'Alenka Furlan','','kajuhova 11','','Celje','3000','','Slovenija','o40 471 119','alenka.furlan@amis.net',6,'Alenka Furlan','','kajuhova 11','','Celje','3000','','Slovenija',6,'Alenka Furlan','','kajuhova 11','','Celje','3000','','Slovenija',6,'Plačilo po povzetju','','','','','2010-06-07 17:48:12','2010-06-03 14:11:13',3,NULL,'EUR',1.000000),(110,122,'Jože Andrej ČIBEJ','EKORIST d.o.o.','Dom in vrt 44','','Trbovlje','1420','','Slovenija','031389892','ekorist@siol.net',6,'Jože Andrej ČIBEJ','EKORIST d.o.o.','Dom in vrt 44','','Trbovlje','1420','','Slovenija',6,'Jože Andrej ČIBEJ','EKORIST d.o.o.','Dom in vrt 44','','Trbovlje','1420','','Slovenija',6,'Plačilo po povzetju','','','','','2010-07-21 19:53:42','2010-07-17 18:05:13',3,NULL,'EUR',1.000000),(111,123,'JANEZ ČIZMAZIJA','','Žitna ulica 6','','Turnišče','9224','','Slovenija','051 634 550','janez.cizmazija@siol.net',6,'JANEZ ČIZMAZIJA','','Žitna ulica 6','','Turnišče','9224','','Slovenija',6,'JANEZ ČIZMAZIJA','','Žitna ulica 6','','Turnišče','9224','','Slovenija',6,'Plačilo po povzetju','','','','','2010-07-23 09:27:28','2010-07-20 15:38:19',3,NULL,'EUR',1.000000),(112,124,'Boštjan Gaber','','Murska ulica 55','','Krog','9000 Mursk','','Slovenija','041731533','bostjan.gaber@actinia.si',6,'Boštjan Gaber','','Murska ulica 55','','Krog','9000 Mursk','','Slovenija',6,'Boštjan Gaber','','Murska ulica 55','','Krog','9000 Mursk','','Slovenija',6,'Plačilo po povzetju','','','','','2010-07-28 13:22:06','2010-07-26 11:57:59',3,NULL,'EUR',1.000000),(113,126,'Nika Gregorič','','Bratuževa ulica 32','','Šempeter','5290','','Slovenija','040 658 653','nika.gregoric@gmail.com',6,'Nika Gregorič','','Bratuževa ulica 32','','Šempeter','5290','','Slovenija',6,'Nika Gregorič','','Bratuževa ulica 32','','Šempeter','5290','','Slovenija',6,'Plačilo po povzetju','','','','','2010-08-16 19:28:15','2010-08-10 22:16:38',3,NULL,'EUR',1.000000),(114,128,'Urša Opara','','Dolenjska cesta 84','','Ljubljana','1000','','Slovenija','040323969','ursa.opara@fe.uni-lj.si',6,'Urša Opara','','Dolenjska cesta 84','','Ljubljana','1000','','Slovenija',6,'Urša Opara','','Dolenjska cesta 84','','Ljubljana','1000','','Slovenija',6,'Plačilo po povzetju','','','','','2010-08-23 17:16:47','2010-08-23 13:18:24',3,NULL,'EUR',1.000000),(115,117,'Stanislav Segalla','','Trg Svobode 24','','Kanal','5213','','Slovenija','053051674','stanislav_segalla@t-2.net',6,'Stanislav Segalla','','Trg Svobode 24','','Kanal','5213','','Slovenija',6,'Stanislav Segalla','','Trg Svobode 24','','Kanal','5213','','Slovenija',6,'Plačilo po povzetju','','','','','2010-09-01 06:34:03','2010-08-30 10:23:20',3,NULL,'EUR',1.000000),(116,130,'martina červ','','šavlijeva 4','','tolmin','5220','','Slovenija','041585662','martinass@volja.net',6,'martina červ','','šavlijeva 4','','tolmin','5220','','Slovenija',6,'martina červ','','šavlijeva 4','','tolmin','5220','','Slovenija',6,'Plačilo po povzetju','','','','','2010-09-06 19:26:29','2010-09-03 14:34:45',3,NULL,'EUR',1.000000),(117,133,'Karmen Malečkar','','Rozmanova 26','','Ilirska Bistrica','6250','','Slovenija','051 350 365','karmen.maleckar@plama-pur.si',6,'Karmen Malečkar','','Rozmanova 26','','Ilirska Bistrica','6250','','Slovenija',6,'Karmen Malečkar','','Rozmanova 26','','Ilirska Bistrica','6250','','Slovenija',6,'Plačilo po povzetju','','','','','2010-09-30 20:14:43','2010-09-24 11:37:35',3,NULL,'EUR',1.000000),(118,135,'igor ivanšek','','starihov vrh 1','','semič','8333','','Slovenija','040551435','igorivansek@hotmail.com',6,'igor ivanšek','','starihov vrh 1','','semič','8333','','Slovenija',6,'igor ivanšek','','starihov vrh 1','','semič','8333','','Slovenija',6,'Plačilo po povzetju','','','','','2010-10-19 09:07:47','2010-10-14 22:48:42',3,NULL,'EUR',1.000000),(119,136,'MILAN RAMŠAK','','Pod Lipami 26','','Celje','3000','','Slovenija','041407818','ramsak.milan@siol.net',6,'MILAN RAMŠAK','','Pod Lipami 26','','Celje','3000','','Slovenija',6,'MILAN RAMŠAK','','Pod Lipami 26','','Celje','3000','','Slovenija',6,'Plačilo po povzetju','','','','','2010-11-03 19:52:59','2010-10-27 13:54:51',3,NULL,'EUR',1.000000),(120,117,'Stanislav Segalla','','Trg Svobode 24','','Kanal','5213','','Slovenija','053051674','stanislav_segalla@t-2.net',6,'Stanislav Segalla','','Trg Svobode 24','','Kanal','5213','','Slovenija',6,'Stanislav Segalla','','Trg Svobode 24','','Kanal','5213','','Slovenija',6,'Plačilo po povzetju','','','','','2010-11-09 17:29:53','2010-11-05 17:29:32',3,NULL,'EUR',1.000000),(121,135,'igor ivanšek','','starihov vrh 1','','semič','8333','','Slovenija','040551435','igorivansek@hotmail.com',6,'igor ivanšek','','starihov vrh 1','','semič','8333','','Slovenija',6,'igor ivanšek','','starihov vrh 1','','semič','8333','','Slovenija',6,'Plačilo po povzetju','','','','','2010-11-16 19:54:04','2010-11-10 23:33:06',3,NULL,'EUR',1.000000),(122,137,'Marko Drnovšek','','Radvanjska cesta 54','','Maribor','2000','','Slovenija','041/687-627','marko.drn@triera.net',6,'Marko Drnovšek','','Radvanjska cesta 54','','Maribor','2000','','Slovenija',6,'Marko Drnovšek','','Radvanjska cesta 54','','Maribor','2000','','Slovenija',6,'Plačilo po povzetju','','','','','2010-11-16 19:53:45','2010-11-12 10:09:27',3,NULL,'EUR',1.000000),(123,138,'Aleš Korenčan','','Neubergerjeva 23','','Ljubljana','1000','','Slovenija','014344180','aleskorencan@yahoo.com',6,'Aleš Korenčan','','Neubergerjeva 23','','Ljubljana','1000','','Slovenija',6,'Aleš Korenčan','','Neubergerjeva 23','','Ljubljana','1000','','Slovenija',6,'Plačilo po povzetju','','','','','2010-11-29 19:53:46','2010-11-21 13:02:06',3,NULL,'EUR',1.000000),(124,139,'Davo Gunzer','','Celjska cesta 36','','Slovenj Gradec','2380','','Slovenija','040228617','davogun@gmail.com',6,'Davo Gunzer','','Celjska cesta 36','','Slovenj Gradec','2380','','Slovenija',6,'Davo Gunzer','','Celjska cesta 36','','Slovenj Gradec','2380','','Slovenija',6,'Plačilo po povzetju','','','','','2010-11-26 06:55:21','2010-11-23 01:27:37',3,NULL,'EUR',1.000000),(125,140,'Mateja Prešern','','Moste 74a','','Žirovnica','4274','','Slovenija','031510523','mapresern@gmail.com',6,'Mateja Prešern','','Moste 74a','','Žirovnica','4274','','Slovenija',6,'Mateja Prešern','','Moste 74a','','Žirovnica','4274','','Slovenija',6,'Plačilo po povzetju','','','','','2010-11-29 19:53:26','2010-11-26 20:45:54',3,NULL,'EUR',1.000000),(126,142,'marjetka podgoršek horžen','','cerklje ob krki 72','','cerklje ob krki','8263','','Slovenija','041667387','marjeta.ph@gmail.com',6,'marjetka podgoršek horžen','','cerklje ob krki 72','','cerklje ob krki','8263','','Slovenija',6,'marjetka podgoršek horžen','','cerklje ob krki 72','','cerklje ob krki','8263','','Slovenija',6,'Plačilo po povzetju','','','','','2010-12-16 19:54:14','2010-12-07 21:13:24',3,NULL,'EUR',1.000000),(127,143,'Tanja Golli','','Dunajska 396','','Ljubljana - Črnuče','1231','','Slovenija','041 753 753','tanja.golli@gmail.com',6,'Tanja Golli','','Dunajska 396','','Ljubljana - Črnuče','1231','','Slovenija',6,'Tanja Golli','','Dunajska 396','','Ljubljana - Črnuče','1231','','Slovenija',6,'Plačilo po povzetju','','','','','2010-12-11 07:21:36','2010-12-09 16:04:06',3,NULL,'EUR',1.000000),(128,112,'Ivan Podpečan','','Gotovlje 168 b','','Žalec','3310','','Slovenija','041 662 883','ivan.podpecan@planinsko-drustvo-galicija.si',6,'Ivan Podpečan','','Gotovlje 168 b','','Žalec','3310','','Slovenija',6,'Ivan Podpečan','','Gotovlje 168 b','','Žalec','3310','','Slovenija',6,'Plačilo po povzetju','','','','','2010-12-20 20:15:20','2010-12-16 15:27:48',3,NULL,'EUR',1.000000),(129,144,'Ivica Vončina','','Gorska pot 14','','Idrija','5280','','Slovenija','031 776 416','ivica.voncina@guest.arnes.si',6,'Ivica Vončina','','Gorska pot 14','','Idrija','5280','','Slovenija',6,'Ivica Vončina','','Gorska pot 14','','Idrija','5280','','Slovenija',6,'Plačilo po povzetju','','','','','2010-12-20 20:14:56','2010-12-16 18:56:27',3,NULL,'EUR',1.000000),(130,145,'Nina Mauhler','','Prezihova 9','','Mezica','2392','','Slovenija','051345220','dashing.daisy@hotmail.com',6,'Nina Mauhler','','Prezihova 9','','Mezica','2392','','Slovenija',6,'Nina Mauhler','','Prezihova 9','','Mezica','2392','','Slovenija',6,'Plačilo po povzetju','','','','',NULL,'2010-12-17 18:55:10',1,NULL,'EUR',1.000000),(131,146,'Alojz Mestek','','Udarna 7','','Jesenice','4270','','Slovenija','041 672 918','alojz.mestek@zzzs.si',6,'Alojz Mestek','','Udarna 7','','Jesenice','4270','','Slovenija',6,'Alojz Mestek','','Udarna 7','','Jesenice','4270','','Slovenija',6,'Plačilo po povzetju','','','','','2010-12-21 20:32:54','2010-12-18 00:36:13',3,NULL,'EUR',1.000000),(132,147,'teja jug','','Pod gradom 2','','Tolmin','5220','','Slovenija','041/947554','tejajug@yahoo.com',6,'teja jug','','Pod gradom 2','','Tolmin','5220','','Slovenija',6,'teja jug','','Pod gradom 2','','Tolmin','5220','','Slovenija',6,'Plačilo po povzetju','','','','','2010-12-21 20:35:16','2010-12-18 11:26:14',3,NULL,'EUR',1.000000),(133,148,'ERIKA KRAPEŽ','VIVERE D.O.O.','TOVARNIŠKA 2B','','AJDOVŠČINA','5270','','Slovenija','040382996','ERIKA.KRAPEZ@VIVERE.SI',6,'ERIKA KRAPEŽ','VIVERE D.O.O.','TOVARNIŠKA 2B','','AJDOVŠČINA','5270','','Slovenija',6,'ERIKA KRAPEŽ','VIVERE D.O.O.','TOVARNIŠKA 2B','','AJDOVŠČINA','5270','','Slovenija',6,'Plačilo po povzetju','','','','','2010-12-22 20:05:30','2010-12-20 10:24:43',3,NULL,'EUR',1.000000),(134,149,'matej mester','','cesta maršala tita 17','','jesenice','4270','','Slovenija','041569127','judoist.matej@gmail.com',6,'matej mester','','cesta maršala tita 17','','jesenice','4270','','Slovenija',6,'matej mester','','cesta maršala tita 17','','jesenice','4270','','Slovenija',6,'Plačilo po povzetju','','','','','2010-12-21 14:41:44','2010-12-20 22:42:47',2,NULL,'EUR',1.000000),(135,150,'Uroš Petronijević','','Vodnikova 20','','Idrija','5280','','Slovenija','041 275 483','uros_pet@hotmail.com',6,'Uroš Petronijević','','Vodnikova 20','','Idrija','5280','','Slovenija',6,'Uroš Petronijević','','Vodnikova 20','','Idrija','5280','','Slovenija',6,'Plačilo po povzetju','','','','','2010-12-28 20:17:24','2010-12-21 18:28:03',3,NULL,'EUR',1.000000),(136,151,'Sandra Slapar','','Obrežna ulica 103','','Maribor','2000','','Slovenija','070535320','sandrica321@gmail.com',6,'Sandra Slapar','','Obrežna ulica 103','','Maribor','2000','','Slovenija',6,'Sandra Slapar','','Obrežna ulica 103','','Maribor','2000','','Slovenija',6,'Plačilo po povzetju','','','','','2011-01-10 19:38:31','2011-01-05 14:21:45',3,NULL,'EUR',1.000000),(137,152,'marko matkovič','','zgornje škofije 72c','','škofije','6281','','Slovenija','041-345913','matkovic.m@gmail.com',6,'marko matkovič','','zgornje škofije 72c','','škofije','6281','','Slovenija',6,'marko matkovič','','zgornje škofije 72c','','škofije','6281','','Slovenija',6,'Plačilo po povzetju','','','','','2011-01-11 19:41:59','2011-01-06 23:26:37',3,NULL,'EUR',1.000000),(138,135,'igor ivanšek','','starihov vrh 1','','semič','8333','','Slovenija','040551435','igorivansek@hotmail.com',6,'igor ivanšek','','starihov vrh 1','','semič','8333','','Slovenija',6,'igor ivanšek','','starihov vrh 1','','semič','8333','','Slovenija',6,'Plačilo po povzetju','','','','','2011-01-13 06:55:40','2011-01-07 15:46:25',3,NULL,'EUR',1.000000),(139,154,'Aleš Makuc','Nebesa d.o.o. , Hotel Jožef','Vojkova 9a','','Idrija','5280 Idrij','','Slovenija','031 851 539','ales.makuc@kolektor.com',6,'Aleš Makuc','Nebesa d.o.o. , Hotel Jožef','Vojkova 9a','','Idrija','5280 Idrij','','Slovenija',6,'Aleš Makuc','Nebesa d.o.o. , Hotel Jožef','Vojkova 9a','','Idrija','5280 Idrij','','Slovenija',6,'Plačilo po povzetju','','','','','2011-01-26 07:23:30','2011-01-24 15:20:54',3,NULL,'EUR',1.000000),(140,141,'srečlo dušič','','arto 13','','sevnica','8290','','Slovenija','031257678 od sestre','srecko.dusic@amis.net',6,'srečlo dušič','','arto 13','','sevnica','8290','','Slovenija',6,'srečlo dušič','','arto 13','','sevnica','8290','','Slovenija',6,'Plačilo po povzetju','','','','','2011-02-04 19:50:38','2011-01-31 08:56:05',3,NULL,'EUR',1.000000),(141,155,'JOŽICA BREGAR LESKOVŠEK','','Cesta zmage 22','','Zagorje ob Savi','1410','','Slovenija','041-790-560','jernej.leskovsek@gmail.com',6,'JOŽICA BREGAR LESKOVŠEK','','Cesta zmage 22','','Zagorje ob Savi','1410','','Slovenija',6,'JOŽICA BREGAR LESKOVŠEK','','Cesta zmage 22','','Zagorje ob Savi','1410','','Slovenija',6,'Plačilo po povzetju','','','','','2011-02-09 09:02:28','2011-02-02 14:37:56',3,NULL,'EUR',1.000000),(142,156,'anja zbašnik','','knafljev trg 1','','ribnica','1310','','Slovenija','041544721','anja.zbasnik@skb.si',6,'anja zbašnik','','knafljev trg 1','','ribnica','1310','','Slovenija',6,'anja zbašnik','','knafljev trg 1','','ribnica','1310','','Slovenija',6,'Plačilo po povzetju','','','','','2011-03-02 06:50:28','2011-02-04 09:56:39',3,NULL,'EUR',1.000000),(143,117,'Stanislav Segalla','','Trg Svobode 24','','Kanal','5213','','Slovenija','053051674','stanislav_segalla@t-2.net',6,'Stanislav Segalla','','Trg Svobode 24','','Kanal','5213','','Slovenija',6,'Stanislav Segalla','','Trg Svobode 24','','Kanal','5213','','Slovenija',6,'Plačilo po povzetju','','','','','2011-02-23 09:26:55','2011-02-21 11:11:10',3,NULL,'EUR',1.000000),(144,160,'DIANA JENKO','','C.NA MARKOVEC 9','','KOPER','6000','','Slovenija','064 113 331','d.doma.d@gmail.com',6,'DIANA JENKO','','C.NA MARKOVEC 9','','KOPER','6000','','Slovenija',6,'DIANA JENKO','','C.NA MARKOVEC 9','','KOPER','6000','','Slovenija',6,'Plačilo po povzetju','','','','','2011-03-28 19:47:00','2011-03-14 08:47:50',3,NULL,'EUR',1.000000),(145,161,'Igor Justinek','','Bevkova 1','','kamnik','1240','','Slovenija','040 375695','igor.justinek@amis.net',6,'Igor Justinek','','Bevkova 1','','kamnik','1240','','Slovenija',6,'Igor Justinek','','Bevkova 1','','kamnik','1240','','Slovenija',6,'Plačilo po povzetju','','','','','2011-03-16 19:42:22','2011-03-16 18:12:43',3,NULL,'EUR',1.000000),(146,165,'Matjaž Anžič','','Pešnica 30','','Zg. Besnica','4201','','Slovenija','031250296','matjaz-A@hotmail.com',6,'Matjaž Anžič','','Pešnica 30','','Zg. Besnica','4201','','Slovenija',6,'Matjaž Anžič','','Pešnica 30','','Zg. Besnica','4201','','Slovenija',6,'Plačilo po povzetju','','','','','2011-04-11 20:00:18','2011-04-07 12:18:26',3,NULL,'EUR',1.000000),(147,117,'Stanislav Segalla','','Trg Svobode 24','','Kanal','5213','','Slovenija','053051674','stanislav_segalla@t-2.net',6,'Stanislav Segalla','','Trg Svobode 24','','Kanal','5213','','Slovenija',6,'Stanislav Segalla','','Trg Svobode 24','','Kanal','5213','','Slovenija',6,'Plačilo po povzetju','','','','','2011-04-21 12:02:06','2011-04-19 20:08:32',3,NULL,'EUR',1.000000),(148,167,'Tina Tiršek Šindič','','GLINŠKOVA PLOŠČAD 12','','Ljubljana','1000','','Slovenija','031223332','TINA.TIRSEK@ALTA.SI',6,'Tina Tiršek Šindič','','GLINŠKOVA PLOŠČAD 12','','Ljubljana','1000','','Slovenija',6,'Tina Tiršek Šindič','','GLINŠKOVA PLOŠČAD 12','','Ljubljana','1000','','Slovenija',6,'Plačilo po povzetju','','','','','2011-05-05 07:22:35','2011-04-29 23:07:55',3,NULL,'EUR',1.000000),(149,168,'alenka Kodila','','pečarovci 48','','mačkovci','9202','','Slovenija','041899032','alenka.forjan27@gmail.com',6,'alenka Kodila','','pečarovci 48','','mačkovci','9202','','Slovenija',6,'alenka Kodila','','pečarovci 48','','mačkovci','9202','','Slovenija',6,'Plačilo po povzetju','','','','','2011-05-11 07:08:17','2011-05-05 21:23:58',3,NULL,'EUR',1.000000),(150,169,'nina mehanović','','herberstinova 14','','ljubljana','1000','','Slovenija','031330289','n.hribovsek@gmail.com',6,'nina mehanović','','herberstinova 14','','ljubljana','1000','','Slovenija',6,'nina mehanović','','herberstinova 14','','ljubljana','1000','','Slovenija',6,'Plačilo po povzetju','','','','','2011-05-20 19:54:36','2011-05-16 02:36:39',3,NULL,'EUR',1.000000),(151,170,'Barbara Tavčar','','Partizanska cesta 17','','Škofja Loka','4220','','Slovenija','031754383','tolar.barbara@gmail.com',6,'Barbara Tavčar','','Partizanska cesta 17','','Škofja Loka','4220','','Slovenija',6,'Barbara Tavčar','','Partizanska cesta 17','','Škofja Loka','4220','','Slovenija',6,'Plačilo po povzetju','','','','','2011-06-07 08:36:02','2011-06-02 16:58:14',3,NULL,'EUR',1.000000),(152,171,'kristjan klemencic','','poljane 52','','poljane nad skofjo loko','4223','','Slovenija','0034603201690','klemencic.kristjan@gmail.com',6,'kristjan klemencic','','poljane 52','','poljane nad skofjo loko','4223','','Slovenija',6,'kristjan klemencic','','poljane 52','','poljane nad skofjo loko','4223','','Slovenija',6,'Plačilo po povzetju','','','','','2011-06-08 20:05:24','2011-06-05 14:06:12',3,NULL,'EUR',1.000000),(153,173,'tanja princes','','goriška cesta 10','','vipava','5271','','Slovenija','040239187','tanja.princes@guest.arnes.si',6,'tanja princes','','goriška cesta 10','','vipava','5271','','Slovenija',6,'tanja princes','','goriška cesta 10','','vipava','5271','','Slovenija',6,'Plačilo po povzetju','','','','','2011-06-16 07:17:34','2011-06-11 01:57:40',3,NULL,'EUR',1.000000),(154,174,'nadja Jakomin','oš Dekani','kubed 6b','','gračišče','6272 grači','','Slovenija','o40 610 014','jakomin@mail.amis.net',6,'nadja Jakomin','oš Dekani','kubed 6b','','gračišče','6272 grači','','Slovenija',6,'nadja Jakomin','oš Dekani','kubed 6b','','gračišče','6272 grači','','Slovenija',6,'Plačilo po povzetju','','','','','2011-06-21 06:24:38','2011-06-14 23:32:38',3,NULL,'EUR',1.000000),(156,177,'mira mikec','','rudnik II/1','','ljubljana','1000','','Slovenija','031 622 732','mira.mikec55@siol.net',6,'mira mikec','','rudnik II/1','','ljubljana','1000','','Slovenija',6,'mira mikec','','rudnik II/1','','ljubljana','1000','','Slovenija',6,'Plačilo po povzetju','','','','','2011-08-08 13:11:34','2011-08-07 16:01:32',3,NULL,'EUR',1.000000),(157,178,'Andrej Pečnik','','Gregorčičeva 7','','Maribor','2000','','Slovenija','1247500','prometej82@gmail.com',6,'Andrej Pečnik','','Gregorčičeva 7','','Maribor','2000','','Slovenija',6,'Andrej Pečnik','','Gregorčičeva 7','','Maribor','2000','','Slovenija',6,'Plačilo po povzetju','','','','','2011-08-22 20:19:12','2011-08-17 18:38:24',3,NULL,'EUR',1.000000),(158,179,'Denis Stojčič','','Čečovje 41c','','Ravne na Koroškem','2390','','Slovenija','041 321 633','denis.stojcic@gmail.com',6,'Denis Stojčič','','Čečovje 41c','','Ravne na Koroškem','2390','','Slovenija',6,'Denis Stojčič','','Čečovje 41c','','Ravne na Koroškem','2390','','Slovenija',6,'Plačilo po povzetju','','','','','2011-08-29 20:14:35','2011-08-26 19:44:57',3,NULL,'EUR',1.000000),(159,180,'Aleš Krošelj','','Dolenjska c. 253','','Škofljica','1291','','Slovenija','041v689 556','a.kroselj@siol.net',6,'Aleš Krošelj','','Dolenjska c. 253','','Škofljica','1291','','Slovenija',6,'Aleš Krošelj','','Dolenjska c. 253','','Škofljica','1291','','Slovenija',6,'Plačilo po povzetju','','','','','2011-09-05 12:56:33','2011-08-31 20:39:08',3,NULL,'EUR',1.000000),(160,181,'Anton Kolar','','Gubčeva 5','','Kranj','4000','','Slovenija','041 977 983','kolar_anton@t-2.net',6,'Anton Kolar','','Gubčeva 5','','Kranj','4000','','Slovenija',6,'Anton Kolar','','Gubčeva 5','','Kranj','4000','','Slovenija',6,'Plačilo po povzetju','','','','','2011-10-03 10:54:56','2011-09-24 12:00:20',3,NULL,'EUR',1.000000),(161,117,'Stanislav Segalla','','Trg Svobode 24','','Kanal','5213','','Slovenija','053051674','stanislav_segalla@t-2.net',6,'Stanislav Segalla','','Trg Svobode 24','','Kanal','5213','','Slovenija',6,'Stanislav Segalla','','Trg Svobode 24','','Kanal','5213','','Slovenija',6,'Plačilo po povzetju','','','','','2011-10-01 12:22:52','2011-09-28 10:44:18',3,NULL,'EUR',1.000000),(162,182,'IRENA BIJOL','','MLINSKA ULICA 7','','VUZENICA','2367','','Slovenija','041/250-927','irena@bijol.si',6,'IRENA BIJOL','','MLINSKA ULICA 7','','VUZENICA','2367','','Slovenija',6,'IRENA BIJOL','','MLINSKA ULICA 7','','VUZENICA','2367','','Slovenija',6,'Plačilo po povzetju','','','','','2011-10-08 09:42:51','2011-10-05 15:34:47',3,NULL,'EUR',1.000000),(163,182,'IRENA BIJOL','','MLINSKA ULICA 7','','VUZENICA','2367','','Slovenija','041/250-927','irena@bijol.si',6,'IRENA BIJOL','','MLINSKA ULICA 7','','VUZENICA','2367','','Slovenija',6,'IRENA BIJOL','','MLINSKA ULICA 7','','VUZENICA','2367','','Slovenija',6,'Plačilo po povzetju','','','','','2011-10-08 09:42:40','2011-10-05 15:36:05',3,NULL,'EUR',1.000000),(164,183,'Livija Dolanc','','Medijske toplice 33','','Izlake','1411','','Slovenija','041 630 725','livija.dolanc@siol.net',6,'Livija Dolanc','','Medijske toplice 33','','Izlake','1411','','Slovenija',6,'Livija Dolanc','','Medijske toplice 33','','Izlake','1411','','Slovenija',6,'Plačilo po povzetju','','','','','2011-10-07 11:51:31','2011-10-06 08:35:46',3,NULL,'EUR',1.000000),(165,184,'Tina Vadas','','Brezno 30','','Podvelka','2363','','Slovenija','040623163','tina.vadas@gmail.com',6,'Tina Vadas','','Brezno 30','','Podvelka','2363','','Slovenija',6,'Tina Vadas','','Brezno 30','','Podvelka','2363','','Slovenija',6,'Plačilo po povzetju','','','','','2011-10-24 10:29:21','2011-10-12 15:29:20',3,NULL,'EUR',1.000000),(166,185,'ana mlakar','','Dergomaška ul.40','','ljubljana','1000','','Slovenija','041 674 789','gorazd.ana@gmail.com',6,'ana mlakar','','Dergomaška ul.40','','ljubljana','1000','','Slovenija',6,'ana mlakar','','Dergomaška ul.40','','ljubljana','1000','','Slovenija',6,'Plačilo po povzetju','','','','','2011-10-20 16:17:34','2011-10-16 20:21:42',3,NULL,'EUR',1.000000),(167,187,'mitja mitnjek','','meškova ulica 14a','','slovenj gradec','2380','','Slovenija','051661464','mitja.mitnjek@gmail.com',6,'mitja mitnjek','','meškova ulica 14a','','slovenj gradec','2380','','Slovenija',6,'mitja mitnjek','','meškova ulica 14a','','slovenj gradec','2380','','Slovenija',6,'Plačilo po povzetju','','','','','2011-11-22 12:35:13','2011-11-20 16:16:24',3,NULL,'EUR',1.000000),(168,188,'Biserka Matelič','','Kogojeva ulica 4','','Ljubljana','1000','','Slovenija','041856550','biserkaenator@gov.si',6,'Biserka Matelič','','Kogojeva ulica 4','','Ljubljana','1000','','Slovenija',6,'Biserka Matelič','','Kogojeva ulica 4','','Ljubljana','1000','','Slovenija',6,'Plačilo po povzetju','','','','','2011-11-24 19:02:36','2011-11-22 11:06:27',3,NULL,'EUR',1.000000),(169,189,'Domen Kalajzic','','Zirovnica 114b','','Zirovnica','4274','','Slovenija','041683184','domen@3glav.com',6,'Domen Kalajzic','','Zirovnica 114b','','Zirovnica','4274','','Slovenija',6,'Domen Kalajzic','','Zirovnica 114b','','Zirovnica','4274','','Slovenija',6,'Plačilo po povzetju','','','','','2011-11-28 10:02:48','2011-11-23 21:24:47',3,NULL,'EUR',1.000000),(170,182,'IRENA BIJOL','','MLINSKA ULICA 7','','VUZENICA','2367','','Slovenija','041/250-927','irena@bijol.si',6,'IRENA BIJOL','','MLINSKA ULICA 7','','VUZENICA','2367','','Slovenija',6,'IRENA BIJOL','','MLINSKA ULICA 7','','VUZENICA','2367','','Slovenija',6,'Plačilo po povzetju','','','','','2011-11-30 08:03:26','2011-11-27 18:01:58',3,NULL,'EUR',1.000000),(171,190,'Mojca Dovžan','','Breg 2','','Žirovnica','4274','','Slovenija','041396439','mojca.dovzan@gmail.com',6,'Mojca Dovžan','','Breg 2','','Žirovnica','4274','','Slovenija',6,'Mojca Dovžan','','Breg 2','','Žirovnica','4274','','Slovenija',6,'Plačilo po povzetju','','','','','2011-12-06 13:31:07','2011-12-01 17:56:44',3,NULL,'EUR',1.000000),(172,117,'Stanislav Segalla','','Trg Svobode 24','','Kanal','5213','','Slovenija','053051674','stanislav_segalla@t-2.net',6,'Stanislav Segalla','','Trg Svobode 24','','Kanal','5213','','Slovenija',6,'Stanislav Segalla','','Trg Svobode 24','','Kanal','5213','','Slovenija',6,'Plačilo po povzetju','','','','','2011-12-09 13:13:12','2011-12-07 12:21:26',3,NULL,'EUR',1.000000),(173,61,'Vanda rupnik','','Kajuhova 12A','','Idrija','5280','','Slovenija','051400939','vandarupnik@gmail.com',6,'Vanda rupnik','','Kajuhova 12A','','Idrija','5280','','Slovenija',6,'Vanda rupnik','','Kajuhova 12A','','Idrija','5280','','Slovenija',6,'Plačilo po povzetju','','','','','2011-12-12 12:15:12','2011-12-08 07:01:37',3,NULL,'EUR',1.000000),(174,191,'Andreja Martinc','Design& Andreja Martinc s.p.','Ivana Regenta 9','','Nova Gorica','5000','','Slovenija','041 312 816','andreja.martinc@designand.si',6,'Andreja Martinc','Design& Andreja Martinc s.p.','Ivana Regenta 9','','Nova Gorica','5000','','Slovenija',6,'Andreja Martinc','Design& Andreja Martinc s.p.','Ivana Regenta 9','','Nova Gorica','5000','','Slovenija',6,'Plačilo po povzetju','','','','','2011-12-10 16:18:08','2011-12-09 09:51:57',3,NULL,'EUR',1.000000),(175,192,'Konstantina Dolenc','','Ankaranska cesta 7b','','Koper','6000','','Slovenija','051 615 370','konstantina.dolenc@gefco.net',6,'Konstantina Dolenc','','Ankaranska cesta 7b','','Koper','6000','','Slovenija',6,'Konstantina Dolenc','','Ankaranska cesta 7b','','Koper','6000','','Slovenija',6,'Plačilo po povzetju','','','','','2011-12-14 13:05:59','2011-12-09 11:32:45',3,NULL,'EUR',1.000000),(176,195,'Davorin Poljanec','','Ledine 34','','Nova Gorica','5000','','Slovenija','040713828','davorin.poljanec@gmail.com',6,'Davorin Poljanec','','Ledine 34','','Nova Gorica','5000','','Slovenija',6,'Davorin Poljanec','','Ledine 34','','Nova Gorica','5000','','Slovenija',6,'Plačilo po povzetju','','','','','2011-12-14 13:05:38','2011-12-11 12:11:18',3,NULL,'EUR',1.000000),(177,196,'Mišel Sztyc','','Vinka Vodopivca 115','','NOVA GORICA','5000','','Slovenija','0038641363196','sztycmisel@gmail.com',6,'Mišel Sztyc','','Vinka Vodopivca 115','','NOVA GORICA','5000','','Slovenija',6,'Mišel Sztyc','','Vinka Vodopivca 115','','NOVA GORICA','5000','','Slovenija',6,'Plačilo po povzetju','','','','','2011-12-20 09:29:16','2011-12-15 22:52:01',3,NULL,'EUR',1.000000),(178,197,'Darja Mirt','','Kremen 3','','Krško','8270','','Slovenija','031655586','darja.mirt@siol.net',6,'Darja Mirt','','Kremen 3','','Krško','8270','','Slovenija',6,'Darja Mirt','','Kremen 3','','Krško','8270','','Slovenija',6,'Plačilo po povzetju','','','','','2011-12-22 13:33:46','2011-12-17 09:43:08',3,NULL,'EUR',1.000000),(179,198,'Karmen Režek','','Cerov log 5a','','Šentjernej','8310','','Slovenija','031 626 447','karmen.gallileo@gmail.com',6,'Karmen Režek','','Cerov log 5a','','Šentjernej','8310','','Slovenija',6,'Karmen Režek','','Cerov log 5a','','Šentjernej','8310','','Slovenija',6,'Plačilo po povzetju','','','','','2011-12-21 13:31:16','2011-12-19 09:45:00',3,NULL,'EUR',1.000000),(180,199,'Primož Inkret','','Moše 29D','','Smlednik','1216','','Slovenija','041355100','primoz.inkret@p-m.si',6,'Primož Inkret','','Moše 29D','','Smlednik','1216','','Slovenija',6,'Primož Inkret','','Moše 29D','','Smlednik','1216','','Slovenija',6,'Plačilo po povzetju','','','','','2011-12-22 12:10:59','2011-12-19 22:58:31',3,NULL,'EUR',1.000000),(181,200,'mojca strehar','','Vipolže 4','','Dobrovo v Brdih','5212','','Slovenija','041822204','mojca.strehar@gmail.com',6,'mojca strehar','','Vipolže 4','','Dobrovo v Brdih','5212','','Slovenija',6,'mojca strehar','','Vipolže 4','','Dobrovo v Brdih','5212','','Slovenija',6,'Plačilo po povzetju','','','','','2011-12-27 08:12:08','2011-12-20 19:47:12',3,NULL,'EUR',1.000000),(182,202,'Tadeja Gornik','','Laze 11','','Brezovica pri Ljubljani','1351','','Slovenija','040 469 700','tadeja62@gmail.com',6,'Tadeja Gornik','','Laze 11','','Brezovica pri Ljubljani','1351','','Slovenija',6,'Tadeja Gornik','','Laze 11','','Brezovica pri Ljubljani','1351','','Slovenija',6,'Plačilo po povzetju','','','','','2012-01-11 08:11:16','2012-01-07 15:22:03',3,NULL,'EUR',1.000000),(183,203,'EMIL SENČAR','','GORIŠNICA 81B','','Gorišnica','2272','','Slovenija','041634904','emil.sencar@siol.net',6,'EMIL SENČAR','','GORIŠNICA 81B','','Gorišnica','2272','','Slovenija',6,'EMIL SENČAR','','GORIŠNICA 81B','','Gorišnica','2272','','Slovenija',6,'Plačilo po povzetju','','','','','2012-02-07 15:14:25','2012-01-16 18:49:07',3,NULL,'EUR',1.000000),(184,193,'NATAŠA ROGELJ','','KURIRSKA POT 29','','KRANJ','4000','','Slovenija','040 242 333','nrogelj@gmail.com',6,'NATAŠA ROGELJ','','KURIRSKA POT 29','','KRANJ','4000','','Slovenija',6,'NATAŠA ROGELJ','','KURIRSKA POT 29','','KRANJ','4000','','Slovenija',6,'Plačilo po povzetju','','','','','2012-01-30 10:33:28','2012-01-27 11:24:37',3,NULL,'EUR',1.000000),(185,204,'Suzana Ribaric','','Videm 18c','','Dol pri Ljubljani','1262','','Slovenija','041700995','suzana.ribaric@gmail.com',6,'Suzana Ribaric','','Videm 18c','','Dol pri Ljubljani','1262','','Slovenija',6,'Suzana Ribaric','','Videm 18c','','Dol pri Ljubljani','1262','','Slovenija',6,'Plačilo po povzetju','','','','','2012-02-13 10:39:08','2012-02-01 21:52:47',3,NULL,'EUR',1.000000),(186,206,'jure bukovec','','vinarska 37','','slovenska bistrica','2310','','Slovenija','031711069','marta.harri@gmail.com',6,'jure bukovec','','vinarska 37','','slovenska bistrica','2310','','Slovenija',6,'jure bukovec','','vinarska 37','','slovenska bistrica','2310','','Slovenija',6,'Plačilo po povzetju','','','','','2012-02-11 09:58:22','2012-02-06 22:53:38',3,NULL,'EUR',1.000000),(187,208,'KUKOVIČ DANICA','','KAMNIKARJEVA ULICA 13','','ŠKOFLJICA','1291','','Slovenija','041679680','DANICA.KUKOVIC@SIOL.NET',6,'KUKOVIČ DANICA','','KAMNIKARJEVA ULICA 13','','ŠKOFLJICA','1291','','Slovenija',6,'KUKOVIČ DANICA','','KAMNIKARJEVA ULICA 13','','ŠKOFLJICA','1291','','Slovenija',6,'Plačilo po povzetju','','','','','2012-02-17 10:50:08','2012-02-12 18:37:25',3,NULL,'EUR',1.000000),(188,209,'ROMANA STREŽEK','OKREPČEVALNICA MAJOLKA ROMANA ST','ŠULIGOJEVA 2','','ŠMARJE SAP','1293','','Slovenija','031553600','arstrezek@siol.net',6,'ROMANA STREŽEK','OKREPČEVALNICA MAJOLKA ROMANA ST','ŠULIGOJEVA 2','','ŠMARJE SAP','1293','','Slovenija',6,'ROMANA STREŽEK','OKREPČEVALNICA MAJOLKA ROMANA ST','ŠULIGOJEVA 2','','ŠMARJE SAP','1293','','Slovenija',6,'Plačilo po povzetju','','','','','2012-02-22 13:10:11','2012-02-18 10:15:00',3,NULL,'EUR',1.000000),(189,210,'Majda Sernec','','Rakovčeva 2','','Piran','6330','','Slovenija','041937203','majda.sernec@guest.arnes.si',6,'Majda Sernec','','Rakovčeva 2','','Piran','6330','','Slovenija',6,'Majda Sernec','','Rakovčeva 2','','Piran','6330','','Slovenija',6,'Plačilo po povzetju','','','','','2012-03-05 10:34:53','2012-03-01 12:20:37',3,NULL,'EUR',1.000000),(190,211,'Staša Bradaševič','','Brstovnica 7č','','Rimske Toplice','3272','','Slovenija','0417555593','stasa.bradasevic@gmail.com',6,'Staša Bradaševič','','Brstovnica 7č','','Rimske Toplice','3272','','Slovenija',6,'Staša Bradaševič','','Brstovnica 7č','','Rimske Toplice','3272','','Slovenija',6,'Plačilo po povzetju','','','','','2012-03-21 12:40:14','2012-03-17 14:26:34',3,NULL,'EUR',1.000000),(191,214,'Jana Kaše','','Čeče 101a','','Hrastnik','1430','','Slovenija','031672383','anjapodlesnik@gmail.com',6,'Jana Kaše','','Čeče 101a','','Hrastnik','1430','','Slovenija',6,'Jana Kaše','','Čeče 101a','','Hrastnik','1430','','Slovenija',6,'Plačilo po povzetju','','','','','2012-04-18 06:25:57','2012-04-15 14:43:41',3,NULL,'EUR',1.000000),(192,193,'NATAŠA ROGELJ','','KURIRSKA POT 29','','KRANJ','4000','','Slovenija','040 242 333','nrogelj@gmail.com',6,'NATAŠA ROGELJ','','KURIRSKA POT 29','','KRANJ','4000','','Slovenija',6,'NATAŠA ROGELJ','','KURIRSKA POT 29','','KRANJ','4000','','Slovenija',6,'Plačilo po povzetju','','','','','2012-04-18 06:26:22','2012-04-16 11:18:11',3,NULL,'EUR',1.000000),(193,215,'Alenka Zorc','','Spodnje Gorje 136','','Zgornje Gorje','4247','','Slovenija','041617851','alenka_zo@yahoo.com',6,'Alenka Zorc','','Spodnje Gorje 136','','Zgornje Gorje','4247','','Slovenija',6,'Alenka Zorc','','Spodnje Gorje 136','','Zgornje Gorje','4247','','Slovenija',6,'Plačilo po povzetju','','','','','2012-05-03 10:51:35','2012-04-23 14:41:06',3,NULL,'EUR',1.000000),(194,216,'Samo Košmrlj','','Hrib 3','','Loški Potok','1318','','Slovenija','031677388','skosmrlj@gmail.com',6,'Samo Košmrlj','','Hrib 3','','Loški Potok','1318','','Slovenija',6,'Samo Košmrlj','','Hrib 3','','Loški Potok','1318','','Slovenija',6,'Plačilo po povzetju','','','','','2012-05-08 12:12:34','2012-05-04 20:29:34',3,NULL,'EUR',1.000000),(195,217,'Damjan Delač','','Črni Potok pri Kočevju 5','','Kočevje','1330','','Slovenija','031675631','damjan.delac@gmail.com',6,'Damjan Delač','','Črni Potok pri Kočevju 5','','Kočevje','1330','','Slovenija',6,'Damjan Delač','','Črni Potok pri Kočevju 5','','Kočevje','1330','','Slovenija',6,'Plačilo po povzetju','','','','','2012-05-09 13:31:55','2012-05-07 10:39:05',3,NULL,'EUR',1.000000),(196,218,'Matej Miklavcic','','Petkovec 63','','Rovte','1373','','Slovenija','0038631873413','mateo.miklavcic@gmail.com',6,'Matej Miklavcic','','Petkovec 63','','Rovte','1373','','Slovenija',6,'Matej Miklavcic','','Petkovec 63','','Rovte','1373','','Slovenija',6,'Plačilo po povzetju','','','','','2012-05-17 11:55:21','2012-05-13 19:29:45',3,NULL,'EUR',1.000000),(197,219,'Tomaž Selak','','Levstikova ulica 6','','Kranj','4000','','Slovenija','031395611','tomaz.selak@gmail.com',6,'Tomaž Selak','','Levstikova ulica 6','','Kranj','4000','','Slovenija',6,'Tomaž Selak','','Levstikova ulica 6','','Kranj','4000','','Slovenija',6,'Plačilo po povzetju','','','','','2012-05-30 11:36:46','2012-05-28 10:20:44',3,NULL,'EUR',1.000000),(198,220,'Branka Petelin','','Garibaldijeva 2','','Koper','6000','','Slovenija','040216734','5linbranka@gmail.com',6,'Branka Petelin','','Garibaldijeva 2','','Koper','6000','','Slovenija',6,'Branka Petelin','','Garibaldijeva 2','','Koper','6000','','Slovenija',6,'Plačilo po povzetju','','','','','2012-06-01 13:25:03','2012-05-30 06:31:33',3,NULL,'EUR',1.000000),(199,221,'Marko Rondic','','Goriška cesta 6a','','Vipava','5271','','Slovenija','031692279','marko.rondic@gmail.com',6,'Marko Rondic','','Goriška cesta 6a','','Vipava','5271','','Slovenija',6,'Marko Rondic','','Goriška cesta 6a','','Vipava','5271','','Slovenija',6,'Plačilo po povzetju','','','','','2012-06-07 17:02:27','2012-06-03 11:12:26',3,NULL,'EUR',1.000000),(203,220,'Branka Petelin','TrgoABC d.o.o.','istrska 12','','Koper','6000','','Slovenija','064 116 366','5linbranka@gmail.com',6,'Branka Petelin','TrgoABC d.o.o.','istrska 12','','Koper','6000','','Slovenija',6,'Branka Petelin','TrgoABC d.o.o.','istrska 12','','Koper','6000','','Slovenija',6,'Plačilo po povzetju','','','','','2012-06-27 13:04:54','2012-06-22 09:17:56',3,NULL,'EUR',1.000000),(204,225,'Danilo Jezernik','','Podvrh 29','','Mozirje','3330','','Slovenija','040593596','danilo.jezernik@gmail.com',6,'Danilo Jezernik','','Podvrh 29','','Mozirje','3330','','Slovenija',6,'Danilo Jezernik','','Podvrh 29','','Mozirje','3330','','Slovenija',6,'Plačilo po povzetju','','','','','2012-07-16 12:05:40','2012-07-10 13:02:34',3,NULL,'EUR',1.000000),(205,226,'Peter Osterveršnik','TO BI d.o.o.','Industrijska ulica 33','','Bistrica ob Dravi','2345','','Slovenija','040 428 540','peter.osterversnik@gmail.com',6,'Peter Osterveršnik','TO BI d.o.o.','Industrijska ulica 33','','Bistrica ob Dravi','2345','','Slovenija',6,'Peter Osterveršnik','TO BI d.o.o.','Industrijska ulica 33','','Bistrica ob Dravi','2345','','Slovenija',6,'Plačilo po povzetju','','','','','2012-07-18 11:47:27','2012-07-14 17:01:21',3,NULL,'EUR',1.000000),(206,228,'Primož Zalaznik','','Drenov Grič 127','','Vrhnika','1360','','Slovenija','040 553 500','primoz.zalaznik@gmail.com',6,'Primož Zalaznik','','Drenov Grič 127','','Vrhnika','1360','','Slovenija',6,'Primož Zalaznik','','Drenov Grič 127','','Vrhnika','1360','','Slovenija',6,'Plačilo po povzetju','','','','','2012-07-25 09:12:32','2012-07-22 14:21:29',3,NULL,'EUR',1.000000),(207,229,'klementina križnik','','griže 70','','griže','3302','','Slovenija','041857973','klementina.kriznik@gmail.com',6,'klementina križnik','','griže 70','','griže','3302','','Slovenija',6,'klementina križnik','','griže 70','','griže','3302','','Slovenija',6,'Plačilo po povzetju','','','','','2012-07-27 06:19:18','2012-07-22 14:48:44',3,NULL,'EUR',1.000000),(208,230,'Polona Strlič','','Tavčarjeva 22','','Kranj','4000','','Slovenija','041230526','polona317@gmail.com',6,'Polona Strlič','','Tavčarjeva 22','','Kranj','4000','','Slovenija',6,'Polona Strlič','','Tavčarjeva 22','','Kranj','4000','','Slovenija',6,'Plačilo po povzetju','','','','','2012-07-25 11:34:58','2012-07-22 17:38:51',3,NULL,'EUR',1.000000),(209,231,'SLAVKA TURK','KIM D.O.O.','ulica 11.november','','LESKOVEC PRI KRŠKEM','8273','','Slovenija','041357012','slavka.turk@kim.si',6,'SLAVKA TURK','KIM D.O.O.','ulica 11.november','','LESKOVEC PRI KRŠKEM','8273','','Slovenija',6,'SLAVKA TURK','KIM D.O.O.','ulica 11.november','','LESKOVEC PRI KRŠKEM','8273','','Slovenija',6,'Plačilo po povzetju','','','','','2012-08-20 15:51:12','2012-08-20 13:47:19',3,NULL,'EUR',1.000000),(210,232,'kaja bučar','','gobnik 14c','','gabrovka','1247','','Slovenija','040215915','kaja.bucar@gmail.com',6,'kaja bučar','','gobnik 14c','','gabrovka','1247','','Slovenija',6,'kaja bučar','','gobnik 14c','','gabrovka','1247','','Slovenija',6,'Plačilo po povzetju','','','','','2012-08-27 10:25:51','2012-08-21 21:18:26',3,NULL,'EUR',1.000000),(211,233,'oliver jovič','','vrstna ulica 15','','Notranje Gorice','1357','','Slovenija','040201530','oli.joc@gmail.com',6,'oliver jovič','','vrstna ulica 15','','Notranje Gorice','1357','','Slovenija',6,'oliver jovič','','vrstna ulica 15','','Notranje Gorice','1357','','Slovenija',6,'Plačilo po povzetju','','','','','2012-08-24 08:29:23','2012-08-21 22:14:18',3,NULL,'EUR',1.000000),(212,235,'Laura Ajster','','Nova vas pri Mokricah 24','','Jesenice na Dolenjskem','8261','','Slovenija','040-819-401','laura.ajster@gmail.com',6,'Laura Ajster','','Nova vas pri Mokricah 24','','Jesenice na Dolenjskem','8261','','Slovenija',6,'Laura Ajster','','Nova vas pri Mokricah 24','','Jesenice na Dolenjskem','8261','','Slovenija',6,'Plačilo po povzetju','','','','','2012-08-28 17:39:25','2012-08-23 18:41:19',3,NULL,'EUR',1.000000),(213,236,'JAKOB ŠTEMBERGER','','NA ŽAGO 1','','ŠENTJERNEJ','8310','','Slovenija','051648440','jaka.stemberger@gmail.com',6,'JAKOB ŠTEMBERGER','','NA ŽAGO 1','','ŠENTJERNEJ','8310','','Slovenija',6,'JAKOB ŠTEMBERGER','','NA ŽAGO 1','','ŠENTJERNEJ','8310','','Slovenija',6,'Plačilo po povzetju','','','','','2012-08-28 17:39:38','2012-08-26 09:43:58',3,NULL,'EUR',1.000000),(214,237,'Tanja Dreo','','Praprotnikova ulica 18','','Mozirje','3330','','Slovenija','041292988','tanjaluna@yahoo.com',6,'Tanja Dreo','','Nanoška ulica 3','','Ljubljana','1000','','Slovenija',6,'Tanja Dreo','','Praprotnikova ulica 18','','Mozirje','3330','','Slovenija',6,'Plačilo po povzetju','','','','','2012-09-07 13:32:28','2012-09-02 12:42:47',3,NULL,'EUR',1.000000),(215,238,'polona breški','breko d.o.o.','toledova 9','','ruše','2342','','Slovenija','070858205','pbreski@gmail.com',6,'polona breški','breko d.o.o.','toledova 9','','ruše','2342','','Slovenija',6,'polona breški','breko d.o.o.','toledova 9','','ruše','2342','','Slovenija',6,'Plačilo po povzetju','','','','','2012-09-20 06:14:46','2012-09-13 12:36:41',3,NULL,'EUR',1.000000),(216,239,'Ana Cekuta','','Kocbekova ulica 5','','Celje','3000','','Slovenija','041 759 695','Ana.cekuta@gmail.com',6,'Ana Cekuta','','Kocbekova ulica 5','','Celje','3000','','Slovenija',6,'Ana Cekuta','','Kocbekova ulica 5','','Celje','3000','','Slovenija',6,'Plačilo po povzetju','','','','','2012-09-24 13:39:55','2012-09-19 19:46:04',3,NULL,'EUR',1.000000),(217,240,'MATJAŽ KENDA','GOSTILNA SPARK DAVID KOBAL S.P.','PARTIZANSKA CESTA 82','','SEŽANA','6210','','Slovenija','040300279','spark.sezana@t-2.net',6,'MATJAŽ KENDA','GOSTILNA SPARK DAVID KOBAL S.P.','PARTIZANSKA CESTA 82','','SEŽANA','6210','','Slovenija',6,'MATJAŽ KENDA','GOSTILNA SPARK DAVID KOBAL S.P.','PARTIZANSKA CESTA 82','','SEŽANA','6210','','Slovenija',6,'Plačilo po povzetju','','','','','2012-09-27 09:46:39','2012-09-24 21:46:04',3,NULL,'EUR',1.000000),(218,241,'Ana Pincolic','','Skorkaervej 8','','Ulfborg','6990','','Denmark','004521683958','ana.pincolic1@gmail.com',1,'Maša Skušek','','Resljeva c. 6','','Kostanjevica na Krki','8311','','Slovenija',6,'Ana Pincolic','','Skorkaervej 8','','Ulfborg','6990','','Denmark',1,'Plačilo po povzetju','','','','','2012-10-03 13:33:02','2012-09-28 20:02:18',3,NULL,'EUR',1.000000),(219,242,'Fanika Golub','','Draženci 58','','Hajdina','2288','','Slovenija','040705-058','info@diamantnails.net',6,'Fanika Golub','','Draženci 58','','Hajdina','2288','','Slovenija',6,'Fanika Golub','','Draženci 58','','Hajdina','2288','','Slovenija',6,'Plačilo po povzetju','','','','','2012-10-09 09:57:17','2012-10-03 22:06:01',3,NULL,'EUR',1.000000),(220,243,'Monika Humar','','Pod gradom 7','','Tolmin','5220','','Slovenija','051615188','monikahumar@gmail.com',6,'Monika Humar','','Pod gradom 7','','Tolmin','5220','','Slovenija',6,'Monika Humar','','Pod gradom 7','','Tolmin','5220','','Slovenija',6,'Plačilo po povzetju','','','','','2012-10-25 09:11:02','2012-10-19 08:15:16',3,NULL,'EUR',1.000000),(221,182,'IRENA BIJOL','','MLINSKA ULICA 7','','VUZENICA','2367','','Slovenija','041/250-927','irena@bijol.si',6,'IRENA BIJOL','','MLINSKA ULICA 7','','VUZENICA','2367','','Slovenija',6,'IRENA BIJOL','','MLINSKA ULICA 7','','VUZENICA','2367','','Slovenija',6,'Plačilo po povzetju','','','','','2012-10-25 12:54:19','2012-10-23 09:37:45',3,NULL,'EUR',1.000000),(222,43,'Dragica Cibic','','Kuzmičeva 5','','Ljubljana','1000','','Slovenija','040 256 242','Cibic.Dragica@Masicom.net',6,'Dragica Cibic','','Kuzmičeva 5','','Ljubljana','1000','','Slovenija',6,'Dragica Cibic','','Kuzmičeva 5','','Ljubljana','1000','','Slovenija',6,'Plačilo po povzetju','','','','','2012-11-04 07:30:52','2012-10-31 16:48:00',3,NULL,'EUR',1.000000),(223,244,'Zvonimira Noč','','C. Toneta Tomšiča 58','','Jesenice','4270','','Slovenija','04 5832 973','zvonimira.noc@telemach.net',6,'Zvonimira Noč','','C. Toneta Tomšiča 58','','Jesenice','4270','','Slovenija',6,'Zvonimira Noč','','C. Toneta Tomšiča 58','','Jesenice','4270','','Slovenija',6,'Plačilo po povzetju','','','','','2012-11-07 10:06:21','2012-11-03 14:20:23',3,NULL,'EUR',1.000000),(224,245,'Borut Skvarča','','Smrečje 25','','horjul','1354','','Slovenija','041 974477','skvarca3@gmail.com',6,'Borut Skvarča','','Smrečje 25','','horjul','1354','','Slovenija',6,'Borut Skvarča','','Smrečje 25','','horjul','1354','','Slovenija',6,'Plačilo po povzetju','','','','','2012-12-14 17:54:16','2012-11-07 21:15:08',3,NULL,'EUR',1.000000),(225,247,'Ana Petelin Grubišić','','Cesta na Lenivec 18','','Sežana','6210','','Slovenija','057345279','ana.pegr@gmail.com',6,'Ana Petelin Grubišić','','Cesta na Lenivec 18','','Sežana','6210','','Slovenija',6,'Ana Petelin Grubišić','','Cesta na Lenivec 18','','Sežana','6210','','Slovenija',6,'Plačilo po povzetju','','','','','2012-11-23 10:43:52','2012-11-18 09:39:58',3,NULL,'EUR',1.000000),(226,249,'ZORAN STARY','','Finžgarjeva cesta 2','','Bled','4260','','Slovenija','041605889','zoranstary@gmail.com',6,'ZORAN STARY','','Finžgarjeva cesta 2','','Bled','4260','','Slovenija',6,'ZORAN STARY','','Finžgarjeva cesta 2','','Bled','4260','','Slovenija',6,'Plačilo po povzetju','','','','','2012-12-06 15:28:16','2012-12-02 11:33:16',3,NULL,'EUR',1.000000),(227,250,'Zdenka Mori','','Kot pri Prevaljah 24','','Prevalje','2391','','Slovenija','028233360','aleksandra_stornik@hotmail.com',6,'Zdenka Mori','','Kot pri Prevaljah 24','','Prevalje','2391','','Slovenija',6,'Zdenka Mori','','Kot pri Prevaljah 24','','Prevalje','2391','','Slovenija',6,'Plačilo po povzetju','','','','','2012-12-11 11:03:36','2012-12-07 12:37:01',3,NULL,'EUR',1.000000),(228,251,'JASNA ŠOBAR','','TOMŠIČEVA 9','','KRANJ','4000','','Slovenija','o4o466049','jasnasobar@gmail.com',6,'JASNA ŠOBAR','','TOMŠIČEVA 9','','KRANJ','4000','','Slovenija',6,'JASNA ŠOBAR','','TOMŠIČEVA 9','','KRANJ','4000','','Slovenija',6,'Plačilo po povzetju','','','','','2012-12-13 11:43:56','2012-12-09 11:21:17',3,NULL,'EUR',1.000000),(229,199,'Primož Inkret','PM, poslovni mediji d.o.o.','Dunajska 9','','Ljubljana','1000','','Slovenija','041355100','primoz.inkret@p-m.si',6,'Primož Inkret','PM, poslovni mediji d.o.o.','Dunajska 9','','Ljubljana','1000','','Slovenija',6,'Primož Inkret','PM, poslovni mediji d.o.o.','Dunajska 9','','Ljubljana','1000','','Slovenija',6,'Plačilo po povzetju','','','','','2012-12-20 05:42:51','2012-12-17 16:40:36',3,NULL,'EUR',1.000000),(230,252,'Rok Pečar','','Studeno 90','','Postojna','6230','','Slovenija','0038641773226','rok.pecar@gmail.com',6,'Rok Pečar','','Studeno 90','','Postojna','6230','','Slovenija',6,'Rok Pečar','','Studeno 90','','Postojna','6230','','Slovenija',6,'Plačilo po povzetju','','','','','2012-12-20 05:42:07','2012-12-18 17:20:44',3,NULL,'EUR',1.000000),(231,253,'Marko Tominec','','Idrijski Log3','','Črni Vrh','5274','','Slovenija','041552756','marko.tominec@gmail.com',6,'Milan Leskovec','','Idrijski Log 3','','Črni Vrh','5274','','Slovenija',6,'Milan Leskovec','','Idrijski Log 3','','Črni Vrh','5274','','Slovenija',6,'Plačilo po povzetju','','','','','2013-01-08 13:51:41','2012-12-24 12:00:30',3,NULL,'EUR',1.000000),(232,250,'Zdenka Mori','','Kot pri Prevaljah 24','','Prevalje','2391','','Slovenija','028233360','aleksandra_stornik@hotmail.com',6,'Zdenka Mori','','Kot pri Prevaljah 24','','Prevalje','2391','','Slovenija',6,'Zdenka Mori','','Kot pri Prevaljah 24','','Prevalje','2391','','Slovenija',6,'Plačilo po povzetju','','','','','2013-01-01 16:12:46','2012-12-29 09:55:27',3,NULL,'EUR',1.000000),(233,254,'janez sternad','','zgornje gorče 4','','braslovče','3314','','Slovenija','38641708268','sternad.janez@gmail.com',6,'janez sternad','','zgornje gorče 4','','braslovče','3314','','Slovenija',6,'janez sternad','','zgornje gorče 4','','braslovče','3314','','Slovenija',6,'Plačilo po povzetju','','','','','2013-01-10 10:55:11','2013-01-02 20:16:08',3,NULL,'EUR',1.000000),(234,255,'SUZANA KOTNIK','','KOVAŠKA 1','','MUTA','2366','','Slovenija','070708642','suzanak777@gmail.com',6,'SUZANA KOTNIK','','KOVAŠKA 1','','MUTA','2366','','Slovenija',6,'SUZANA KOTNIK','','KOVAŠKA 1','','MUTA','2366','','Slovenija',6,'Plačilo po povzetju','','','','','2013-01-15 10:56:29','2013-01-10 07:13:06',3,NULL,'EUR',1.000000),(235,179,'Denis Stojčič','','Čečovje 41c','','Ravne na Koroškem','2390','','Slovenija','041 321 633','denis.stojcic@gmail.com',6,'Denis Stojčič','','Čečovje 41c','','Ravne na Koroškem','2390','','Slovenija',6,'Denis Stojčič','','Čečovje 41c','','Ravne na Koroškem','2390','','Slovenija',6,'Plačilo po povzetju','','','','','2013-01-17 17:04:48','2013-01-12 13:28:24',3,NULL,'EUR',1.000000),(236,256,'Ivo Kvapil','','Krakovská 19','','Praha','11000','','Czech Republic','+420603179425','xik@seznam.cz',1,'Ivo Kvapil','','Krakovská 19','','Praha','11000','','Czech Republic',1,'Ivo Kvapil','','Krakovská 19','','Praha','11000','','Czech Republic',1,'Plačilo po povzetju','','','','','2013-02-01 10:28:11','2013-01-17 02:10:53',3,NULL,'EUR',1.000000),(237,235,'Laura Ajster','','Nova vas pri Mokricah 24','','Jesenice na Dolenjskem','8261','','Slovenija','040-819-401','laura.ajster@gmail.com',6,'Laura Ajster','','Slovenska vas 44','','Jesenice na Dolenjskem','8261','','Slovenija',6,'Laura Ajster','','Slovenska vas 44','','Jesenice na Dolenjskem','8261','','Slovenija',6,'Plačilo po povzetju','','','','','2013-01-22 06:52:50','2013-01-18 11:44:08',3,NULL,'EUR',1.000000),(238,257,'Marijo Mlakar','','Most na Soči 52','','Most na Soči','5216','','Slovenija','041671886','marijo.mlakar@siol.net',6,'Marijo Mlakar','','Most na Soči 52','','Most na Soči','5216','','Slovenija',6,'Marijo Mlakar','','Most na Soči 52','','Most na Soči','5216','','Slovenija',6,'Plačilo po povzetju','','','','','2013-01-23 11:21:53','2013-01-19 17:54:05',3,NULL,'EUR',1.000000),(239,117,'Stanislav Segalla','','Trg Svobode 24','','Kanal','5213','','Slovenija','053051674','stanislav_segalla@t-2.net',6,'Stanislav Segalla','','Trg Svobode 24','','Kanal','5213','','Slovenija',6,'Stanislav Segalla','','Trg Svobode 24','','Kanal','5213','','Slovenija',6,'Plačilo po povzetju','','','','','2013-02-13 09:53:35','2013-02-09 19:45:45',3,NULL,'EUR',1.000000),(240,258,'Jernej Kac','','ogljensak 34b','','zgornja polskava','2314','','Slovenija','041482961','nejc.kac@gmail.com',6,'Jernej Kac','','ogljensak 34b','','zgornja polskava','2314','','Slovenija',6,'Jernej Kac','','ogljensak 34b','','zgornja polskava','2314','','Slovenija',6,'Plačilo po povzetju','','','','','2013-02-15 06:29:42','2013-02-12 18:37:42',3,NULL,'EUR',1.000000),(241,247,'Ana Petelin Grubišić','','Cesta na Lenivec 18','','Sežana','6210','','Slovenija','057345279','ana.pegr@gmail.com',6,'Ana Petelin Grubišić','','Cesta na Lenivec 18','','Sežana','6210','','Slovenija',6,'Ana Petelin Grubišić','','Cesta na Lenivec 18','','Sežana','6210','','Slovenija',6,'Plačilo po povzetju','','','','','2013-02-18 15:30:31','2013-02-14 22:20:27',3,NULL,'EUR',1.000000),(242,259,'biserka rabrenovič','','šuštarjeva kol.26a','','trbovlje','1420','','Slovenija','031634649','biserka302@gmail.com',6,'biserka rabrenovič','','šuštarjeva kol.26a','','trbovlje','1420','','Slovenija',6,'biserka rabrenovič','','šuštarjeva kol.26a','','trbovlje','1420','','Slovenija',6,'Plačilo po povzetju','','','','','2013-03-08 17:03:52','2013-02-19 23:24:53',3,NULL,'EUR',1.000000),(243,262,'Teja Krasovev','','Rusjanov trg 4','','Ljubljana','1000','','Slovenija','051650817','teja.krasovec@lineasnella.si',6,'Teja Krasovev','','Rusjanov trg 4','','Ljubljana','1000','','Slovenija',6,'Teja Krasovev','','Rusjanov trg 4','','Ljubljana','1000','','Slovenija',6,'Plačilo po povzetju','','','','','2013-03-20 05:57:29','2013-03-01 20:57:48',3,NULL,'EUR',1.000000),(244,263,'Matjaž Bergant','','Zg.Luša 21','','Selca','4227','','Slovenija','041493624','matjaz@bergant.net',6,'Matjaž Bergant','','Zg.Luša 21','','Selca','4227','','Slovenija',6,'Matjaž Bergant','','Zg.Luša 21','','Selca','4227','','Slovenija',6,'Plačilo po povzetju','','','','','2013-03-07 10:00:50','2013-03-03 22:55:02',3,NULL,'EUR',1.000000),(245,265,'monika vrabec','','Sipkova ulica 8','','kamnik','1241','','Slovenija','031 364 708','vrabec.monika@gmail.com',6,'monika vrabec','','Sipkova ulica 8','','kamnik','1241','','Slovenija',6,'monika vrabec','','Sipkova ulica 8','','kamnik','1241','','Slovenija',6,'Plačilo po povzetju','','','','','2013-03-13 11:24:15','2013-03-11 13:48:01',3,NULL,'EUR',1.000000),(246,267,'Peter Berlec','','Podhruška 6','','Kamnik','1241','','Slovenija','041310172','peter.berlec@siol.net',6,'Peter Berlec','','Podhruška 6','','Kamnik','1241','','Slovenija',6,'Peter Berlec','','Podhruška 6','','Kamnik','1241','','Slovenija',6,'Plačilo po povzetju','','','','','2013-04-05 07:03:50','2013-04-02 11:17:16',3,NULL,'EUR',1.000000),(253,271,'Marko Vajdič','','Tezenska 49','','Miklavž na Dravskem polju','2204','','Slovenija','051 312 120','Marko.vajdic@telemach.net',6,'Marko Vajdič','','Tezenska 49','','Miklavž na Dravskem polju','2204','','Slovenija',6,'Marko Vajdič','','Tezenska 49','','Miklavž na Dravskem polju','2204','','Slovenija',6,'Plačilo po povzetju','','','','','2013-04-25 16:41:31','2013-04-21 20:40:45',3,NULL,'EUR',1.000000),(248,269,'Katarina Košmelj','','jensenova 4','','ljubljana','1000','','Slovenija','040245987','katarina.kosmelj@bf.uni-lj.si',6,'Katarina Košmelj','','jensenova 4','','ljubljana','1000','','Slovenija',6,'Katarina Košmelj','','jensenova 4','','ljubljana','1000','','Slovenija',6,'Plačilo po povzetju','','','','','2013-04-12 10:55:57','2013-04-09 15:38:09',3,NULL,'EUR',1.000000),(249,32,'Alen Tokmadžič','','Vransko 122b','','Vransko','3305','','Slovenija','040697603','alen.tokmadzic@siol.net',6,'Alen Tokmadžič','','Vransko 122b','','Vransko','3305','','Slovenija',6,'Alen Tokmadžič','','Vransko 122b','','Vransko','3305','','Slovenija',6,'Plačilo po povzetju','','','','','2013-04-15 12:11:05','2013-04-10 14:03:44',3,NULL,'EUR',1.000000),(252,32,'Alen Tokmadžič','','Vransko 122b','','Vransko','3305','','Slovenija','040697603','alen.tokmadzic@siol.net',6,'Alen Tokmadžič','','Vransko 122b','','Vransko','3305','','Slovenija',6,'Alen Tokmadžič','','Vransko 122b','','Vransko','3305','','Slovenija',6,'Plačilo po povzetju','','','','','2013-04-24 12:17:53','2013-04-20 14:34:02',3,NULL,'EUR',1.000000),(251,270,'Tadeja Šteharnik','','Černigojeva 12','','Ljubljana','1000','','Slovenija','031 312 856','tadeja.steharnik@petrol.si',6,'Tadeja Šteharnik','','Černigojeva 12','','Ljubljana','1000','','Slovenija',6,'Tadeja Šteharnik','','Černigojeva 12','','Ljubljana','1000','','Slovenija',6,'Plačilo po povzetju','','','','','2013-04-19 13:02:55','2013-04-16 09:28:52',3,NULL,'EUR',1.000000),(254,272,'Igor Jurančič','','Rašica 5d','','Ljubljana Šmartno','1211','','Slovenija','041692197','Jur@siol.net',6,'Igor Jurančič','','Rašica 5d','','Ljubljana Šmartno','1211','','Slovenija',6,'Igor Jurančič','','Rašica 5d','','Ljubljana Šmartno','1211','','Slovenija',6,'Plačilo po povzetju','','','','','2013-05-06 10:44:15','2013-04-28 17:11:57',3,NULL,'EUR',1.000000),(255,274,'Igor Železen','','Gorička ulica 30 Černelavci','','Murska Sobota','9000','','Slovenija','02/5391200','stefan.zelezen@telemach.net',6,'Igor Železen','','Gorička ulica 30 Černelavci','','Murska Sobota','9000','','Slovenija',6,'Igor Železen','','Gorička ulica 30 Černelavci','','Murska Sobota','9000','','Slovenija',6,'Plačilo po povzetju','','','','','2013-05-03 12:24:54','2013-04-29 12:27:40',3,NULL,'EUR',1.000000),(256,275,'Tjaša Meden','','Notranjska cesta 40','','Cerknica','1380','','Slovenija','051335064','Nedostopna@gmail.com',6,'Tjaša Meden','','Notranjska cesta 40','','Cerknica','1380','','Slovenija',6,'Tjaša Meden','','Notranjska cesta 40','','Cerknica','1380','','Slovenija',6,'Plačilo po povzetju','','','','','2013-05-08 16:34:05','2013-05-06 14:57:51',3,NULL,'EUR',1.000000),(257,32,'Alen Tokmadžić','','Vransko 122b','','Vransko','3305','','Slovenija','070443625','alen.tokmadzic@t-1.si',6,'Alen Tokmadžić','','Vransko 122b','','Vransko','3305','','Slovenija',6,'Alen Tokmadžić','','Vransko 122b','','Vransko','3305','','Slovenija',6,'Plačilo po povzetju','','','','','2013-05-31 16:20:05','2013-05-28 16:09:05',3,NULL,'EUR',1.000000),(258,276,'Mitja Štrukelj','','Kajuhova 3','','Radomlje','1235','','Slovenija','041 706 132','helena.strukelj@gmail.com',6,'Mitja Štrukelj','','Kajuhova 3','','Radomlje','1235','','Slovenija',6,'Mitja Štrukelj','','Kajuhova 3','','Radomlje','1235','','Slovenija',6,'Plačilo po povzetju','','','','','2013-06-13 11:18:02','2013-06-06 19:09:49',3,NULL,'EUR',1.000000),(259,277,'Nina Drašler','','Litostrojska 10','','Ljubljana','1000','','Slovenija','031 807 568','nina.drasler@gmail.com',6,'Nina Drašler','','Litostrojska 10','','Ljubljana','1000','','Slovenija',6,'Nina Drašler','','Litostrojska 10','','Ljubljana','1000','','Slovenija',6,'Plačilo po povzetju','','','','','2013-06-14 13:46:06','2013-06-07 15:29:57',3,NULL,'EUR',1.000000),(260,222,'Irena Uranjek','','Stara cesta 47','','Hoče','2311','','Slovenija','041695203','irena@rogacplus.si',6,'Irena Uranjek','','Stara cesta 47','','Hoče','2311','','Slovenija',6,'Irena Uranjek','','Stara cesta 47','','Hoče','2311','','Slovenija',6,'Plačilo po povzetju','','','','','2013-06-19 05:42:22','2013-06-17 08:26:31',3,NULL,'EUR',1.000000),(261,278,'Zdravka Jelar','','Zadraga 4','','DUPLJE','4203','','Slovenija','040/128 118','zdravka.mobyact@gmail.com',6,'Zdravka Jelar','','Zadraga 4','','DUPLJE','4203','','Slovenija',6,'Zdravka Jelar','','Zadraga 4','','DUPLJE','4203','','Slovenija',6,'Plačilo po povzetju','','','','','2013-07-10 08:49:48','2013-07-08 10:57:29',3,NULL,'EUR',1.000000),(262,32,'Alen Tokmadžić','','Vransko 122b','','Vransko','3305','','Slovenija','070443625','alen.tokmadzic@t-1.si',6,'Alen Tokmadžić','','Vransko 122b','','Vransko','3305','','Slovenija',6,'Alen Tokmadžić','','Vransko 122b','','Vransko','3305','','Slovenija',6,'Plačilo po povzetju','','','','','2013-07-25 07:19:01','2013-07-22 15:30:01',3,NULL,'EUR',1.000000),(263,279,'Tanja Selan','','Dobrunjska cesta 40','','Ljubljana','1261','','Slovenija','040453374','tanja.selan@gmail.com',6,'Tanja Selan','','Dobrunjska cesta 40','','Ljubljana','1261','','Slovenija',6,'Tanja Selan','','Dobrunjska cesta 40','','Ljubljana','1261','','Slovenija',6,'Plačilo po povzetju','','','','','2013-08-21 14:25:09','2013-08-17 10:51:19',3,NULL,'EUR',1.000000),(264,280,'andrej potočnik','','polzela 86','','polzela','3313','','Slovenija','041-686-133','andre.polzela@gmail.com',6,'andrej potočnik','','polzela 86','','polzela','3313','','Slovenija',6,'andrej potočnik','','polzela 86','','polzela','3313','','Slovenija',6,'Plačilo po povzetju','','','','','2013-08-24 05:50:10','2013-08-20 14:30:51',3,NULL,'EUR',1.000000),(265,281,'ANA LAURA Rednak','','FLORJAN 37','','ŠOŠTANJ','3325','','Slovenija','041737886','laura.rednak@siol.net',6,'ANA LAURA Rednak','','FLORJAN 37','','ŠOŠTANJ','3325','','Slovenija',6,'ANA LAURA Rednak','','FLORJAN 37','','ŠOŠTANJ','3325','','Slovenija',6,'Plačilo po povzetju','','','','','2013-09-02 14:03:42','2013-08-24 22:04:25',3,NULL,'EUR',1.000000),(266,283,'BARBARA KOGEJ','','Ulica Sv. Barbare 3','','IDRIJA','5280','','Slovenija','041585055','barbara.kogej@gmail.com',6,'BARBARA KOGEJ','','Ulica Sv. Barbare 3','','IDRIJA','5280','','Slovenija',6,'BARBARA KOGEJ','','Ulica Sv. Barbare 3','','IDRIJA','5280','','Slovenija',6,'Plačilo po povzetju','','','','','2013-09-10 11:34:29','2013-09-05 14:41:42',3,NULL,'EUR',1.000000),(267,284,'Romana Jeršič','TE Brestanica','CPB 18','','Brestanica','8280','','Slovenija','031633481','romana.jersic@gmail.com',6,'Romana Jeršič','TE Brestanica','CPB 18','','Brestanica','8280','','Slovenija',6,'Romana Jeršič','TE Brestanica','CPB 18','','Brestanica','8280','','Slovenija',6,'Plačilo po povzetju','','','','','2013-09-18 09:15:31','2013-09-16 11:34:57',3,NULL,'EUR',1.000000),(268,181,'Anton Kolar','','Gubčeva 5','','Kranj','4000','','Slovenija','041 977 983','kolar_anton@t-2.net',6,'Anton Kolar','','Gubčeva 5','','Kranj','4000','','Slovenija',6,'Anton Kolar','','Gubčeva 5','','Kranj','4000','','Slovenija',6,'Plačilo po povzetju','','','','','2013-09-18 11:38:19','2013-09-16 13:57:21',3,NULL,'EUR',1.000000),(269,32,'Alen Tokmadžić','','Vransko 122b','','Vransko','3305','','Slovenija','070443625','alen.tokmadzic@t-1.si',6,'Alen Tokmadžić','','Vransko 122b','','Vransko','3305','','Slovenija',6,'Alen Tokmadžić','','Vransko 122b','','Vransko','3305','','Slovenija',6,'Plačilo po povzetju','','','','','2013-09-25 06:27:17','2013-09-20 19:43:44',3,NULL,'EUR',1.000000),(270,285,'valentina slanšek','','Pintarjeva cesta 28','','Zagorje ob Savi','1410','','Slovenija','o41 263 029','valentina.slansek@siol.net',6,'valentina slanšek','','Pintarjeva cesta 28','','Zagorje ob Savi','1410','','Slovenija',6,'valentina slanšek','','Pintarjeva cesta 28','','Zagorje ob Savi','1410','','Slovenija',6,'Plačilo po povzetju','','','','','2013-10-03 09:48:01','2013-09-28 19:24:33',3,NULL,'EUR',1.000000),(271,287,'Valentina Kočevar','','Kidričeva 9','','Sežana','6210','','Slovenija','041573204','krashevka@gmail.com',6,'Valentina Kočevar','','Kidričeva 9','','Sežana','6210','','Slovenija',6,'Valentina Kočevar','','Kidričeva 9','','Sežana','6210','','Slovenija',6,'Plačilo po povzetju','','','','','2013-10-07 12:19:09','2013-10-02 16:58:43',3,NULL,'EUR',1.000000),(272,288,'mojca noc','','celovska 336','','ljubljana','1210','','Slovenija','041342787','mojcanr@gmail.com',6,'Zvonimira Noč','','Tomšičeva 58','','Jesenice','4270','','Slovenija',6,'mojca noc','','celovska 336','','ljubljana','1210','','Slovenija',6,'Plačilo po povzetju','','','','','2013-10-09 05:42:04','2013-10-06 13:12:36',3,NULL,'EUR',1.000000),(273,32,'Alen Tokmadžić','','Vransko 122b','','Vransko','3305','','Slovenija','070443625','alen.tokmadzic@t-1.si',6,'Alen Tokmadžić','','Vransko 122b','','Vransko','3305','','Slovenija',6,'Alen Tokmadžić','','Vransko 122b','','Vransko','3305','','Slovenija',6,'Plačilo po povzetju','','','','','2013-10-28 12:16:51','2013-10-23 06:58:26',3,NULL,'EUR',1.000000),(274,292,'Klavdija Krznaric','','Delavska ulica 19','','Mojstrana','4281','','Slovenija','031716627','klavdija977@gmail.com',6,'Klavdija Krznaric','','Delavska ulica 19','','Mojstrana','4281','','Slovenija',6,'Klavdija Krznaric','','Delavska ulica 19','','Mojstrana','4281','','Slovenija',6,'Plačilo po povzetju','','','','','2013-11-11 10:55:59','2013-11-07 08:52:53',3,NULL,'EUR',1.000000),(275,293,'Tatjana Iglič','','Mahovnik 60a','','Kočevje','1330','','Slovenija','041315472','tatjana@jaka-i.si',6,'Tatjana Iglič','','Mahovnik 60a','','Kočevje','1330','','Slovenija',6,'Tatjana Iglič','','Mahovnik 60a','','Kočevje','1330','','Slovenija',6,'Plačilo po povzetju','','','','','2013-11-11 10:55:41','2013-11-07 12:47:08',3,NULL,'EUR',1.000000),(276,294,'Andrej Opara','','Homec II. ulica 8','','Radomlje','1235','','Slovenija','031-286-400','aopara@gmail.com',6,'Andrej Opara','','Homec II. ulica 8','','Radomlje','1235','','Slovenija',6,'Andrej Opara','','Homec II. ulica 8','','Radomlje','1235','','Slovenija',6,'Plačilo po povzetju','','','','','2013-11-13 11:55:58','2013-11-08 09:43:40',3,NULL,'EUR',1.000000),(277,297,'slavko marcen','','kovk 21','','dol pri hrastniku','1431','','Slovenija','040573397','slazec.m@gmail.com',6,'slavko marcen','','kovk 21','','dol pri hrastniku','1431','','Slovenija',6,'slavko marcen','','kovk 21','','dol pri hrastniku','1431','','Slovenija',6,'Plačilo po povzetju','','','','','2013-11-13 11:55:23','2013-11-09 13:00:50',3,NULL,'EUR',1.000000),(278,298,'Lojze Rejc','','Vojskarska 23/b','','Idrija','5280','','Slovenija','+386 41 707 787','lojze.rejc@rafis.si',6,'Lojze Rejc','','Vojskarska 23/b','','Idrija','5280','','Slovenija',6,'Lojze Rejc','','Vojskarska 23/b','','Idrija','5280','','Slovenija',6,'Plačilo po povzetju','','','','','2013-11-15 18:20:10','2013-11-13 15:31:25',3,NULL,'EUR',1.000000),(279,301,'blaž babnik','','pavšičeva 41','','ljubljana','1000','','Slovenija','041-503-067','blaz.babnik@t-2.net',6,'blaž babnik','','pavšičeva 41','','ljubljana','1000','','Slovenija',6,'blaž babnik','','pavšičeva 41','','ljubljana','1000','','Slovenija',6,'Plačilo po povzetju','','','','','2013-11-20 09:03:08','2013-11-16 16:07:31',3,NULL,'EUR',1.000000),(280,302,'Dora Rudof','','Kamniška c. 12,Sr.Jarše','','Domžale','1230','','Slovenija','031/595-304','dora.rudof@telemach.net',6,'Dora Rudof','','Kamniška c. 12,Sr.Jarše','','Domžale','1230','','Slovenija',6,'Dora Rudof','','Kamniška c. 12,Sr.Jarše','','Domžale','1230','','Slovenija',6,'Plačilo po povzetju','','','','','2013-12-02 14:28:05','2013-11-26 12:56:54',3,NULL,'EUR',1.000000),(281,117,'Stanislav Segalla','','Trg Svobode 24','','Kanal','5213','','Slovenija','053051674','stanislav_segalla@t-2.net',6,'Stanislav Segalla','','Trg Svobode 24','','Kanal','5213','','Slovenija',6,'Stanislav Segalla','','Trg Svobode 24','','Kanal','5213','','Slovenija',6,'Plačilo po povzetju','','','','','2013-12-04 13:15:21','2013-12-01 12:17:29',3,NULL,'EUR',1.000000),(282,303,'Milovan Jelčić','','Milovan Jelčić','','Novi Sad','21000','','Yugoslavia','+38163500023','jelcic.milovan@gmail.com',1,'Milovan Jelčić','','Pavla Simića 3','','Novi Sad','21000','','Yugoslavia',1,'Milovan Jelčić','','Pavla Simića 3','','Novi Sad','21000','','Yugoslavia',1,'Plačilo po povzetju','','','','',NULL,'2013-12-01 18:21:49',1,NULL,'EUR',1.000000),(283,304,'Miha Ban','Miha Ban d.o.o.','Pod Trsko goro 10','','Novo mesto','8000','','Slovenija','041445595','mihaban@mejnik.si',6,'Miha Ban','Miha Ban d.o.o.','Pod Trsko goro 10','','Novo mesto','8000','','Slovenija',6,'Miha Ban','Miha Ban d.o.o.','Pod Trsko goro 10','','Novo mesto','8000','','Slovenija',6,'Plačilo po povzetju','','','','','2013-12-03 16:09:43','2013-12-01 21:46:31',3,NULL,'EUR',1.000000),(284,306,'Mateja Fošnarič','','Trg revolucije 9','','Maribor','2000','','Slovenija','031 865 259','mateja.fosnaric@gmail.com',6,'Mateja Fošnarič','','Trg revolucije 9','','Maribor','2000','','Slovenija',6,'Mateja Fošnarič','','Trg revolucije 9','','Maribor','2000','','Slovenija',6,'Plačilo po povzetju','','','','','2013-12-11 08:09:54','2013-12-05 23:32:47',3,NULL,'EUR',1.000000),(285,307,'Maja Bohte','','Smrečnikova 8','','Novo mesto','8000','','Slovenija','040996237','majavagaboo@yahoo.com',6,'Maja Bohte','','Smrečnikova 8','','Novo mesto','8000','','Slovenija',6,'Maja Bohte','','Smrečnikova 8','','Novo mesto','8000','','Slovenija',6,'Plačilo po povzetju','','','','','2013-12-11 15:37:38','2013-12-08 21:12:01',3,NULL,'EUR',1.000000),(286,222,'Irena Uranjek','','Stara cesta 47','','Hoče','2311','','Slovenija','041695203','irena@rogacplus.si',6,'Irena Uranjek','','Stara cesta 47','','Hoče','2311','','Slovenija',6,'Irena Uranjek','','Stara cesta 47','','Hoče','2311','','Slovenija',6,'Plačilo po povzetju','','','','','2013-12-11 15:38:09','2013-12-09 11:16:08',3,NULL,'EUR',1.000000),(287,308,'Nadine Lesjak','ALFA SIG d.o.o.','Štihova ulica 1, p.p. 5702','','Ljubljana','1001','','Slovenija','041 349 709','nadine@alfa-sig.si',6,'Nadine Lesjak','ALFA SIG d.o.o.','Štihova ulica 1, p.p. 5702','','Ljubljana','1001','','Slovenija',6,'Nadine Lesjak','ALFA SIG d.o.o.','Štihova ulica 1, p.p. 5702','','Ljubljana','1001','','Slovenija',6,'Plačilo po povzetju','','','','','2013-12-13 07:16:17','2013-12-10 10:10:40',3,NULL,'EUR',1.000000),(288,309,'Sonja Kaluža','','Rožna 13','','Postojna','6230','','Slovenija','041 638 082','sonja.kaluza@gmail.com',6,'Sonja Kaluža','','Rožna 13','','Postojna','6230','','Slovenija',6,'Sonja Kaluža','','Rožna 13','','Postojna','6230','','Slovenija',6,'Plačilo po povzetju','','','','','2013-12-18 10:31:59','2013-12-11 21:00:37',3,NULL,'EUR',1.000000),(289,310,'JANEZ SLOKAN','Kostra d.o.o.','AŠKERČEVA 15','','CELJE','3000','','Slovenija','041756802','info@kostra.si',6,'JANEZ SLOKAN','Kostra d.o.o.','AŠKERČEVA 15','','CELJE','3000','','Slovenija',6,'JANEZ SLOKAN','Kostra d.o.o.','AŠKERČEVA 15','','CELJE','3000','','Slovenija',6,'Plačilo po povzetju','','','','','2013-12-17 10:19:29','2013-12-13 13:11:56',3,NULL,'EUR',1.000000),(290,311,'Jernej Hiti','','Hrašče 13','','Postojna','6230','','Slovenija','040-653-100','jhiti@amis.net',6,'Jernej Hiti','','Hrašče 13','','Postojna','6230','','Slovenija',6,'Jernej Hiti','','Hrašče 13','','Postojna','6230','','Slovenija',6,'Plačilo po povzetju','','','','','2013-12-18 06:05:59','2013-12-14 23:28:52',3,NULL,'EUR',1.000000),(291,190,'Mojca Dovžan','','Breg 2','','Žirovnica','4274','','Slovenija','041396439','mojca.dovzan@gmail.com',6,'Mojca Dovžan','','Breg 2','','Žirovnica','4274','','Slovenija',6,'Mojca Dovžan','','Breg 2','','Žirovnica','4274','','Slovenija',6,'Plačilo po povzetju','','','','','2013-12-18 11:20:39','2013-12-15 11:46:05',3,NULL,'EUR',1.000000),(292,190,'Mojca Dovžan','','Breg 2','','Žirovnica','4274','','Slovenija','041396439','mojca.dovzan@gmail.com',6,'Mojca Dovžan','','Breg 2','','Žirovnica','4274','','Slovenija',6,'Mojca Dovžan','','Breg 2','','Žirovnica','4274','','Slovenija',6,'Plačilo po povzetju','','','','','2013-12-18 10:31:32','2013-12-15 11:49:38',3,NULL,'EUR',1.000000),(293,190,'Mojca Dovžan','','Breg 2','','Žirovnica','4274','','Slovenija','041396439','mojca.dovzan@gmail.com',6,'Mojca Dovžan','','Breg 2','','Žirovnica','4274','','Slovenija',6,'Mojca Dovžan','','Breg 2','','Žirovnica','4274','','Slovenija',6,'Plačilo po povzetju','','','','','2013-12-23 18:35:33','2013-12-18 18:06:33',3,NULL,'EUR',1.000000),(294,312,'Romana Vojska','','cerkljanski vrh 4','','cerkno','5282','','Slovenija','031796688','vojska.romana@gmail.com',6,'Romana Vojska','','cerkljanski vrh 4','','cerkno','5282','','Slovenija',6,'Romana Vojska','','cerkljanski vrh 4','','cerkno','5282','','Slovenija',6,'Plačilo po povzetju','','','','','2014-01-01 07:26:31','2013-12-30 15:55:06',3,NULL,'EUR',1.000000),(295,313,'Barbara Trošt','','Vilharjeva ulica 25.b','','Ajdovščina','5270','','Slovenija','041551694','barbara.trost@gmail.com',6,'Barbara Trošt','','Vilharjeva ulica 25.b','','Ajdovščina','5270','','Slovenija',6,'Barbara Trošt','','Vilharjeva ulica 25.b','','Ajdovščina','5270','','Slovenija',6,'Plačilo po povzetju','','','','','2014-01-14 06:24:23','2014-01-08 13:02:44',3,NULL,'EUR',1.000000),(296,314,'ROBERT ROBIČ','','ZG RUTE 96','','GOZD MARTULJEK','4282','','Slovenija','041735186','robert.robic@telemach.net',6,'ROBERT ROBIČ','','ZG RUTE 96','','GOZD MARTULJEK','4282','','Slovenija',6,'ROBERT ROBIČ','','ZG RUTE 96','','GOZD MARTULJEK','4282','','Slovenija',6,'Plačilo po povzetju','','','','','2014-01-16 06:35:10','2014-01-13 12:50:11',3,NULL,'EUR',1.000000),(297,315,'Tina Palma','','Kebetova 14','','Kamnik','1241','','Slovenija','051325947','Jerastina@gmail.com',6,'Tina Palma','','Kebetova 14','','Kamnik','1241','','Slovenija',6,'Tina Palma','','Kebetova 14','','Kamnik','1241','','Slovenija',6,'Plačilo po povzetju','','','','','2014-01-17 12:58:43','2014-01-14 12:46:58',3,NULL,'EUR',1.000000),(298,316,'karolina kornelija logar','','gornja ulica 25, kapca','','lendava','9220','','Slovenija','041658293','nellylogar@gmail.com',6,'karolina kornelija logar','','gornja ulica 25, kapca','','lendava','9220','','Slovenija',6,'karolina kornelija logar','','gornja ulica 25, kapca','','lendava','9220','','Slovenija',6,'Plačilo po povzetju','','','','','2014-01-21 11:03:01','2014-01-17 09:30:42',3,NULL,'EUR',1.000000),(299,317,'dime rangelov','','jerihova 28','','velenje','3320','','Slovenija','035874811','dime.rangelov@askorus.ru',6,'dime rangelov','','jerihova 28','','velenje','3320','','Slovenija',6,'dime rangelov','','jerihova 28','','velenje','3320','','Slovenija',6,'Plačilo po povzetju','','','','','2014-01-23 16:34:25','2014-01-18 23:03:23',3,NULL,'EUR',1.000000),(300,117,'Stanislav Segalla','','Trg Svobode 24','','Kanal','5213','','Slovenija','053051674','stanislav_segalla@t-2.net',6,'Stanislav Segalla','','Trg Svobode 24','','Kanal','5213','','Slovenija',6,'Stanislav Segalla','','Trg Svobode 24','','Kanal','5213','','Slovenija',6,'Plačilo po povzetju','','','','','2014-02-05 13:11:38','2014-01-31 21:17:23',3,NULL,'EUR',1.000000),(301,318,'Boris Srndovic','bb','dumherrevägen 12B','','Norrtälje','76161','','Sweden','0046706553112','borjasan@telia.com',1,'Boris Srndovic','bb','dumherrevägen 12B','','Norrtälje','76161','','Sweden',1,'Boris Srndovic','','Dumherrevägen 12B','','Norrtälje','76161','','Sweden',1,'Plačilo po povzetju','','','','',NULL,'2014-02-05 15:18:14',1,NULL,'EUR',1.000000),(302,319,'LEA PERŠIČ','','ROŽNIK 8A','','ANKARAN','6280','','Slovenija','041449200','lea.persic@gmail.com',6,'LEA PERŠIČ','','ROŽNIK 8A','','ANKARAN','6280','','Slovenija',6,'LEA PERŠIČ','','ROŽNIK 8A','','ANKARAN','6280','','Slovenija',6,'Plačilo po povzetju','','','','','2014-02-13 13:40:08','2014-02-10 11:37:59',3,NULL,'EUR',1.000000),(303,320,'Polona Žganjar','','Malo Trebeljevo 7','','Lj-Zalog','1129','','Slovenija','031820677','polona.zganjar@gmail.com',6,'Polona Žganjar','','Malo Trebeljevo 7','','Lj-Zalog','1129','','Slovenija',6,'Polona Žganjar','','Malo Trebeljevo 7','','Lj-Zalog','1129','','Slovenija',6,'Plačilo po povzetju','','','','','2014-02-13 13:40:26','2014-02-10 13:23:09',3,NULL,'EUR',1.000000),(304,321,'Bostjan Hazabent','','Heroja Bracica 12','','Maribor','2000','','Slovenija','040 749331','hazo9@yahoo.com',6,'Bostjan Hazabent','','Heroja Bracica 12','','Maribor','2000','','Slovenija',6,'Bostjan Hazabent','','Heroja Bracica 12','','Maribor','2000','','Slovenija',6,'Plačilo po povzetju','','','','','2014-02-17 10:32:51','2014-02-11 21:17:01',3,NULL,'EUR',1.000000),(305,292,'Klavdija Krznaric','','Delavska ulica 19','','Mojstrana','4281','','Slovenija','031716627','klavdija977@gmail.com',6,'Klavdija Krznaric','','Delavska ulica 19','','Mojstrana','4281','','Slovenija',6,'Klavdija Krznaric','','Delavska ulica 19','','Mojstrana','4281','','Slovenija',6,'Plačilo po povzetju','','','','','2014-04-01 17:54:46','2014-03-17 19:09:57',3,NULL,'EUR',1.000000),(306,323,'Sabahat Krasniči','Inštitut za transmedijski dizajn','Borovnjakova ulica 6','','Murska Sobota','9000','','Slovenija','051 399 795','sabi.krasnici@gmail.com',6,'Sabahat Krasniči','Inštitut za transmedijski dizajn','Hradeckega cesta 49','','Ljubljana','1000','','Slovenija',6,'Sabahat Krasniči','Inštitut za transmedijski dizajn','Borovnjakova ulica 6','','Murska Sobota','9000','','Slovenija',6,'Plačilo po povzetju','','','','','2014-04-17 18:30:43','2014-03-20 11:15:29',3,NULL,'EUR',1.000000),(307,321,'Bostjan Hazabent','','Heroja Bracica 12','','Maribor','2000','','Slovenija','040 749331','hazo9@yahoo.com',6,'Marija Straus','','Gunceljska 25','','Ljubljana','1000','','Slovenija',6,'Bostjan Hazabent','','Heroja Bracica 12','','Maribor','2000','','Slovenija',6,'Plačilo po povzetju','','','','','2014-04-08 18:44:48','2014-04-04 20:34:33',3,NULL,'EUR',1.000000),(308,326,'Otmar Potrč','','Košenice 96a','','Novo mesto','8000','','Slovenija','041 961-527','potrc.otmar@gmail.com',6,'Otmar Potrč','','Košenice 96a','','Novo mesto','8000','','Slovenija',6,'Otmar Potrč','','Košenice 96a','','Novo mesto','8000','','Slovenija',6,'Plačilo po povzetju','','','','','2014-04-25 06:29:32','2014-04-21 12:43:39',3,NULL,'EUR',1.000000),(309,327,'irena črep','','Badovinčeva 4','','Laško','3270','','Slovenija','035730446','irena.crep@siol.net',6,'irena črep','','Badovinčeva 4','','Laško','3270','','Slovenija',6,'irena črep','','Badovinčeva 4','','Laško','3270','','Slovenija',6,'Plačilo po povzetju','','','','','2014-05-01 08:07:18','2014-04-27 13:33:28',3,NULL,'EUR',1.000000),(311,46,'Benjamin Črešnik','','Meža 118','','Dravograd','2370','','Slovenija','386028783888','benjamin.cresnik@kanet.si',6,'Benjamin Črešnik','','Meža 118','','Dravograd','2370','','Slovenija',6,'Benjamin Črešnik','','Meža 118','','Dravograd','2370','','Slovenija',6,'Plačilo po povzetju','','','','','2014-06-24 06:47:28','2014-06-17 12:21:35',3,NULL,'EUR',1.000000),(312,32,'Alen Tokmadžić','','Vransko 122b','','Vransko','3305','','Slovenija','070443625','alen.tokmadzic@t-1.si',6,'Alen Tokmadžić','','Vransko 122b','','Vransko','3305','','Slovenija',6,'Alen Tokmadžić','','Vransko 122b','','Vransko','3305','','Slovenija',6,'Plačilo po povzetju','','','','','2014-07-07 10:26:12','2014-07-03 08:42:30',3,NULL,'EUR',1.000000),(313,321,'Bostjan Hazabent','','Heroja Bracica 12','','Maribor','2000','','Slovenija','040 749331','hazo9@yahoo.com',6,'Marija Straus','','Gunceljska 25','','Ljubljana','1000','','Slovenija',6,'Marija Straus','','Gunceljska 25','','Ljubljana','1000','','Slovenija',6,'Plačilo po povzetju','','','','','2014-07-16 16:18:04','2014-07-14 10:50:26',3,NULL,'EUR',1.000000),(314,329,'Jožica Pestotnik','','Golice 17','','Laze v Tuhinju','1219','','Slovenija','031407979','jozi.pestotnik@gmail.com',6,'Jožica Pestotnik','','Golice 17','','Laze v Tuhinju','1219','','Slovenija',6,'Jožica Pestotnik','','Golice 17','','Laze v Tuhinju','1219','','Slovenija',6,'Plačilo po povzetju','','','','','2014-07-23 07:14:54','2014-07-18 17:13:29',3,NULL,'EUR',1.000000),(315,46,'Benjamin Črešnik','','Meža 118','','Dravograd','2370','','Slovenija','386028783888','benjamin.cresnik@kanet.si',6,'Benjamin Črešnik','','Meža 118','','Dravograd','2370','','Slovenija',6,'Benjamin Črešnik','','Meža 118','','Dravograd','2370','','Slovenija',6,'Plačilo po povzetju','','','','','2014-07-24 07:32:43','2014-07-20 18:22:51',3,NULL,'EUR',1.000000),(316,332,'Primož Puhar','','Golnik 46A','','Golnik','4204','','Slovenija','051 646 415','primoz.puhar@gmail.com',6,'Primož Puhar','','Golnik 46A','','Golnik','4204','','Slovenija',6,'Primož Puhar','','Golnik 46A','','Golnik','4204','','Slovenija',6,'Plačilo po povzetju','','','','','2014-07-30 17:49:22','2014-07-28 10:44:25',3,NULL,'EUR',1.000000),(317,333,'Simon Kranjc','','Stara Fužina 202','','Bohinjsko jezero','4265','','Slovenija','041/552-278','simon.kranjc@unikro.si',6,'Simon Kranjc','','Stara Fužina 202','','Bohinjsko jezero','4265','','Slovenija',6,'Simon Kranjc','','Stara Fužina 202','','Bohinjsko jezero','4265','','Slovenija',6,'Plačilo po povzetju','','','','','2014-08-13 11:32:06','2014-08-08 09:42:49',3,NULL,'EUR',1.000000),(318,334,'Urban Polajnar','','Tavčarjeva ulica 12a','','Škofja Loka','4220','','Slovenija','031316687','urban.polajnar@gmail.com',6,'Urban Polajnar','','Tavčarjeva ulica 12a','','Škofja Loka','4220','','Slovenija',6,'Urban Polajnar','','Tavčarjeva ulica 12a','','Škofja Loka','4220','','Slovenija',6,'Plačilo po povzetju','','','','','2014-08-13 11:31:48','2014-08-10 21:57:31',3,NULL,'EUR',1.000000),(319,335,'Ana Peternel','','Voljčeva cesta 5','','Vrhnika','1360','','Slovenija','031741301','ancahanca@gmail.com',6,'Ana Peternel','','Voljčeva cesta 5','','Vrhnika','1360','','Slovenija',6,'Ana Peternel','','Voljčeva cesta 5','','Vrhnika','1360','','Slovenija',6,'Plačilo po povzetju','','','','','2014-08-23 11:16:29','2014-08-15 19:08:52',3,NULL,'EUR',1.000000),(320,336,'Suzana Kostanjšek','','Elektrarniška 16','','Brestanica','8280','','Slovenija','041205469','suzana.kostanjsek@gmail.com',6,'Suzana Kostanjšek','','Elektrarniška 16','','Brestanica','8280','','Slovenija',6,'Suzana Kostanjšek','','Elektrarniška 16','','Brestanica','8280','','Slovenija',6,'Plačilo po povzetju','','','','','2014-08-20 10:21:25','2014-08-17 16:56:48',3,NULL,'EUR',1.000000),(321,137,'Marko Drnovšek','','Radvanjska cesta 54','','Maribor','2000','','Slovenija','041/687-627','marko.drn@triera.net',6,'Marko Drnovšek','','Radvanjska cesta 54','','Maribor','2000','','Slovenija',6,'Marko Drnovšek','','Radvanjska cesta 54','','Maribor','2000','','Slovenija',6,'Plačilo po povzetju','','','','','2014-08-27 10:22:51','2014-08-24 23:59:40',3,NULL,'EUR',1.000000),(322,337,'Ksenija Rojht','','pečarovci 35a','','pečarovci','9202','','Slovenija','031205746','ksenija.rojht@gmail.com',6,'Ksenija Rojht','','pečarovci 35a','','mačkovcu','9202','','Slovenija',6,'Ksenija Rojht','','pečarovci 35a','','pečarovci','9202','','Slovenija',6,'Plačilo po povzetju','','','','','2014-09-05 13:36:33','2014-09-02 21:48:05',3,NULL,'EUR',1.000000),(323,338,'anita pavlin','','hrastje 6','','Šentjernej','8310','','Slovenija','030654858','anitka.ppavlin@gmail.com',6,'anita pavlin','','hrastje 6','','Šentjernej','8310','','Slovenija',6,'anita pavlin','','hrastje 6','','Šentjernej','8310','','Slovenija',6,'Plačilo po povzetju','','','','','2014-09-12 10:57:48','2014-09-05 21:57:31',3,NULL,'EUR',1.000000),(324,339,'ziga kosmac','','mengeska c 34b','','trzin','1236','','Slovenija','041774834','zigakosmac@yahoo.com',6,'ziga kosmac','','mengeska c 34b','','trzin','1236','','Slovenija',6,'ziga kosmac','','mengeska c 34b','','trzin','1236','','Slovenija',6,'Plačilo po povzetju','','','','','2014-09-10 06:15:04','2014-09-07 12:39:11',3,NULL,'EUR',1.000000),(325,340,'Klemen Vinazza','','Morsko 51','','Kanal','5213','','Slovenija','040466183','klemen.vinazza@gmail.com',6,'Klemen Vinazza','','Morsko 51','','Kanal','5213','','Slovenija',6,'Klemen Vinazza','','Morsko 51','','Kanal','5213','','Slovenija',6,'Plačilo po povzetju','','','','','2014-09-10 06:14:43','2014-09-07 17:42:55',3,NULL,'EUR',1.000000),(327,342,'borut zavrtanik','','pavšičevo naselje 13, kromberk','','nova gorica','5000','','Slovenija','041248110','borut.zavrtanik@gmail.com',6,'borut zavrtanik','','pavšičevo naselje 13, kromberk','','nova gorica','5000','','Slovenija',6,'borut zavrtanik','','pavšičevo naselje 13, kromberk','','nova gorica','5000','','Slovenija',6,'Plačilo po povzetju','','','','','2014-10-02 06:13:29','2014-09-29 19:00:54',3,NULL,'EUR',1.000000),(328,343,'Jožica Bojanec','','Dol. Sušice 3','','Dolenjske Toplice','8350','','Slovenija','031 220 360','jozica.bojanec@zrss.si',6,'Jožica Bojanec','','Dol. Sušice 3','','Dolenjske Toplice','8350','','Slovenija',6,'Jožica Bojanec','','Dol. Sušice 3','','Dolenjske Toplice','8350','','Slovenija',6,'Plačilo po povzetju','','','','','2014-10-13 12:12:21','2014-09-30 20:47:23',3,NULL,'EUR',1.000000),(329,344,'Marjana Novak','','Kolk 10a','','Zagorje ob Savi','1410','','Slovenija','031425015','piahanao@gmail.com',6,'Marjana Novak','','Kolk 10a','','Zagorje ob Savi','1410','','Slovenija',6,'Marjana Novak','','Kolk 10a','','Zagorje ob Savi','1410','','Slovenija',6,'Plačilo po povzetju','','','','','2014-10-11 08:14:32','2014-10-08 18:47:30',3,NULL,'EUR',1.000000),(330,345,'Damijana Hrabar','','Rozmanova 4c','','Ilirska Bistrica','6250','','Slovenija','041 424 969','damijana.hrabar@knjiznica-ilb.si',6,'Damijana Hrabar','','Rozmanova 4c','','Ilirska Bistrica','6250','','Slovenija',6,'Damijana Hrabar','','Rozmanova 4c','','Ilirska Bistrica','6250','','Slovenija',6,'Plačilo po povzetju','','','','','2014-10-14 10:57:14','2014-10-13 12:29:14',3,NULL,'EUR',1.000000),(331,346,'suzana Zorko','','Log 56','','Boštanj','8294','','Slovenija','051380139','mojchat2014@gmail.com',6,'suzana Zorko','','Log 56','','Boštanj','8294','','Slovenija',6,'suzana Zorko','','Log 56','','Boštanj','8294','','Slovenija',6,'Plačilo po povzetju','','','','','2014-10-23 06:11:51','2014-10-13 21:27:51',3,NULL,'EUR',1.000000),(332,347,'PETRA BERTALANIČ','','ULICA ANE GALETOVE 2B','','GROSUPLJE','1290','','Slovenija','031/812-834','petra.bertalanic@gmail.com',6,'PETRA BERTALANIČ','PIRNAR D.O.O.','Spodnje Gameljne 36','','Ljubljana-Šmartno','1211','','Slovenija',6,'PETRA BERTALANIČ','','ULICA ANE GALETOVE 2B','','GROSUPLJE','1290','','Slovenija',6,'Plačilo po povzetju','','','','','2014-10-16 11:35:24','2014-10-14 15:14:29',3,NULL,'EUR',1.000000),(333,307,'Maja Bohte','','Smrečnikova 8','','Novo mesto','8000','','Slovenija','040996237','majavagaboo@yahoo.com',6,'Maja Bohte','','Smrečnikova 8','','Novo mesto','8000','','Slovenija',6,'Maja Bohte','','Smrečnikova 8','','Novo mesto','8000','','Slovenija',6,'Plačilo po povzetju','','','','','2014-10-18 11:47:01','2014-10-15 18:52:46',3,NULL,'EUR',1.000000),(334,348,'Nikola Pijerov','','II.prekomorske brigade 22a','','Koper','6000','','Slovenija','040897146','tethys09@gmail.com',6,'Nikola Pijerov','','II.prekomorske brigade 22a','','Koper','6000','','Slovenija',6,'Nikola Pijerov','','II.prekomorske brigade 22a','','Koper','6000','','Slovenija',6,'Plačilo po povzetju','','','','','2014-10-20 12:28:38','2014-10-16 12:47:13',3,NULL,'EUR',1.000000),(335,350,'Nina Jerič','','Sinja gorica 34','','Cerknica','1380','','Slovenija','01 7093197','nina.jer@siol.net',6,'Nina Jerič','','Sinja gorica 34','','Cerknica','1380','','Slovenija',6,'Nina Jerič','','Sinja gorica 34','','Cerknica','1380','','Slovenija',6,'Plačilo po povzetju','','','','','2014-10-27 10:46:01','2014-10-18 17:51:16',3,NULL,'EUR',1.000000),(336,351,'URBAN BOŽIČ','','KLANEC 19','','SOLKAN','5250','','Slovenija','041 249 854','urbourbo@gmail.com',6,'URBAN BOŽIČ','','KLANEC 19','','SOLKAN','5250','','Slovenija',6,'URBAN BOŽIČ','','KLANEC 19','','SOLKAN','5250','','Slovenija',6,'Plačilo po povzetju','','','','','2014-10-30 06:28:50','2014-10-26 18:59:01',3,NULL,'EUR',1.000000),(338,353,'srecko sajnovic','///////////////////////////////','dornava 136','','dornava','2252','','Slovenija','0000000000000000000000','srecko.sajnovic@gmail.com',6,'srecko sajnovic','///////////////////////////////','dornava 136','','dornava','2252','','Slovenija',6,'srecko sajnovic','///////////////////////////////','dornava 136','','dornava','2252','','Slovenija',6,'Plačilo po povzetju','','','','','2014-11-08 05:51:28','2014-11-05 15:55:12',3,NULL,'EUR',1.000000),(339,346,'suzana Zorko','','Log 56','','Boštanj','8294','','Slovenija','051380139','mojchat2014@gmail.com',6,'suzana Zorko','','Log 56','','Boštanj','8294','','Slovenija',6,'suzana Zorko','','Log 56','','Boštanj','8294','','Slovenija',6,'Plačilo po povzetju','','','','','2014-11-18 08:19:00','2014-11-12 23:57:57',3,NULL,'EUR',1.000000),(340,354,'Polona Dornik','','Kocljeva ulica 21','','Gornja Radgona','9250','','Slovenija','040887627','pdornik@gmail.com',6,'Polona Dornik','','Kocljeva ulica 21','','Gornja Radgona','9250','','Slovenija',6,'Polona Dornik','','Kocljeva ulica 21','','Gornja Radgona','9250','','Slovenija',6,'Plačilo po povzetju','','','','','2014-11-21 07:23:47','2014-11-13 11:34:34',3,NULL,'EUR',1.000000),(341,346,'suzana Zorko','','Log 56','','Boštanj','8294','','Slovenija','051380139','mojchat2014@gmail.com',6,'suzana Zorko','','Log 56','','Boštanj','8294','','Slovenija',6,'suzana Zorko','','Log 56','','Boštanj','8294','','Slovenija',6,'Plačilo po povzetju','','','','','2014-11-20 12:43:54','2014-11-17 18:10:12',3,NULL,'EUR',1.000000),(342,355,'VESNA COLJA','','ŠEMPAS 40A','','ŠEMPAS','5261','','Slovenija','031350640','vesna.coljaaa@gmail.com',6,'VESNA COLJA','','ŠEMPAS 40A','','ŠEMPAS','5261','','Slovenija',6,'VESNA COLJA','','ŠEMPAS 40A','','ŠEMPAS','5261','','Slovenija',6,'Plačilo po povzetju','','','','','2014-11-24 16:01:26','2014-11-19 19:25:53',3,NULL,'EUR',1.000000),(343,357,'Sonja Berdon','','Ul.Oktobrske rev.10A','','Izola','6310','','Slovenija','031297286','sonja.berdon@gmail.com',6,'Sonja Berdon','','Ul.Oktobrske rev.10A','','Izola','6310','','Slovenija',6,'Sonja Berdon','','Ul.Oktobrske rev.10A','','Izola','6310','','Slovenija',6,'Plačilo po povzetju','','','','','2014-11-27 15:15:23','2014-11-23 09:51:02',3,NULL,'EUR',1.000000),(344,358,'marija marčeta','','RETEČE 46','','ŠKOFJA LOKA','4220','','Slovenija','030-324-616','kljucavnicarstvo.mm@siol.net',6,'marija marčeta','','RETEČE 46','','ŠKOFJA LOKA','4220','','Slovenija',6,'marija marčeta','','RETEČE 46','','ŠKOFJA LOKA','4220','','Slovenija',6,'Plačilo po povzetju','','','','','2014-11-27 15:16:03','2014-11-24 13:13:44',3,NULL,'EUR',1.000000),(345,359,'joze vetrovec','ara zalozba','trubarjeva 53','','ljubljana','1000','','Slovenija','031 708 708','joze@misteriji.si',6,'trubar joze vetrovec','','trubarjeva 53','','ljubljana','1000','','Slovenija',6,'joze vetrovec','ara zalozba','cigaletova 5','','ljubljana','1000','','Slovenija',6,'Plačilo po povzetju','','','','','2014-12-06 11:02:08','2014-12-05 23:51:41',3,NULL,'EUR',1.000000),(346,360,'Sara Martinjak','','Polička vas 11a','','Jarenina','2221','','Slovenija','026401010','felix.kohl@hotmail.de',6,'Sara Martinjak','','Polička vas 11a','','Jarenina','2221','','Slovenija',6,'Sara Martinjak','','Polička vas 11a','','Jarenina','2221','','Slovenija',6,'Plačilo po povzetju','','','','','2014-12-17 12:26:10','2014-12-07 21:23:19',3,NULL,'EUR',1.000000),(347,362,'Polona Pakiž','','Partizanska cesta 12b','','Rakek','1381','','Slovenija','051690091','Polona.pakiz@gmail.com',6,'Polona Pakiž','TTN NADGRADNJE d.o.o.','Podskrajnik 17','','Cerknica','1380','','Slovenija',6,'Polona Pakiž','','Partizanska cesta 12b','','Rakek','1381','','Slovenija',6,'Plačilo po povzetju','','','','','2014-12-15 11:30:48','2014-12-10 16:01:02',3,NULL,'EUR',1.000000),(369,380,'simona martinjak','','predoslje 2c','','kranj','4000','','Slovenija','040 29 35 35','martinjak.simona@gmail.com',6,'simona martinjak','','predoslje 2c','','kranj','4000','','Slovenija',6,'simona martinjak','','predoslje 2c','','kranj','4000','','Slovenija',6,'Plačilo po povzetju','','','','','2015-01-22 06:38:32','2015-01-14 16:41:41',3,NULL,'EUR',1.000000),(349,363,'Jana Preglav','','Spodnji trg 48','','Vuzenica','2367','','Slovenija','031778345','crnoplava@gmail.com',6,'Jana Preglav','','Spodnji trg 48','','Vuzenica','2367','','Slovenija',6,'Jana Preglav','','Spodnji trg 48','','Vuzenica','2367','','Slovenija',6,'Plačilo po povzetju','','','','','2014-12-15 11:58:34','2014-12-12 04:45:00',3,NULL,'EUR',1.000000),(353,367,'Andreja Rednak','','Agrokombinatska 4','','Ljubljana','1000','','Slovenija','031 505 311','andreja.rednak@telemach.net',6,'Andreja Rednak','','Agrokombinatska 4','','Ljubljana','1000','','Slovenija',6,'Andreja Rednak','','Agrokombinatska 4','','Ljubljana','1000','','Slovenija',6,'Plačilo po povzetju','','','','','2014-12-22 15:17:46','2014-12-15 16:39:59',3,NULL,'EUR',1.000000),(351,365,'Marija Ranzinger','','Gladež 24','','Izlake','1411','','Slovenija','070 398 885','ranzinger.izlake@gmail.com',6,'Marija Ranzinger','','Gladež 24','','Izlake','1411','','Slovenija',6,'Marija Ranzinger','','Gladež 24','','Izlake','1411','','Slovenija',6,'Plačilo po povzetju','','','','','2014-12-17 06:29:17','2014-12-14 20:10:51',3,NULL,'EUR',1.000000),(352,366,'Mateja Nograšek','','Pot na Poljane 6a','','Kamnik','1241','','Slovenija','031 300 163','nograsek.brigita@amis.net',6,'Mateja Nograšek','','Pot na Poljane 6a','','Kamnik','1241','','Slovenija',6,'Mateja Nograšek','','Pot na Poljane 6a','','Kamnik','1241','','Slovenija',6,'Plačilo po povzetju','','','','','2014-12-22 11:19:31','2014-12-15 09:03:39',3,NULL,'EUR',1.000000),(356,370,'bojan preiner','','ul.zlatke karer 8','','miklavz','2204','','Slovenija','041578793','bojan.preiner@gmail.com',6,'bojan preiner','','ul.zlatke karer 8','','miklavz','2204','','Slovenija',6,'bojan preiner','','ul.zlatke karer 8','','miklavz','2204','','Slovenija',6,'Plačilo po povzetju','','','','','2014-12-22 11:41:53','2014-12-16 19:06:43',3,NULL,'EUR',1.000000),(355,369,'Miran Fink','','Podhosta 28','','Dolenjske Toplice','8350','','Slovenija','041 976 862','miran.fink@gmail.com',6,'Miran Fink','','Podhosta 28','','Dolenjske Toplice','8350','','Slovenija',6,'Miran Fink','','Podhosta 28','','Dolenjske Toplice','8350','','Slovenija',6,'Plačilo po povzetju','','','','','2014-12-20 09:46:05','2014-12-16 17:04:54',3,NULL,'EUR',1.000000),(357,371,'Borut Tepina','','Breg 102','','Žirovnica','4274','','Slovenija','031334871','borut24@gmail.com',6,'Borut Tepina','','Breg 102','','Žirovnica','4274','','Slovenija',6,'Borut Tepina','','Breg 102','','Žirovnica','4274','','Slovenija',6,'Plačilo po povzetju','','','','','2014-12-20 09:46:36','2014-12-17 23:17:42',3,NULL,'EUR',1.000000),(358,372,'Denis Žganec','','Sernčeva 11','','Maribor','2000','','Slovenija','051261493','denis.zganec@gmail.com',6,'Denis Žganec','','Sernčeva 11','','Maribor','2000','','Slovenija',6,'Denis Žganec','','Sernčeva 11','','Maribor','2000','','Slovenija',6,'Plačilo po povzetju','','','','','2014-12-24 10:54:43','2014-12-21 13:10:29',3,NULL,'EUR',1.000000),(359,372,'Denis Žganec','','Sernčeva 11','','Maribor','2000','','Slovenija','051261493','denis.zganec@gmail.com',6,'Denis Žganec','','Sernčeva 11','','Maribor','2000','','Slovenija',6,'Denis Žganec','','Sernčeva 11','','Maribor','2000','','Slovenija',6,'Plačilo po povzetju','','','','','2014-12-24 10:55:02','2014-12-21 14:49:41',3,NULL,'EUR',1.000000),(360,373,'Urška Slatenšek','Intermatic d.o.o.','Glonarjeva 1','','Ljubljana','1000','','Slovenija','041-789-660','ursa.slatensek@intermatic.si',6,'Nada Šubic','','Brodarska 10','','Litija','1270','','Slovenija',6,'Urška Slatenšek','Intermatic d.o.o.','Glonarjeva 1','','Ljubljana','1000','','Slovenija',6,'Plačilo po povzetju','','','','','2014-12-24 11:15:15','2014-12-22 14:48:49',3,NULL,'EUR',1.000000),(361,268,'Mateja Mavrič','','Savska cesta 18a','','Kraj','4000','','Slovenija','041563322','mateja.mavric@gmail.com',6,'Brigita Končan','','Podvin 120','','Žalec','3310','','Slovenija',6,'Mateja Mavrič','','Savska cesta 18a','','Kraj','4000','','Slovenija',6,'Plačilo po povzetju','','','','','2014-12-24 10:54:18','2014-12-23 13:03:39',3,NULL,'EUR',1.000000),(367,378,'Marjeta Oven','','Ulica Željka Tonija 3','','Ljubljana-Šmartno','1211','','Slovenija','040802996','marjeta.oven9@gmail.com',6,'Marjeta Oven','','Ulica Željka Tonija 3','','Ljubljana-Šmartno','1211','','Slovenija',6,'Marjeta Oven','','Ulica Željka Tonija 3','','Ljubljana-Šmartno','1211','','Slovenija',6,'Plačilo po povzetju','','','','','2015-01-09 11:01:30','2015-01-07 13:44:28',3,NULL,'EUR',1.000000),(363,375,'miha ferlan','','rožanska 3','','ljubljana','1000','','Slovenija','040162817','ferlan.miha@gmail.com',6,'miha ferlan','','rožanska 3','','ljubljana','1000','','Slovenija',6,'miha ferlan','','rožanska 3','','ljubljana','1000','','Slovenija',6,'Plačilo po povzetju','','','','','2014-12-24 15:04:07','2014-12-24 13:44:28',3,NULL,'EUR',1.000000),(364,197,'Darja Mirt','','Kremen 3','','Krško','8270','','Slovenija','031655586','darja.mirt@siol.net',6,'Darja Mirt','','Kremen 3','','Krško','8270','','Slovenija',6,'Darja Mirt','','Kremen 3','','Krško','8270','','Slovenija',6,'Plačilo po povzetju','','','','','2014-12-30 10:46:52','2014-12-26 15:18:03',3,NULL,'EUR',1.000000),(365,376,'Blaž Čelešnik','','Brodarjev trg 10','','Ljubljana','1000','','Slovenija','031694922','blazcelesnik@gmail.com',6,'Blaž Čelešnik','','Brodarjev trg 10','','Ljubljana','1000','','Slovenija',6,'Blaž Čelešnik','','Brodarjev trg 10','','Ljubljana','1000','','Slovenija',6,'Plačilo po povzetju','','','','','2014-12-30 17:02:36','2014-12-28 18:43:52',3,NULL,'EUR',1.000000),(368,379,'Miha Mazzini','','Fabianijeva 45','','Ljubljana','1000','','Slovenija','041737849','Miha.Mazzini@gmail.com',6,'Miha Mazzini','','Fabianijeva 45','','Ljubljana','1000','','Slovenija',6,'Miha Mazzini','','Fabianijeva 45','','Ljubljana','1000','','Slovenija',6,'Plačilo po povzetju','','','','','2015-01-13 11:22:39','2015-01-13 10:15:18',3,NULL,'EUR',1.000000),(370,381,'simon gaber','','vojkova 12','','celje','3000','','Slovenija','031508774','spa.schumy@gmail.com',6,'simon gaber','','vojkova 12','','celje','3000','','Slovenija',6,'simon gaber','','vojkova 12','','celje','3000','','Slovenija',6,'Plačilo po povzetju','','','','','2015-01-22 06:38:50','2015-01-15 18:26:22',3,NULL,'EUR',1.000000),(371,383,'Nada Arh','','Francarija 33','','Preddvor','4205','','Slovenija','031 307166','nadaarh71@gmail.com',6,'Nada Arh','','Francarija 33','','Preddvor','4205','','Slovenija',6,'Nada Arh','','Francarija 33','','Preddvor','4205','','Slovenija',6,'Plačilo po povzetju','','','','','2015-01-30 11:20:03','2015-01-25 20:37:22',3,NULL,'EUR',1.000000),(372,382,'VANJA NUNAR','','REPNJE 14 G','','VODICE','1217','','Slovenija','041 720 645','vanja@ekoprodukt.si',6,'VANJA NUNAR','','REPNJE 14 G','','VODICE','1217','','Slovenija',6,'VANJA NUNAR','','REPNJE 14 G','','VODICE','1217','','Slovenija',6,'Plačilo po povzetju','','','','','2015-01-30 07:39:35','2015-01-26 11:09:33',3,NULL,'EUR',1.000000),(373,385,'Katja Pangršič','','Cesta 13. julija 8f','','Ljubljana','1000','','Slovenija','031 565 935','katja.pangrsic@gmail.com',6,'Katja Pangršič','','Cesta 13. julija 8f','','Ljubljana','1000','','Slovenija',6,'Katja Pangršič','','Cesta 13. julija 8f','','Ljubljana','1000','','Slovenija',6,'Plačilo po povzetju','','','','','2015-02-02 08:55:16','2015-01-27 11:43:27',3,NULL,'EUR',1.000000),(374,386,'Miran Žagar','','spodnji slemen 68a','','selnica ob dravi','2352','','Slovenija','+38631498328','miranzagar51@gmail.com',6,'Miran Žagar','','spodnji slemen 68a','','selnica ob dravi','2352','','Slovenija',6,'Miran Žagar','','spodnji slemen 68a','','selnica ob dravi','2352','','Slovenija',6,'Plačilo po povzetju','','','','','2015-02-06 10:14:31','2015-02-03 12:06:07',3,NULL,'EUR',1.000000),(375,387,'polona gungl','','zg. velka 82h','','zg. velka','2213','','Slovenija','031 705 787','polona.9@hotmail.com',6,'polona gungl','','zg. velka 82h','','zg. velka','2213','','Slovenija',6,'polona gungl','','zg. velka 82h','','zg. velka','2213','','Slovenija',6,'Plačilo po povzetju','','','','','2015-02-11 06:29:04','2015-02-05 18:13:47',3,NULL,'EUR',1.000000),(376,388,'Rok Jurjec','','Trska cesta 69','','Podcetrtek','3254','','Slovenija','070676601','rokjurjec@hotmail.com',6,'Rok Jurjec','','Trska cesta 69','','Podcetrtek','3254','','Slovenija',6,'Rok Jurjec','','Trska cesta 69','','Podcetrtek','3254','','Slovenija',6,'Plačilo po povzetju','','','','','2015-03-04 09:10:01','2015-02-28 16:08:50',3,NULL,'EUR',1.000000),(377,389,'Janez Skoporec','','Razbor 13A','','Loka pri Zidanem Mostu','1434','','Slovenija','041499556','janez.skoporec@gmail.com',6,'Janez Skoporec','','Razbor 13A','','Loka pri Zidanem Mostu','1434','','Slovenija',6,'Janez Skoporec','','Razbor 13A','','Loka pri Zidanem Mostu','1434','','Slovenija',6,'Plačilo po povzetju','','','','','2015-03-11 08:59:04','2015-03-09 11:36:57',3,NULL,'EUR',1.000000),(378,390,'Barbara Marusic','','VIPAVSKA CESTA 89','','NOVA GORICA','5000','','Slovenija','+38631370271','barbara.marusic@siol.net',6,'Barbara Marusic','','VIPAVSKA CESTA 89','','NOVA GORICA','5000','','Slovenija',6,'Barbara Marusic','','VIPAVSKA CESTA 89','','NOVA GORICA','5000','','Slovenija',6,'Plačilo po povzetju','','','','','2015-03-19 14:03:38','2015-03-13 18:42:02',3,NULL,'EUR',1.000000),(379,391,'nina krajnc','','lenartova pot 66','','brežice','8250','','Slovenija','031519630','nina.krajnc9@gmail.com',6,'nina krajnc','','lenartova pot 66','','brežice','8250','','Slovenija',6,'nina krajnc','','lenartova pot 66','','brežice','8250','','Slovenija',6,'Plačilo po povzetju','','','','','2015-03-23 16:10:19','2015-03-19 18:15:18',3,NULL,'EUR',1.000000),(380,392,'Zvezdana Mirkovic','','Pri vodnjaku 3','','Koper','6000','','Slovenija','040438808','Zvezdas22@yahoo.com',6,'Zvezdana Mirkovic','','Pri vodnjaku 3','','Koper','6000','','Slovenija',6,'Zvezdana Mirkovic','','Pri vodnjaku 3','','Koper','6000','','Slovenija',6,'Plačilo po povzetju','','','','','2015-03-26 05:00:46','2015-03-23 10:39:54',3,NULL,'EUR',1.000000),(381,394,'Tomaz Bolka','','Srednje Gameljne 62','','Ljubljana Smartno','1211','','Slovenija','038641626769','tomaz.bolka@kompas-mts.si',6,'Tomaz Bolka','','Srednje Gameljne 62','','Ljubljana Smartno','1211','','Slovenija',6,'Tomaz Bolka','','Srednje Gameljne 62','','Ljubljana Smartno','1211','','Slovenija',6,'Plačilo po povzetju','','','','','2015-04-03 06:42:20','2015-03-30 17:32:53',3,NULL,'EUR',1.000000),(382,393,'Marta Mrzlikar','','Brezje pri grosupljem 70','','Grosuplje','1290','','Slovenija','041932889','marta.mrzlikar@gmail.com',6,'Marta Mrzlikar','','Brezje pri grosupljem 70','','Grosuplje','1290','','Slovenija',6,'Marta Mrzlikar','','Brezje pri grosupljem 70','','Grosuplje','1290','','Slovenija',6,'Plačilo po povzetju','','','','','2015-04-14 19:19:37','2015-04-13 10:24:26',3,NULL,'EUR',1.000000),(383,395,'Anja Boštjančič','/','Harije 8','','Ilirska Bistrica','6250','','Slovenija','051479991','anckaa@gmail.com',6,'Anja Boštjančič','/','Harije 8','','Ilirska Bistrica','6250','','Slovenija',6,'Anja Boštjančič','/','Harije 8','','Ilirska Bistrica','6250','','Slovenija',6,'Plačilo po povzetju','','','','','2015-04-22 16:58:54','2015-04-20 09:20:35',3,NULL,'EUR',1.000000),(384,46,'Benjamin Črešnik','','Meža 118','','Dravograd','2370','','Slovenija','386028783888','benjamin.cresnik@kanet.si',6,'Benjamin Črešnik','','Meža 118','','Dravograd','2370','','Slovenija',6,'Benjamin Črešnik','','Meža 118','','Dravograd','2370','','Slovenija',6,'Plačilo po povzetju','','','','','2015-04-25 09:54:16','2015-04-23 11:15:21',3,NULL,'EUR',1.000000),(385,396,'barbara jerman','','veliki slatnik 11a','','novo mesto','8000','','Slovenija','0310244614','jerman.barbara@gmail.com',6,'barbara jerman','','veliki slatnik 11a','','novo mesto','8000','','Slovenija',6,'barbara jerman','','veliki slatnik 11a','','novo mesto','8000','','Slovenija',6,'Plačilo po povzetju','','','','','2015-05-04 09:49:27','2015-04-28 20:19:06',3,NULL,'EUR',1.000000),(386,397,'boris bjelica','','dantejeva 35','','izola','6310','','Slovenija','040 218 309','bbmorje15@gmail.com',6,'boris bjelica','','dantejeva 35','','izola','6310','','Slovenija',6,'boris bjelica','','dantejeva 35','','izola','6310','','Slovenija',6,'Plačilo po povzetju','','','','','2015-05-28 17:17:27','2015-05-21 10:24:18',3,NULL,'EUR',1.000000),(387,46,'Benjamin Črešnik','','Meža 118','','Dravograd','2370','','Slovenija','386028783888','benjamin.cresnik@kanet.si',6,'Benjamin Črešnik','','Meža 118','','Dravograd','2370','','Slovenija',6,'Benjamin Črešnik','','Meža 118','','Dravograd','2370','','Slovenija',6,'Plačilo po povzetju','','','','','2015-06-01 13:44:28','2015-05-28 22:33:01',3,NULL,'EUR',1.000000),(388,398,'Helena Kacijan','','Cesta ob Barju 56f','','ŠKOFLJICA','1291','','Slovenija','013663925','helena.kacijan@gmail.com',6,'Helena Kacijan','','Cesta ob Barju 56f','','ŠKOFLJICA','1291','','Slovenija',6,'Helena Kacijan','','Cesta ob Barju 56f','','ŠKOFLJICA','1291','','Slovenija',6,'Plačilo po povzetju','','','','','2015-06-10 06:14:26','2015-06-07 21:24:13',3,NULL,'EUR',1.000000),(389,399,'Danica Tavčar','','Godnje 20','','Dutovlje','6221','','Slovenija','041 431 988','catering.tavcar@gmail.com',6,'Danica Tavčar','','Godnje 20','','Dutovlje','6221','','Slovenija',6,'Danica Tavčar','','Godnje 20','','Dutovlje','6221','','Slovenija',6,'Plačilo po povzetju','','','','','2015-06-23 06:31:09','2015-06-18 22:14:43',3,NULL,'EUR',1.000000),(390,101,'Nataša Češko','','Petelinkarjeva 1','','Kisovec','1412','','Slovenija','041 789 708','natasa.cesko@bona-j.com',6,'Nataša Češko','','Petelinkarjeva 1','','Kisovec','1412','','Slovenija',6,'Nataša Češko','','Petelinkarjeva 1','','Kisovec','1412','','Slovenija',6,'Plačilo po povzetju','','','','','2015-07-23 09:51:29','2015-07-14 17:51:00',3,NULL,'EUR',1.000000),(391,46,'Benjamin Črešnik','','Meža 118','','Dravograd','2370','','Slovenija','386028783888','benjamin.cresnik@kanet.si',6,'Benjamin Črešnik','','Meža 118','','Dravograd','2370','','Slovenija',6,'Benjamin Črešnik','','Meža 118','','Dravograd','2370','','Slovenija',6,'Plačilo po povzetju','','','','','2015-07-25 07:53:55','2015-07-21 15:06:33',3,NULL,'EUR',1.000000),(392,403,'David Golić','','Gasilska pot 21','','Uršna sela','8323','','Slovenija','040690474','nusasimec@gmail.com',6,'David Golić','','Gasilska pot 21','','Uršna sela','8323','','Slovenija',6,'David Golić','','Gasilska pot 21','','Uršna sela','8323','','Slovenija',6,'Plačilo po povzetju','','','','','2015-09-02 05:58:32','2015-08-28 14:07:34',3,NULL,'EUR',1.000000),(393,404,'Ana Gligorijević','','Trg Presernove brigade 7','','Kranj','4000','','Slovenija','031 266 254','ana.gligorijevic@gmail.com',6,'Ana Gligorijević','','Trg Presernove brigade 7','','Kranj','4000','','Slovenija',6,'Ana Gligorijević','','Trg Presernove brigade 7','','Kranj','4000','','Slovenija',6,'Plačilo po povzetju','','','','','2015-09-02 05:58:11','2015-08-30 14:30:04',3,NULL,'EUR',1.000000),(394,405,'Sarka Wurmova','','Sezemicka 531','','Hradec Kralove','50011','','Czech Republic','00420724067647','Swurmova@seznam.cz',1,'Sarka Wurmova','','Sezemicka 531','','Hradec Kralove','50011','','Czech Republic',1,'Sarka Wurmova','','Sezemicka 531','','Hradec Kralove','50011','','Czech Republic',1,'Plačilo po povzetju','','','','','2015-09-22 12:07:58','2015-09-10 09:18:02',3,NULL,'EUR',1.000000),(395,46,'Benjamin Črešnik','','Meža 118','','Dravograd','2370','','Slovenija','386028783888','benjamin.cresnik@kanet.si',6,'Benjamin Črešnik','','Meža 118','','Dravograd','2370','','Slovenija',6,'Benjamin Črešnik','','Meža 118','','Dravograd','2370','','Slovenija',6,'Plačilo po povzetju','','','','','2015-09-19 06:30:19','2015-09-14 15:17:20',3,NULL,'EUR',1.000000),(396,406,'sara berginc','','trg golobarskih žrtev 27','','berginc','5230','','Slovenija','031229329','sara.berginc@gmail.com',6,'sara berginc','','trg golobarskih žrtev 27','','berginc','5230','','Slovenija',6,'sara berginc','','trg golobarskih žrtev 27','','berginc','5230','','Slovenija',6,'Plačilo po povzetju','','','','','2015-09-21 10:28:37','2015-09-15 14:01:41',3,NULL,'EUR',1.000000),(397,407,'Andreja Čušin Gostiša','','Kalce 25 C','','Logatec','1371','','Slovenija','040 335 481','andrejacusin@gmail.com',6,'Andreja Čušin Gostiša','','Kalce 25 C','','Logatec','1371','','Slovenija',6,'Andreja Čušin Gostiša','','Kalce 25 C','','Logatec','1371','','Slovenija',6,'Plačilo po povzetju','','','','','2015-09-21 10:28:51','2015-09-15 17:12:25',3,NULL,'EUR',1.000000),(398,410,'LIDIJA KOVAČ','','IRJE 1A','','ROGAŠKA SLATINA','3250','','Slovenija','040578695','lidija.kovac@amis.net',6,'LIDIJA KOVAČ','','IRJE 1A','','ROGAŠKA SLATINA','3250','','Slovenija',6,'LIDIJA KOVAČ','','IRJE 1A','','ROGAŠKA SLATINA','3250','','Slovenija',6,'Plačilo po povzetju','','','','','2015-10-02 09:23:10','2015-09-29 18:19:40',3,NULL,'EUR',1.000000),(399,391,'nina krajnc','','lenartova pot 66','','brežice','8250','','Slovenija','031519630','nina.krajnc9@gmail.com',6,'nina krajnc','','lenartova pot 66','','brežice','8250','','Slovenija',6,'nina krajnc','','lenartova pot 66','','brežice','8250','','Slovenija',6,'Plačilo po povzetju','','','','','2015-10-28 10:32:29','2015-10-24 23:45:40',3,NULL,'EUR',1.000000),(400,417,'Urban Grubar','','Maistrova ulica 24','','Maribor','2000','','Slovenija','+38641506667','urban@odvetnik-grubar.si',6,'Urban Grubar','','Maistrova ulica 24','','Maribor','2000','','Slovenija',6,'Urban Grubar','','Maistrova ulica 24','','Maribor','2000','','Slovenija',6,'Plačilo po povzetju','','','','','2015-11-24 17:17:51','2015-11-20 14:10:52',3,NULL,'EUR',1.000000),(401,418,'Aleš Berdon','','Oktobrske revolucije 10a','','Izola','6310','','Slovenija','031297286','ales.berdon@gmail.com',6,'Aleš Berdon','','Oktobrske revolucije 10a','','Izola','6310','','Slovenija',6,'Aleš Berdon','','Oktobrske revolucije 10a','','Izola','6310','','Slovenija',6,'Plačilo po povzetju','','','','','2015-11-30 09:58:56','2015-11-25 17:11:48',3,NULL,'EUR',1.000000),(402,419,'VLADO VENUTI','','BEZENŠKOVA 63','','MARIBOR','2000','','Slovenija','9999999','vlado.venuti@gmail.com',6,'VLADO VENUTI','','BEZENŠKOVA 63','','MARIBOR','2000','','Slovenija',6,'VLADO VENUTI','','BEZENŠKOVA 63','','MARIBOR','2000','','Slovenija',6,'Plačilo po povzetju','','','','','2015-12-03 06:13:57','2015-11-26 05:40:47',3,NULL,'EUR',1.000000),(403,421,'Goran Stumergar','','Ulica 25 Maja 7','','Ptuj','2250','','Slovenija','041319228','islord@gmail.com',6,'Goran Stumergar','','Ulica 25 Maja 7','','Ptuj','2250','','Slovenija',6,'Goran Stumergar','','Ulica 25 Maja 7','','Ptuj','2250','','Slovenija',6,'Plačilo po povzetju','','','','','2015-12-02 13:01:16','2015-11-28 17:39:47',3,NULL,'EUR',1.000000),(404,422,'Primož Jelinčič','','Soča 50','','soča','5232','','Slovenija','040 607 384','jelincicsoca@gmail.com',6,'Primož Jelinčič','','Soča 50','','soča','5232','','Slovenija',6,'Primož Jelinčič','','Soča 50','','soča','5232','','Slovenija',6,'Plačilo po povzetju','','','','','2015-12-07 14:01:21','2015-12-03 01:31:30',3,NULL,'EUR',1.000000),(405,46,'Benjamin Črešnik','','Meža 118','','Dravograd','2370','','Slovenija','386028783888','benjamin.cresnik@kanet.si',6,'Benjamin Črešnik','','Meža 118','','Dravograd','2370','','Slovenija',6,'Benjamin Črešnik','','Meža 118','','Dravograd','2370','','Slovenija',6,'Plačilo po povzetju','','','','','2015-12-07 14:01:37','2015-12-04 14:06:03',3,NULL,'EUR',1.000000),(406,423,'Aleš Surina','Ales Surina s.p.','Nova Vas pri Jelsanah 7','','Jelsane','6254','','Slovenija','041368298','ales.surina@gmail.com',6,'Aleš Surina','Ales Surina s.p.','Nova Vas pri Jelsanah 7','','Jelsane','6254','','Slovenija',6,'Aleš Surina','Ales Surina s.p.','Nova Vas pri Jelsanah 7','','Jelsane','6254','','Slovenija',6,'Plačilo po povzetju','','','','','2015-12-10 13:33:41','2015-12-08 10:45:10',3,NULL,'EUR',1.000000),(407,424,'tatjana dežman markič','','primožičeva ul. 35','','ljubljana','1231','','Slovenija','031610268','markic.tatjana@gmail.si',6,'tatjana dežman markič','','primožičeva ul. 35','','ljubljana','1231','','Slovenija',6,'tatjana dežman markič','','primožičeva ul. 35','','ljubljana','1231','','Slovenija',6,'Plačilo po povzetju','','','','','2015-12-09 12:21:18','2015-12-08 10:49:11',2,NULL,'EUR',1.000000),(408,365,'Marija Ranzinger','','Gladež 24','','Izlake','1411','','Slovenija','070 398 885','ranzinger.izlake@gmail.com',6,'Marija Ranzinger','','Gladež 24','','Izlake','1411','','Slovenija',6,'Marija Ranzinger','','Gladež 24','','Izlake','1411','','Slovenija',6,'Plačilo po povzetju','','','','','2015-12-11 18:18:41','2015-12-08 19:16:55',3,NULL,'EUR',1.000000),(409,425,'Andrej Korošec','','Miševa ulica 11','','Domžale','1230','','Slovenija','041606380','korosec.andrej@gmail.com',6,'Andrej Korošec','','Miševa ulica 11','','Domžale','1230','','Slovenija',6,'Andrej Korošec','','Miševa ulica 11','','Domžale','1230','','Slovenija',6,'Plačilo po povzetju','','','','','2015-12-24 09:15:20','2015-12-17 18:00:04',3,NULL,'EUR',1.000000),(410,426,'Ivo Hafner','HP-HIŠA PROJEKTOV d.o.o.','Preloge 15','','Ljubljana-Šmartno','1211','','Slovenija','031393887','ivo.hafner@siol.net',6,'Ivo Hafner','HP-HIŠA PROJEKTOV d.o.o.','Preloge 15','','Ljubljana-Šmartno','1211','','Slovenija',6,'Ivo Hafner','HP-HIŠA PROJEKTOV d.o.o.','Preloge 15','','Ljubljana-Šmartno','1211','','Slovenija',6,'Plačilo po povzetju','','','','','2015-12-21 13:32:24','2015-12-18 12:04:01',3,NULL,'EUR',1.000000),(411,358,'marija marčeta','','RETEČE 46','','ŠKOFJA LOKA','4220','','Slovenija','030-324-616','kljucavnicarstvo.mm@siol.net',6,'marija marčeta','','RETEČE 46','','ŠKOFJA LOKA','4220','','Slovenija',6,'marija marčeta','','RETEČE 46','','ŠKOFJA LOKA','4220','','Slovenija',6,'Plačilo po povzetju','','','','','2015-12-26 12:43:26','2015-12-23 07:43:05',3,NULL,'EUR',1.000000),(414,430,'Katja Klemenšek','','Robanov Kot 8','','Solčava','3335','','Slovenija','041 783 553','katja.klemensek@siol.net',6,'Katja Klemenšek','','Robanov Kot 8','','Solčava','3335','','Slovenija',6,'Katja Klemenšek','','Robanov Kot 8','','Solčava','3335','','Slovenija',6,'Plačilo po povzetju','','','','','2016-03-14 10:51:03','2016-03-07 19:30:00',3,NULL,'EUR',1.000000),(413,328,'sandra nučič','','predole 10','','grosuplje','1290','','Slovenija','38670295401','sandranucic92@gmail.com',6,'sandra nučič','','predole 10','','grosuplje','1290','','Slovenija',6,'sandra nučič','','predole 10','','grosuplje','1290','','Slovenija',6,'Plačilo po povzetju','','','','','2016-01-03 06:58:37','2015-12-27 20:01:14',3,NULL,'EUR',1.000000),(415,431,'Miha Vergelj','','Sončni log 3b','','Logatec','1370','','Slovenija','031718054','mv@inkla.com',6,'Miha Vergelj','','Sončni log 3b','','Logatec','1370','','Slovenija',6,'Miha Vergelj','','Sončni log 3b','','Logatec','1370','','Slovenija',6,'Plačilo po povzetju','','','','','2016-03-14 10:51:17','2016-03-10 12:05:56',3,NULL,'EUR',1.000000),(416,432,'Sandi Voršič','','Pavlovci 15a','','ORMOŽ','2270','','Slovenija','051-303-649','sandi.vorsic@teoten.si',6,'Sandi Voršič','','Pavlovci 15a','','ORMOŽ','2270','','Slovenija',6,'Sandi Voršič','','Pavlovci 15a','','ORMOŽ','2270','','Slovenija',6,'Plačilo po povzetju','','','','','2016-03-17 14:50:37','2016-03-14 09:05:46',3,NULL,'EUR',1.000000),(417,434,'TINA KOŠENINA','','CANKARJEVA 23','','KAMNIK','1241','','Slovenija','031346956','tinakosenina@gmail.com',6,'TINA KOŠENINA','','CANKARJEVA 23','','KAMNIK','1241','','Slovenija',6,'TINA KOŠENINA','','CANKARJEVA 23','','KAMNIK','1241','','Slovenija',6,'Plačilo po povzetju','','','','','2016-04-06 09:18:27','2016-04-02 14:24:00',3,NULL,'EUR',1.000000),(419,438,'Jaka Slavinec','','Mackovci 58','','Domzale','1230','','Slovenija','041389541','jakaslavinec@gmail.com',6,'Jaka Slavinec','','Mackovci 58','','Domzale','1230','','Slovenija',6,'Jaka Slavinec','','Mackovci 58','','Domzale','1230','','Slovenija',6,'Plačilo po povzetju','','','','','2016-04-15 14:33:51','2016-04-14 18:58:04',3,NULL,'EUR',1.000000),(420,431,'Miha Vergelj','','Sončni log 3b','','Logatec','1370','','Slovenija','031718054','mv@inkla.com',6,'Miha Vergelj','','Sončni log 3b','','Logatec','1370','','Slovenija',6,'Miha Vergelj','','Sončni log 3b','','Logatec','1370','','Slovenija',6,'Plačilo po povzetju','','','','','2016-04-28 10:41:34','2016-04-21 13:10:53',3,NULL,'EUR',1.000000),(421,439,'Danilo Špitalar','','Trg revolucije 17E','','Trbovlje','1420','','Slovenija','070 676676','danilo.spitalar@gmail.com',6,'Danilo Špitalar','','Trg revolucije 17E','','Trbovlje','1420','','Slovenija',6,'Danilo Špitalar','','Trg revolucije 17E','','Trbovlje','1420','','Slovenija',6,'Plačilo po povzetju','','','','','2016-05-03 10:29:57','2016-04-29 10:34:13',3,NULL,'EUR',1.000000),(422,442,'Urška Kavalar','','Moste 77','','Žirovnica','4274','','Slovenija','04-581-27-09','urska@kac.eu',6,'Urška Kavalar','','Moste 77','','Žirovnica','4274','','Slovenija',6,'Urška Kavalar','','Moste 77','','Žirovnica','4274','','Slovenija',6,'Plačilo po povzetju','','','','','2016-06-02 06:17:51','2016-05-29 09:48:33',3,NULL,'EUR',1.000000),(423,443,'Janja Reberšak','','Sedlarjevo 11','','Buče','3255','','Slovenija','031212637','janja.rebersak@gmail.com',6,'Janja Reberšak','','Sedlarjevo 11','','Buče','3255','','Slovenija',6,'Janja Reberšak','','Sedlarjevo 11','','Buče','3255','','Slovenija',6,'Plačilo po povzetju','','','','','2016-06-02 06:18:14','2016-05-30 09:53:05',3,NULL,'EUR',1.000000),(424,387,'polona gungl','','zg. velka 82h','','zg. velka','2213','','Slovenija','031 705 787','polona.9@hotmail.com',6,'POLONA GUNGL','','VRATJI VRH 2','','APAČE','9253 APAČE','','Slovenija',6,'POLONA GUNGL','','VRATJI VRH 2','','APAČE','9253 APAČE','','Slovenija',6,'Plačilo po povzetju','','','','','2016-06-08 17:23:34','2016-06-04 21:14:12',3,NULL,'EUR',1.000000),(425,444,'Lucija Norčič','','Marinovševa 3a','','Ljubljana','1000','','Slovenija','051361318','lucija.norcic@gmail.com',6,'Lucija Norčič','','Marinovševa 3a','','Ljubljana','1000','','Slovenija',6,'Lucija Norčič','','Marinovševa 3a','','Ljubljana','1000','','Slovenija',6,'Plačilo po povzetju','','','','','2016-06-14 11:38:59','2016-06-11 22:25:59',3,NULL,'EUR',1.000000),(426,446,'Roman Stropnik','','Ravne 21','','Šoštanj','3325','','Slovenija','041415555','Romojed@gmail.com',6,'Roman Stropnik','','Ravne 21','','Šoštanj','3325','','Slovenija',6,'Roman Stropnik','','Ravne 21','','Šoštanj','3325','','Slovenija',6,'Plačilo po povzetju','','','','','2016-06-20 10:08:58','2016-06-15 22:48:51',3,NULL,'EUR',1.000000),(427,447,'Rok Spanring','','Ul. Milke Volk 47','','Orehova Vas','2312','','Slovenija','030345038','Rok.spanring@gmail.com',6,'Rok Spanring','','Ul. Milke Volk 47','','Orehova Vas','2312','','Slovenija',6,'Rok Spanring','','Ul. Milke Volk 47','','Orehova Vas','2312','','Slovenija',6,'Plačilo po povzetju','','','','','2016-07-01 11:27:18','2016-06-25 18:02:44',3,NULL,'EUR',1.000000),(428,447,'Rok Spanring','','Ul. Milke Volk 47','','Orehova Vas','2312','','Slovenija','030345038','Rok.spanring@gmail.com',6,'Rok Spanring','','Ul. Milke Volk 47','','Orehova Vas','2312','','Slovenija',6,'Rok Spanring','','Ul. Milke Volk 47','','Orehova Vas','2312','','Slovenija',6,'Plačilo po povzetju','','','','','2016-07-01 11:27:45','2016-06-25 18:28:54',3,NULL,'EUR',1.000000),(429,448,'Marta Prezelj','','čopičeva 14a','','Idrija','5280','','Slovenija','051','marta.prezelj@gmail.com',6,'Marta Prezelj','','čopičeva 14a','','Idrija','5280','','Slovenija',6,'Marta Prezelj','','čopičeva 14a','','Idrija','5280','','Slovenija',6,'Plačilo po povzetju','','','','','2016-07-20 08:06:26','2016-07-16 08:54:26',3,NULL,'EUR',1.000000),(430,434,'TINA KOŠENINA','','CANKARJEVA 23','','KAMNIK','1241','','Slovenija','031346956','tinakosenina@gmail.com',6,'TINA KOŠENINA','','CANKARJEVA 23','','KAMNIK','1241','','Slovenija',6,'TINA KOŠENINA','','CANKARJEVA 23','','KAMNIK','1241','','Slovenija',6,'Plačilo po povzetju','','','','','2016-07-29 06:34:28','2016-07-26 21:45:57',3,NULL,'EUR',1.000000),(431,451,'Urban Čizmarevič','','Ulica Pohorskega bataljona 36','','Slovenska Bistrica','2310','','Slovenija','040217480','urban@dober.si',6,'Urban Čizmarevič','','Ulica Pohorskega bataljona 36','','Slovenska Bistrica','2310','','Slovenija',6,'Urban Čizmarevič','','Ulica Pohorskega bataljona 36','','Slovenska Bistrica','2310','','Slovenija',6,'Plačilo po povzetju','','','','','2016-08-04 06:00:28','2016-08-01 23:19:22',3,NULL,'EUR',1.000000),(432,137,'Marko Drnovšek','','Radvanjska cesta 54','','Maribor','2000','','Slovenija','041/687-627','marko.drn@triera.net',6,'Marko Drnovšek','','Radvanjska cesta 54','','Maribor','2000','','Slovenija',6,'Marko Drnovšek','','Radvanjska cesta 54','','Maribor','2000','','Slovenija',6,'Plačilo po povzetju','','','','','2016-08-11 06:07:17','2016-08-07 22:05:43',3,NULL,'EUR',1.000000),(433,453,'Melita Meglič','','Podvrh 12','','Zabukovje','8292','','Slovenija','040421876','melita.meglic90@gmail.com',6,'Melita Meglič','','Podvrh 12','','Zabukovje','8292','','Slovenija',6,'Melita Meglič','','Podvrh 12','','Zabukovje','8292','','Slovenija',6,'Plačilo po povzetju','','','','','2016-08-19 08:50:28','2016-08-13 11:09:30',3,NULL,'EUR',1.000000),(434,456,'Katja Babič Kaligarič','','Cetore 16','','Izola','6310','','Slovenija','051368863','katjababic82@gmail.com',6,'Katja Babič Kaligarič','','Cetore 16','','Izola','6310','','Slovenija',6,'Katja Babič Kaligarič','','Cetore 16','','Izola','6310','','Slovenija',6,'Plačilo po povzetju','','','','','2016-09-23 10:46:23','2016-09-22 15:18:33',3,NULL,'EUR',1.000000),(438,434,'TINA KOŠENINA','','CANKARJEVA 23','','KAMNIK','1241','','Slovenija','031346956','tinakosenina@gmail.com',6,'TINA KOŠENINA','','CANKARJEVA 23','','KAMNIK','1241','','Slovenija',6,'TINA KOŠENINA','','CANKARJEVA 23','','KAMNIK','1241','','Slovenija',6,'Plačilo po povzetju','','','','','2016-10-19 12:12:19','2016-10-16 22:14:51',3,NULL,'EUR',1.000000),(439,459,'Roberto Ramundo','','Martiri della Libertà 13','','San Giorgio a Cremano - NAPOLI','80046','','Italy','+393495862986','errequadro.design@gmail.com',1,'Roberto Ramundo','','Martiri della Libertà 13','','San Giorgio a Cremano - NAPOLI','80046','','Italy',1,'Roberto Ramundo','','Martiri della Libertà 13','','San Giorgio a Cremano - NAPOLI','80046','','Italy',1,'Plačilo po povzetju','','','','','2016-11-08 13:23:43','2016-10-20 14:12:39',3,NULL,'EUR',1.000000),(440,460,'Katarina Fajfar','','Pokopaliska pot 5','','Naklo','4202','','Slovenija','040218456','Fajfar.katarina@gmail.com',6,'Katarina Fajfar','','Pokopaliska pot 5','','Naklo','4202','','Slovenija',6,'Katarina Fajfar','','Pokopaliska pot 5','','Naklo','4202','','Slovenija',6,'Plačilo po povzetju','','','','','2016-10-28 10:44:13','2016-10-24 19:05:21',3,NULL,'EUR',1.000000),(441,461,'Verena Sommerauer-Dani','','Johann-Fichte-Str. 11','','München','80850','','Germany','+49015171233426','v.sommerauer@gmx.at',5,'Verena Sommerauer-Dani','Österreichisches Generalkonsulat','Ismaninger Str. 136','','München','81675','','Germany',5,'Verena Sommerauer-Dani','Österreichisches Generalkonsulat','Ismaninger Str. 136','','München','81675','','Germany',5,'Plačilo po povzetju','','','','','2016-11-03 12:10:23','2016-10-31 09:25:57',3,NULL,'EUR',1.000000),(442,462,'Janko Šantavec','Bevog d.o.o.','Grajska Cesta 27','','Gornja Radgona','9250','','Slovenija','02/5649-212','pisarna@bevog.si',6,'Janko Šantavec','Bevog d.o.o.','Grajska Cesta 27','','Gornja Radgona','9250','','Slovenija',6,'Janko Šantavec','Bevog d.o.o.','Grajska Cesta 27','','Gornja Radgona','9250','','Slovenija',6,'Plačilo po povzetju','','','','','2016-11-05 11:01:01','2016-11-03 08:58:13',3,NULL,'EUR',1.000000),(443,463,'Rok Živkovič','','trg prešernove brigade 7','','kranj','4000','','Slovenija','042326477','rok.zivkovic@tele-cable.net',6,'Rok Živkovič','','trg prešernove brigade 7','','kranj','4000','','Slovenija',6,'Rok Živkovič','','trg prešernove brigade 7','','kranj','4000','','Slovenija',6,'Plačilo po povzetju','','','','','2016-11-09 10:18:16','2016-11-06 18:57:00',3,NULL,'EUR',1.000000),(444,407,'Andreja Čušin Gostiša','','Kalce 25 C','','Logatec','1371','','Slovenija','040 335 481','andrejacusin@gmail.com',6,'Andreja Čušin Gostiša','','Kalce 25 C','','Logatec','1371','','Slovenija',6,'Andreja Čušin Gostiša','','Kalce 25 C','','Logatec','1371','','Slovenija',6,'Plačilo po povzetju','','','','','2016-11-14 11:15:13','2016-11-09 14:27:33',3,NULL,'EUR',1.000000),(445,464,'Klavdija Pfeifer','','Zgornji brnik 67','','Cerklje','4207','','Slovenija','031 210 022','Claudia.team@gmail.com',6,'Klavdija Pfeifer','','Zgornji brnik 67','','Cerklje','4207','','Slovenija',6,'Klavdija Pfeifer','','Zgornji brnik 67','','Cerklje','4207','','Slovenija',6,'Plačilo po povzetju','','','','','2016-11-18 10:01:04','2016-11-15 10:37:48',3,NULL,'EUR',1.000000),(446,465,'PRIMOŽ KRAMER','','PROŽINSKA VAS 22/D','','Store','3220','','Slovenija','+38640842014','PRIMOZ@KRAMER.SI',6,'PRIMOŽ KRAMER','','PROŽINSKA VAS 22/D','','Store','3220','','Slovenija',6,'PRIMOŽ KRAMER','','PROŽINSKA VAS 22/D','','Store','3220','','Slovenija',6,'Plačilo po povzetju','','','','','2016-11-22 11:48:15','2016-11-17 17:30:14',3,NULL,'EUR',1.000000),(447,466,'Barbara Urek','','Frankovo naselje 70','','Škofja Loka','4220','','Slovenija','031453798','urek.barbara@gmail.com',6,'Roman Pušavec','','Tenetiše 16A','','Golnik','4204','','Slovenija',6,'Barbara Urek','','Frankovo naselje 70','','Škofja Loka','4220','','Slovenija',6,'Plačilo po povzetju','','','','','2016-11-24 20:16:19','2016-11-22 21:31:01',3,NULL,'EUR',1.000000),(448,467,'maja sirca','','kolodvorska 3a','','divača','6215','','Slovenija','031672486','maja.sirca@gmail.com',6,'maja sirca','','kolodvorska 3a','','divača','6215','','Slovenija',6,'maja sirca','','kolodvorska 3a','','divača','6215','','Slovenija',6,'Plačilo po povzetju','','','','','2016-11-29 08:13:29','2016-11-27 12:52:42',3,NULL,'EUR',1.000000),(449,447,'Rok Spanring','','Ul. Milke Volk 47','','Orehova Vas','2312','','Slovenija','030345038','Rok.spanring@gmail.com',6,'Rok Spanring','','Ul. Milke Volk 47','','Orehova Vas','2312','','Slovenija',6,'Rok Spanring','','Ul. Milke Volk 47','','Orehova Vas','2312','','Slovenija',6,'Plačilo po povzetju','','','','','2016-12-05 09:58:12','2016-11-30 01:04:36',3,NULL,'EUR',1.000000),(450,470,'sandra nučič','','predole 10','','grosuplje','1290','','Slovenija','068681231','sandranucic28@gmail.com',6,'sandra nučič','','predole 10','','grosuplje','1290','','Slovenija',6,'sandra nučič','','predole 10','','grosuplje','1290','','Slovenija',6,'Plačilo po povzetju','','','','','2016-12-15 06:25:10','2016-12-12 10:53:04',3,NULL,'EUR',1.000000),(457,476,'Tanja Lužnik','','Selo 28','','Žirovnica','4274','','Slovenija','040294901','tanja.luznik1@gmail.com',6,'Tanja Lužnik','','Selo 28','','Žirovnica','4274','','Slovenija',6,'Tanja Lužnik','','Selo 28','','Žirovnica','4274','','Slovenija',6,'Plačilo po povzetju','','','','','2017-01-04 12:35:13','2016-12-30 14:04:08',3,NULL,'EUR',1.000000),(452,472,'Mirko Blažič','','Cesta treh talcev 28','','kamnik','1240','','Slovenija','040165715','Mblazic28@gmail.com',6,'Mirko Blažič','','Cesta treh talcev 28','','kamnik','1240','','Slovenija',6,'Mirko Blažič','','Cesta treh talcev 28','','kamnik','1240','','Slovenija',6,'Plačilo po povzetju','','','','','2016-12-20 12:46:01','2016-12-17 00:00:53',3,NULL,'EUR',1.000000),(453,447,'Rok Spanring','','Ul. Milke Volk 47','','Orehova Vas','2312','','Slovenija','030345038','Rok.spanring@gmail.com',6,'Rok Spanring','','Ul. Milke Volk 47','','Orehova Vas','2312','','Slovenija',6,'Rok Spanring','','Ul. Milke Volk 47','','Orehova Vas','2312','','Slovenija',6,'Plačilo po povzetju','','','','','2016-12-21 13:44:34','2016-12-18 14:34:02',3,NULL,'EUR',1.000000),(454,473,'Karmen Bencik','','BREZNIKOVA CESTA 61A, IHAN','','Domžale','1230','','Slovenija','041786923','bencik.karmen@siol.net',6,'Karmen Bencik','','BREZNIKOVA CESTA 61A, IHAN','','Domžale','1230','','Slovenija',6,'Karmen Bencik','','BREZNIKOVA CESTA 61A, IHAN','','Domžale','1230','','Slovenija',6,'Plačilo po povzetju','','','','','2016-12-24 06:12:36','2016-12-20 23:22:34',3,NULL,'EUR',1.000000),(455,474,'TADEJA OBRADOVIČ','','ŠKRJANČEVO 102','','RADOMLJE','1235','','Slovenija','0410/771-200','tadeja_o@yahoo.com',6,'TADEJA OBRADOVIČ','','ŠKRJANČEVO 102','','RADOMLJE','1235','','Slovenija',6,'TADEJA OBRADOVIČ','','ŠKRJANČEVO 102','','RADOMLJE','1235','','Slovenija',6,'Plačilo po povzetju','','','','','2016-12-28 11:43:16','2016-12-23 12:04:01',3,NULL,'EUR',1.000000),(469,491,'Marcel Kukovec','','Zgornja Kungota 13g','','Zgornja Kungota','2201','','Slovenija','067762783645','marcel.kukovec@gmail.com',6,'Marcel Kukovec','','Zgornja Kungota 13g','','Zgornja Kungota','2201','','Slovenija',6,' ','','','','','','','',0,'Plačilo po povzetju','','','','','2020-05-16 09:08:06','2020-05-08 11:49:57',3,NULL,'EUR',1.000000),(470,492,'Miha Podbevšek','Miha Podbevšek s.p.','Špruha 4','','Trzin','1236','','Slovenija','051 605 610','mpodbev@yahoo.com',6,'Miha Podbevšek','Miha Podbevšek s.p.','Špruha 4','','Trzin','1236','','Slovenija',6,' ','','','','','','','',0,'Plačilo po povzetju','','','','','2020-05-22 12:40:24','2020-05-18 12:56:30',3,NULL,'EUR',1.000000),(458,478,'jasko kambur','JAC, Jasko Kambur s.p.','kotlje 195','','kotlje','2394','','Slovenija','031638183','jac@siol.net',6,'jasko kambur','JAC, Jasko Kambur s.p.','kotlje 195','','kotlje','2394','','Slovenija',6,'jasko kambur','JAC, Jasko Kambur s.p.','kotlje 195','','kotlje','2394','','Slovenija',6,'Plačilo po povzetju','','','','','2017-01-19 10:34:59','2017-01-12 00:08:30',3,NULL,'EUR',1.000000),(459,434,'TINA KOŠENINA','','CANKARJEVA 23','','KAMNIK','1241','','Slovenija','031346956','tinakosenina@gmail.com',6,'TINA KOŠENINA','','CANKARJEVA 23','','KAMNIK','1241','','Slovenija',6,'TINA KOŠENINA','','CANKARJEVA 23','','KAMNIK','1241','','Slovenija',6,'Plačilo po povzetju','','','','','2017-01-19 09:32:00','2017-01-12 20:15:03',3,NULL,'EUR',1.000000),(460,479,'Nusa Hocevar','','Selo 18','','Žirovnica','4274','','Slovenija','031811808','nusa.augustin@telemach.net',6,'Nusa Hocevar','','Selo 18','','Žirovnica','4274','','Slovenija',6,'Nusa Hocevar','','Selo 18','','Žirovnica','4274','','Slovenija',6,'Plačilo po povzetju','','','','','2017-01-24 10:29:50','2017-01-19 15:23:43',3,NULL,'EUR',1.000000),(461,480,'Luka Mohar','','Kuclerjeva ulica 1','','Vrhnika','1360','','Slovenija','031201302','mohar.luka@gmail.com',6,'Luka Mohar','','Kuclerjeva ulica 1','','Vrhnika','1360','','Slovenija',6,'Luka Mohar','','Kuclerjeva ulica 1','','Vrhnika','1360','','Slovenija',6,'Plačilo po povzetju','','','','','2017-01-30 09:59:02','2017-01-23 15:51:05',3,NULL,'EUR',1.000000),(462,481,'RUDI KLARIČ','','PODGOZD 5','','IG','1292','','Slovenija','041 419 277','ester.k@siol.net',6,'RUDI KLARIČ','','PODGOZD 5','','IG','1292','','Slovenija',6,'RUDI KLARIČ','','PODGOZD 5','','IG','1292','','Slovenija',6,'Plačilo po povzetju','','','','','2017-02-04 06:30:22','2017-02-01 09:18:37',3,NULL,'EUR',1.000000),(463,483,'Sara Zalezina','','Zabukovje nad Sevnico 69','','Zabukovje','8292','','Slovenija','051824306','sara.zalezina@gmail.com',6,'Dejan Romih','','Mrzla planina 45','','Zabukovje','8292','','Slovenija',6,'Sara Zalezina','','Zabukovje nad Sevnico 69','','Zabukovje','8292','','Slovenija',6,'Plačilo po povzetju','','','','','2017-02-27 10:56:33','2017-02-21 11:40:06',3,NULL,'EUR',1.000000),(464,484,'Jasmina Strnad','','Podpeč 17','','Videm-Dobrepolje','1312','','Slovenija','031494476','lahkosemsrce@gmail.com',6,'Jasmina Strnad','Onkološki inštitut Ljubjana','Zaloška 2','','Ljubljana','1000','','Slovenija',6,'Jasmina Strnad','','Podpeč 17','','Videm-Dobrepolje','1312','','Slovenija',6,'Plačilo po povzetju','','','','','2017-02-24 11:02:28','2017-02-21 19:08:20',3,NULL,'EUR',1.000000),(471,493,'Tina Tajner','','Litijska cesta 300g','','Ljubljana Dobrunje','1261','','Slovenija','051 623 333','tina.tajner@gmail.com',6,'Tina Tajner','','Litijska cesta 300g','','Ljubljana Dobrunje','1261','','Slovenija',6,' ','','','','','','','',0,'Plačilo po povzetju','','','','','2020-05-23 09:40:24','2020-05-22 07:35:36',3,NULL,'EUR',1.000000),(466,434,'TINA KOŠENINA','','CANKARJEVA 23','','KAMNIK','1241','','Slovenija','031346956','tinakosenina@gmail.com',6,'TINA KOŠENINA','','CANKARJEVA 23','','KAMNIK','1241','','Slovenija',6,'TINA KOŠENINA','','CANKARJEVA 23','','KAMNIK','1241','','Slovenija',6,'Plačilo po povzetju','','','','','2017-03-08 09:55:30','2017-03-05 08:21:01',3,NULL,'EUR',1.000000),(467,487,'Tinkara Roza Kosi','','Goriška 22','','Maribor','2000','','Slovenija','030 420 325','kosi.tinkara18@gmail.com',6,'Tinkara Roza Kosi','','Goriška 22','','Maribor','2000','','Slovenija',6,' ','','','','','','','',0,'Plačilo po povzetju','','','','','2020-05-04 09:08:05','2020-04-21 14:33:47',3,NULL,'EUR',1.000000),(468,488,'MARKO FERK','','glavni trg 24','','Maribor','2000','','Slovenija','041540421','ferkluka1@gmail.com',6,'MARKO FERK','','glavni trg 24','','Maribor','2000','','Slovenija',6,' ','','','','','','','',0,'Plačilo po povzetju','','','','','2020-04-30 12:35:33','2020-04-27 20:45:44',3,NULL,'EUR',1.000000),(472,492,'Miha Podbevšek','Miha Podbevšek s.p.','Špruha 4','','Trzin','1236','','Slovenija','051 605 610','mpodbev@yahoo.com',6,'Miha Podbevšek','Miha Podbevšek s.p.','Špruha 4','','Trzin','1236','','Slovenija',6,' ','','','','','','','',0,'Plačilo po povzetju','','','','','2020-05-27 09:14:22','2020-05-25 16:18:08',3,NULL,'EUR',1.000000),(475,387,'polona gungl','','zg. velka 82h','','zg. velka','2213','','Slovenija','031 705 787','polona.9@hotmail.com',6,'POLONA GUNGL','','VRATJI VRH 2','','APAČE','9253 APAČE','','Slovenija',6,'POLONA GUNGL','','VRATJI VRH 2','','APAČE','9253 APAČE','','Slovenija',6,'Plačilo po povzetju','','','','','2020-06-26 11:32:48','2020-06-19 20:21:18',3,NULL,'EUR',1.000000),(474,494,'PETRA CERAR','','LJUBLLJANSKA 24','','DOMŽALE','1230','','Slovenija','031379230','petra.cerar01@gmail.com',6,'PETRA CERAR','','LJUBLLJANSKA 24','','DOMŽALE','1230','','Slovenija',6,' ','','','','','','','',0,'Plačilo po povzetju','','','','','2020-06-18 09:24:09','2020-06-15 10:05:51',3,NULL,'EUR',1.000000),(476,495,'Janja Kranjc','','Maistrova 6','','Brežice','8250','','Slovenija','041 945 937','janja.kranjc777@gmail.com',6,'Janja Kranjc','','Maistrova 6','','Brežice','8250','','Slovenija',6,' ','','','','','','','',0,'Plačilo po povzetju','','','','','2020-06-30 12:24:52','2020-06-23 08:38:09',3,NULL,'EUR',1.000000),(477,496,'Vinko Kavčič','','Vojsko 12','','Koprivnica','8282','','Slovenija','040456851','vinko.ekavcic@siol.net',6,'Vinko Kavčič','','Vojsko 12','','Koprivnica','8282','','Slovenija',6,' ','','','','','','','',0,'Plačilo po povzetju','','','','','2020-07-03 10:05:33','2020-06-26 17:20:48',3,NULL,'EUR',1.000000),(478,497,'Elizabeta Praprotnik','','Ročevnica 10','','Tržič','4290','','Slovenija','041 821 140','gorenjka2@gmail.com',6,'Elizabeta Praprotnik','','Ročevnica 10','','Tržič','4290','','Slovenija',6,' ','','','','','','','',0,'Plačilo po povzetju','','','','','2020-07-14 10:18:42','2020-07-03 11:11:48',3,NULL,'EUR',1.000000),(479,498,'Joze Kosmrl','','Trata IX/9, Slovenija','','Kocevje','1330','','Slovenija','040655055','joze.kosmrl@gmail.com',6,'Joze Kosmrl','','Trata IX/9, Slovenija','','Kocevje','1330','','Slovenija',6,' ','','','','','','','',0,'Plačilo po povzetju','','','','','2020-07-24 14:58:37','2020-07-18 10:15:19',3,NULL,'EUR',1.000000),(480,499,'jaša kramaršič','','Zgornja javoršica 56','','moravče','1251','','Slovenija','031392710','zvrck@yahoo.com',6,'jaša kramaršič','','Zgornja javoršica 56','','moravče','1251','','Slovenija',6,' ','','','','','','','',0,'Plačilo po povzetju','','','','','2020-08-21 10:59:31','2020-08-17 22:32:49',3,NULL,'EUR',1.000000),(482,502,'Herta Oresic','','Gosposvetska 3','','Maribor','2000','','Slovenija','041798574','herta.oresic15@gmail.com',6,'Herta Oresic','','Gosposvetska 3','','Maribor','2000','','Slovenija',6,' ','','','','','','','',0,'Plačilo po povzetju','','','','','2020-09-15 09:44:12','2020-09-08 16:02:37',3,NULL,'EUR',1.000000),(483,505,'Milena Škrabl','','Goriška 6','','Maribor','2000','','Slovenija','041673023','mojcy32@gmail.com',6,'Albin Škrabl','','Goriška 6','','Maribor','2000','','Slovenija',6,'Albin Škrabl','','Goriška 6','','Maribor','2000','','Slovenija',6,'Plačilo po povzetju','','','','','2020-09-29 09:10:47','2020-09-23 16:28:24',3,NULL,'EUR',1.000000),(484,496,'Vinko Kavčič','','Vojsko 12','','Koprivnica','8282','','Slovenija','040456851','vinko.ekavcic@siol.net',6,'Vinko Kavčič','','Vojsko 12','','Koprivnica','8282','','Slovenija',6,' ','','','','','','','',0,'Plačilo po povzetju','','','','','2020-10-09 09:32:16','2020-10-05 12:49:08',3,NULL,'EUR',1.000000),(485,492,'Miha Podbevšek','Miha Podbevšek s.p.','Špruha 4','','Trzin','1236','','Slovenija','051 605 610','mpodbev@yahoo.com',6,'Miha Podbevšek','Miha Podbevšek s.p.','Špruha 4','','Trzin','1236','','Slovenija',6,' ','','','','','','','',0,'Plačilo po povzetju','','','','','2020-10-12 17:46:18','2020-10-09 12:24:03',3,NULL,'EUR',1.000000),(486,506,'Petra Rozman','','Besnica 56','','Ljubljana','1000','','Slovenija','031345601','petra.rozi@gmail.com',6,'Petra Rozman','','Besnica 56','','Ljubljana','1000','','Slovenija',6,' ','','','','','','','',0,'Plačilo po povzetju','','','','','2020-10-16 09:02:07','2020-10-09 18:48:34',3,NULL,'EUR',1.000000),(487,492,'Miha Podbevšek','Miha Podbevšek s.p.','Špruha 4','','Trzin','1236','','Slovenija','051 605 610','mpodbev@yahoo.com',6,'Miha Podbevšek','Miha Podbevšek s.p.','Špruha 4','','Trzin','1236','','Slovenija',6,' ','','','','','','','',0,'Plačilo po povzetju','','','','','2020-10-16 09:36:08','2020-10-15 12:11:44',3,NULL,'EUR',1.000000),(488,507,'Katarina Hafner','','Dražgoška ulica 14','','Ljubljana','1000','','Slovenija','040398530','katarinahafner27@gmail.com',6,'Katarina Hafner','','Dražgoška ulica 14','','Ljubljana','1000','','Slovenija',6,' ','','','','','','','',0,'Plačilo po povzetju','','','','','2020-10-15 15:44:31','2020-10-15 12:36:44',3,NULL,'EUR',1.000000),(489,509,'Tjasa Fidler Jasnic','Alumatik d.o.o.','Mokrska, 51f','','Ljubljana','1000','','Slovenija','031702771','tjasa.fidler@alumatik.si',6,'Tjasa Fidler Jasnic','Alumatik d.o.o.','Mokrska, 51f','','Ljubljana','1000','','Slovenija',6,' ','','','','','','','',0,'Plačilo po povzetju','','','','','2020-10-21 14:02:46','2020-10-20 19:40:36',3,NULL,'EUR',1.000000),(491,516,'Gregor Gregorc','LGM d.o.o.','Gorenjska cesta 20','','Mengeš','1234','','Slovenija','041782141','gregor.gregorc@lgm.si',6,'Gregor Gregorc','','Utik 53','','Vodice','1217','','Slovenija',6,' ','','','','','','','',0,'Plačilo po povzetju','','','','','2020-11-06 12:18:03','2020-11-02 20:37:51',3,NULL,'EUR',1.000000);

--
